{"id":7797,"date":"2019-10-14T14:38:09","date_gmt":"2019-10-14T19:38:09","guid":{"rendered":"https:\/\/www.oaxaca.gob.mx\/ieepo\/?page_id=7797"},"modified":"2024-06-04T20:37:55","modified_gmt":"2024-06-05T02:37:55","slug":"oferta-academica","status":"publish","type":"page","link":"https:\/\/www.oaxaca.gob.mx\/ieepo\/oferta-academica\/","title":{"rendered":"Oferta Acad\u00e9mica"},"content":{"rendered":"<p><b style=\"font-weight: bold\">Profesionalizaci\u00f3n docente<\/b><\/p>\n<div class=\"row\">\n<div class=\"col-md-6\">\n<p><a class=\"text-center\" href=\"\/ieepo\/lenguaje-y-comunicacion-2\/\" rel=\"noopener\"><img loading=\"lazy\" decoding=\"async\" class=\"img-responsive rounded mx-auto d-block\" src=\"\/ieepo\/wp-content\/uploads\/sites\/75\/2019\/09\/logo-lenguaje-comunicacion.png\" alt=\"lenguajes\" width=\"130\" height=\"130\" \/><\/a><\/p>\n<p class=\"text-center\" style=\"font-weight: bold\"><strong>Lenguajes<\/strong>.<\/p>\n<p>Promover estrategias de fomento a la lectura y escritura con las ni\u00f1as, ni\u00f1os y adolescentes, que contribuya al desarrollo de sus habilidades comunicativas.<\/p>\n<\/div>\n<div class=\"col-md-6\">\n<p><a class=\"text-center\" href=\"\/ieepo\/pensamiento-matematico-2\/\" rel=\"noopener\"><img loading=\"lazy\" decoding=\"async\" class=\"img-responsive rounded mx-auto d-block\" src=\"\/ieepo\/wp-content\/uploads\/sites\/75\/2019\/09\/logo-pensamiento-matematico.png\" alt=\"Pensamiento matem\u00e1tico\" width=\"130\" height=\"130\" \/><\/a><\/p>\n<p class=\"text-center\" style=\"font-weight: bold\"><strong>Pensamiento matem\u00e1tico<\/strong><\/p>\n<p>Favorecer el desarrollado de las habilidades en la ense\u00f1anza de las matem\u00e1ticas en la educaci\u00f3n primaria por medio de estrategias l\u00fadicas, que favorezcan la mejora de los aprendizajes.<\/p>\n<\/div>\n<\/div>\n<div class=\"row\">\n<div class=\"col-md-6\">\n<p><a class=\"text-center\" href=\"\/ieepo\/planeacion\/\" rel=\"noopener noreferrer\"><img loading=\"lazy\" decoding=\"async\" class=\"img-responsive rounded mx-auto d-block\" src=\"\/ieepo\/wp-content\/uploads\/sites\/75\/2019\/09\/logo-planeacion.png\" alt=\"Planeaci\u00f3n\" width=\"130\" height=\"130\" \/><\/a><\/p>\n<p class=\"text-center\" style=\"font-weight: bold\"><strong>Planeaci\u00f3n<\/strong><\/p>\n<p>Reflexionar sobre los procesos de ense\u00f1anza y aprendizaje en contextos diversos, para garantizar una educaci\u00f3n inclusiva con equidad, por medio de estrategias de an\u00e1lisis y reflexi\u00f3n docente.<\/p>\n<\/div>\n<div class=\"col-md-6\">\n<p><a class=\"text-center\" href=\"\/ieepo\/evaluacion\/\" rel=\"noopener\"><img loading=\"lazy\" decoding=\"async\" class=\"img-responsive rounded mx-auto d-block\" src=\"\/ieepo\/wp-content\/uploads\/sites\/75\/2019\/09\/logo-evaluacion.png\" alt=\"Evaluaci\u00f3n\" width=\"130\" height=\"130\" \/><\/a><\/p>\n<p class=\"text-center\" style=\"font-weight: bold\"><strong>Evaluaci\u00f3n<\/strong><\/p>\n<p>Favorecer el uso de una evaluaci\u00f3n formativa para el desarrollo de los aprendizajes, por medio de estrategias, t\u00e9cnicas e instrumentos de evaluaci\u00f3n.<\/p>\n<\/div>\n<\/div>\n<div class=\"row\">\n<div class=\"col-md-6\">\n<p><a class=\"text-center\" href=\"\/ieepo\/organizacion-escolar\/\" rel=\"noopener noreferrer\"><img loading=\"lazy\" decoding=\"async\" class=\"img-responsive rounded mx-auto d-block\" src=\"\/ieepo\/wp-content\/uploads\/sites\/75\/2019\/09\/logo-organizacion-escolar.png\" alt=\"Organizaci\u00f3n escolar\" width=\"130\" height=\"130\" \/><\/a><\/p>\n<p class=\"text-center\" style=\"font-weight: bold\"><strong>Organizaci\u00f3n escolar<\/strong><\/p>\n<p>Asesorar y acompa\u00f1ar a los colectivos docentes en la organizaci\u00f3n y funcionamiento escolar,  que contribuya a la mejora de los aprendizajes de las y los estudiantes.\n<\/p><\/div>\n<div class=\"col-md-6\">\n<p><a class=\"text-center\" href=\"https:\/\/www.oaxaca.gob.mx\/ieepo\/artes\/\" rel=\"noopener\"><img loading=\"lazy\" decoding=\"async\" class=\"img-responsive rounded mx-auto d-block\" src=\"https:\/\/www.oaxaca.gob.mx\/ieepo\/wp-content\/uploads\/sites\/75\/2024\/05\/artes.png\" alt=\"Artes\" width=\"130\" height=\"130\" \/><\/a><\/p>\n<p class=\"text-center\" style=\"font-weight: bold\"><strong>Artes<\/strong><\/p>\n<p>Promover la integraci\u00f3n de diferentes t\u00e9cnicas art\u00edsticas en el proceso de ense\u00f1anza \u2013 aprendizaje.<\/p>\n<\/div>\n<\/div>\n<div class=\"row\">\n<div class=\"col-md-6\">\n<p><a class=\"text-center\" href=\"https:\/\/www.oaxaca.gob.mx\/ieepo\/intervencion-con-el-alumnado\/\" rel=\"noopener noreferrer\"><img loading=\"lazy\" decoding=\"async\" class=\"img-responsive rounded mx-auto d-block\" src=\"https:\/\/www.oaxaca.gob.mx\/ieepo\/wp-content\/uploads\/sites\/75\/2024\/05\/intervencion-con-el-alumnado.png\" alt=\"Intervenci\u00f3n con el alumnado\" width=\"130\" height=\"130\" \/><\/a><\/p>\n<p class=\"text-center\" style=\"font-weight: bold\"><strong>Intervenci\u00f3n con el alumnado<\/strong><\/p>\n<p>Desarrollar actividades de participaci\u00f3n e integraci\u00f3n con el alumnado que permita que los ni\u00f1os, ni\u00f1as y adolescentes se expresen, convivan y fortalezcan sus aprendizajes.\n<\/p><\/div>\n<div class=\"col-md-6\"><\/div>\n<\/div>\n<p><b style=\"font-weight: bold\">Requisitos para solicitar los talleres:<\/b><\/p>\n<ul class=\"listas-geo\">\n<li>\nSolicitud dirigida al Ing. Luis Ren\u00e9 Ter\u00e1n Matus, Titular de la Unidad de Educaci\u00f3n Primaria.<\/li>\n<li>\nEspecificar en la solicitud la sede, d\u00edas del taller, horario, as\u00ed como n\u00famero de escuelas, docentes y alumnos a atender.<\/li>\n<\/ul>\n<p>Para m\u00e1s informaci\u00f3n, comunicarse al tel\u00e9fono 951 511 45 96 del Departamento T\u00e9cnico Pedag\u00f3gico de la Unidad de Educaci\u00f3n Primaria, as\u00ed como al correo electr\u00f3nico uepacademica@gmail.com<\/li>\n<\/ul>\n","protected":false},"excerpt":{"rendered":"excerpt","protected":false},"author":1,"featured_media":0,"parent":0,"menu_order":0,"comment_status":"closed","ping_status":"closed","template":"","meta":{"episode_type":"","audio_file":"","podmotor_file_id":"","podmotor_episode_id":"","cover_image":"","cover_image_id":"","duration":"","filesize":"","filesize_raw":"","date_recorded":"","explicit":"","block":"","footnotes":""},"categories":[],"tags":[],"class_list":["post-7797","page","type-page","status-publish","hentry"],"acf":[],"publishpress_future_action":{"enabled":false,"date":"2026-05-11 07:42:33","action":"change-status","newStatus":"draft","terms":[],"taxonomy":"category","extraData":[]},"publishpress_future_workflow_manual_trigger":{"enabledWorkflows":[]},"_links":{"self":[{"href":"https:\/\/www.oaxaca.gob.mx\/ieepo\/wp-json\/wp\/v2\/pages\/7797","targetHints":{"allow":["GET"]}}],"collection":[{"href":"https:\/\/www.oaxaca.gob.mx\/ieepo\/wp-json\/wp\/v2\/pages"}],"about":[{"href":"https:\/\/www.oaxaca.gob.mx\/ieepo\/wp-json\/wp\/v2\/types\/page"}],"author":[{"embeddable":true,"href":"https:\/\/www.oaxaca.gob.mx\/ieepo\/wp-json\/wp\/v2\/users\/1"}],"replies":[{"embeddable":true,"href":"https:\/\/www.oaxaca.gob.mx\/ieepo\/wp-json\/wp\/v2\/comments?post=7797"}],"version-history":[{"count":3,"href":"https:\/\/www.oaxaca.gob.mx\/ieepo\/wp-json\/wp\/v2\/pages\/7797\/revisions"}],"predecessor-version":[{"id":33346,"href":"https:\/\/www.oaxaca.gob.mx\/ieepo\/wp-json\/wp\/v2\/pages\/7797\/revisions\/33346"}],"wp:attachment":[{"href":"https:\/\/www.oaxaca.gob.mx\/ieepo\/wp-json\/wp\/v2\/media?parent=7797"}],"wp:term":[{"taxonomy":"category","embeddable":true,"href":"https:\/\/www.oaxaca.gob.mx\/ieepo\/wp-json\/wp\/v2\/categories?post=7797"},{"taxonomy":"post_tag","embeddable":true,"href":"https:\/\/www.oaxaca.gob.mx\/ieepo\/wp-json\/wp\/v2\/tags?post=7797"}],"curies":[{"name":"wp","href":"https:\/\/api.w.org\/{rel}","templated":true}]}}