{"id":76,"date":"2018-08-20T05:23:45","date_gmt":"2018-08-20T05:23:45","guid":{"rendered":"https:\/\/www.oaxaca.gob.mx\/ieepo\/portal\/?page_id=76"},"modified":"2023-01-05T14:54:54","modified_gmt":"2023-01-05T20:54:54","slug":"preguntas-frecuentes","status":"publish","type":"page","link":"https:\/\/www.oaxaca.gob.mx\/ieepo\/preguntas-frecuentes\/","title":{"rendered":"Preguntas Frecuentes"},"content":{"rendered":"<h3><strong>\u00bfC\u00f3mo puedo solicitar mobiliario para mi escuela?<\/strong><\/h3>\n<p>El tr\u00e1mite corresponde al Departamento de Programaci\u00f3n y Presupuesto del IEEPO y relacionado al FAM (Fondo de aportaciones M\u00faltiples), es necesario solicitarlo a trav\u00e9s de un oficio dirigido al Director de Planeaci\u00f3n Educativa, con un texto libre, incluyendo los siguientes datos:<\/p>\n<ol class=\"list-num\">\n<li>Nombre de la escuela<\/li>\n<li>Clave de la escuela<\/li>\n<li>N\u00fam. de alumnos<\/li>\n<li>Evidencia fotogr\u00e1fica<\/li>\n<li>Nombre del director<\/li>\n<li>N\u00famero telef\u00f3nico<\/li>\n<li>Correo electr\u00f3nico<\/li>\n<\/ol>\n<h3><strong>\u00bfC\u00f3mo tramitar la constancia de historial acad\u00e9mico de Educaci\u00f3n Primaria o Secundaria?<\/strong><\/h3>\n<p>El tr\u00e1mite es personal y corresponde al Departamento de Registro y Certificaci\u00f3n del IEEPO.<br \/>\n<a href=\"https:\/\/transparencia.ieepo.gob.mx\/TRAMITES\/DPE\/01008.-Historial-academico.pdf\" target=\"_blank\" rel=\"noopener noreferrer\"><strong>Requisitos:<i class=\"far fa-file-pdf fa-2x\">\u00a0<\/i><\/strong><\/a><\/p>\n<ol class=\"list-num\">\n<li> Acta de nacimiento<\/li>\n<li>CURP del (RENAPO)<\/li>\n<li> Identificaci\u00f3n oficial del tutor<\/li>\n<\/ol>\n<h3><strong>\u00bfC\u00f3mo tramitar el duplicado de certificado de primaria?<\/strong><\/h3>\n<p>Para este tr\u00e1mite es necesario generar una l\u00ednea de captura para un pago de derecho en el portal de la Secretar\u00eda de Finanzas de Gobierno del Estado <a href=\"https:\/\/www.finanzasoaxaca.gob.mx\/\" target=\"_blank\" rel=\"noopener noreferrer\">www.finanzasoaxaca.gob.mx<\/a>, Clave 3JAAAH001, siguiendo los siguientes pasos:<\/p>\n<ol class=\"list-num\">\n<li> Servicios en l\u00ednea<\/li>\n<li>Educativos<\/li>\n<li>Derechos<\/li>\n<li>Derechos por prestaci\u00f3n de servicios educativos<\/li>\n<li>Instituto Estatal de Educaci\u00f3n P\u00fablica de Oaxaca<\/li>\n<li>Servicios Educativos Instituto Estatal de Educaci\u00f3n P\u00fablica de Oaxaca, calcular presupuesto, captura de datos y l\u00ednea de captura<\/li>\n<\/ol>\n<p><a href=\"https:\/\/transparencia.ieepo.gob.mx\/TRAMITES\/DPE\/01002.-Certificado-primaria(Duplicado).pdf\" target=\"_blank\" rel=\"noopener noreferrer\"> <strong>Requisitos:<\/strong><i class=\"far fa-file-pdf fa-2x\">\u00a0<\/i><\/a><br \/>\n<strong>DOCUMENTOS ORIGINALES<\/strong><\/p>\n<ul class=\"listas-geo\">\n<li>Original y copia de la solicitud requisitada (La proporciona el departamento)<\/li>\n<li>Comprobante original de pago de derechos<\/li>\n<\/ul>\n<p><strong>COPIAS FOTOST\u00c1TICAS DE LOS SIGUIENTES DOCUMENTOS<\/strong><\/p>\n<ul class=\"listas-geo\">\n<li>Acta de nacimiento<\/li>\n<li>Constancia de la Clave \u00fanica de Registro de Poblaci\u00f3n CURP del (RENAPO)<\/li>\n<li>Certificado de terminaci\u00f3n de estudios de educaci\u00f3n primaria, en caso de contar con una copia.<\/li>\n<li>Identificaci\u00f3n oficial de quien realice el tr\u00e1mite (INE, LICENCIA DE MANEJO O CARTILLA)<\/li>\n<\/ul>\n<h3><strong>\u00bfC\u00f3mo tramitar el duplicado de certificado de secundaria?<\/strong><\/h3>\n<p>Para este tr\u00e1mite es necesario generar una l\u00ednea de captura para un pago de derecho en el portal de la Secretar\u00eda de Finanzas de Gobierno del Estado <a href=\"https:\/\/www.finanzasoaxaca.gob.mx\/\" target=\"_blank\" rel=\"noopener noreferrer\"> www.finanzasoaxaca.gob.mx<\/a>, Clave 3JAAA1001, siguiendo los siguientes pasos:<\/p>\n<ol class=\"list-num\">\n<li>Servicios en l\u00ednea<\/li>\n<li>Educativos<\/li>\n<li>Derechos<\/li>\n<li>Derechos por prestaci\u00f3n de servicios educativos<\/li>\n<li>Instituto Estatal de Educaci\u00f3n P\u00fablica de Oaxaca<\/li>\n<li>Servicios Educativos Instituto Estatal de Educaci\u00f3n P\u00fablica de Oaxaca, calcular presupuesto, captura de datos y l\u00ednea de captura<\/li>\n<\/ol>\n<p><a href=\"https:\/\/transparencia.ieepo.gob.mx\/TRAMITES\/DPE\/01003.-Certificado-secundaria(Duplicado).pdf\" target=\"_blank\" rel=\"noopener noreferrer\"><strong>Requisitos:<i class=\"far fa-file-pdf fa-2x\">\u00a0<\/i><\/strong><\/a><br \/>\n<strong>DOCUMENTOS ORIGINALES<\/strong><br \/>\n\u2022 Original y copia de la solicitud requisitada (La proporciona el departamento)<br \/>\n\u2022 Comprobante original de pago de derechos<\/p>\n<p><strong>COPIAS FOTOST\u00c1TICAS DE LOS SIGUIENTES DOCUMENTOS<\/strong><\/p>\n<ol class=\"list-num\">\n<li>Acta de Nacimiento<\/li>\n<li>Constancia de la Clave \u00fanica de Registro de Poblaci\u00f3n CURP del (RENAPO)<\/li>\n<li>Certificado de terminaci\u00f3n de estudios de educaci\u00f3n primaria<\/li>\n<li>Certificado de Educaci\u00f3n Secundaria, (en caso de contar con una copia).<\/li>\n<li>Identificaci\u00f3n Oficial de quien realice el tr\u00e1mite (INE, licencia de manejo o cartilla militar)<\/li>\n<\/ol>\n<h3><strong>\u00bfC\u00f3mo puedo tramitar la autorizaci\u00f3n para Escuelas Particulares?<\/strong><\/h3>\n<p>El tr\u00e1mite corresponde directamente al Departamento de Integraci\u00f3n Documental del IEEPO.<br \/>\n<a href=\"https:\/\/www.oaxaca.gob.mx\/ieepo\/tramites\/\" target=\"_blank\" rel=\"noopener noreferrer\"><strong>Requisitos:<i class=\"far fa-file-pdf fa-2x\">\u00a0<\/i><\/strong><\/a><\/p>\n<ol class=\"list-num\">\n<li>Contar con inmueble que cumpla con las caracter\u00edsticas<\/li>\n<li>Dictamen Estructural y de funcionalidad firmado por un DRO<\/li>\n<li>Contar con Recursos Humanos con c\u00e9dula profesional<\/li>\n<li>Acta constitutiva notariada<\/li>\n<\/ol>\n<p><strong>NOTA:<\/strong> Consultar el acuerdo 243, por el que se establecen las bases generales de autorizaci\u00f3n y reconocimiento de validez oficial de estudios para escuelas particulares, para mayor informaci\u00f3n, se sugiere visitar el Departamento de Integraci\u00f3n Documental.<\/p>\n<h3><strong>\u00bfC\u00f3mo descargar mis comprobantes de pago (talones)?<\/strong><\/h3>\n<p>El proceso es personal y sencillo en los siguientes Portales:<br \/>\n1._<a href=\"\/ieepo\/\" target=\"_blank\" rel=\"noopener noreferrer\"> www.oaxaca.gob.mx\/ieepo\/<\/a>, en el apartado de <a href=\"https:\/\/www.serviciosenlinea.ieepo.gob.mx\/\" target=\"_blank\" rel=\"noopener noreferrer\">Servicios en l\u00ednea<\/a>, siguiendo los siguientes pasos.<\/p>\n<ul class=\"listas-geo\">\n<li>Dale un click en registrarse<\/li>\n<li>Formulario de registro<\/li>\n<\/ul>\n<p><strong>REQUISITA LOS SIGUIENTES CAMPOS<\/strong><\/p>\n<ul class=\"listas-geo\">\n<li>Anota tu R.F.C<\/li>\n<li>Registra un N\u00fam. del \u00faltimo comprobante de pago o cheque<\/li>\n<li>Nombre del usuario<\/li>\n<li>Correo electr\u00f3nico<\/li>\n<li>Confirma tu correo electr\u00f3nico<\/li>\n<li>Anota una contrase\u00f1a que te sea f\u00e1cil de recordar<\/li>\n<li>Confirma tu contrase\u00f1a<\/li>\n<li>Anota un n\u00fam. tel\u00e9fono (opcional)<\/li>\n<li>Anota un n\u00famero de tel\u00e9fono celular<\/li>\n<li>Dale click en aviso de confidencialidad<\/li>\n<li>Ahora dale click en registrarse<\/li>\n<li>Dale la opci\u00f3n de regresar<\/li>\n<\/ul>\n<p>Listo, has realizado de manera exitosa tu registro, es el momento de ingresar al sistema y obtener tus comprobantes de pago a trav\u00e9s de la p\u00e1gina oficial del IEEPO.<br \/>\n2._ <a href=\"https:\/\/www.scsso.fone.sep.gob.mx\/authenticationendpoint\/login.do?SAMLRequest=jZNBc9owEIXv\/RUa3W3A0A5osDOUTFpm0tYFJ4dcOsJeJ5qRJVe7JvTfVzKm5ZBhcpV233v7abW8OTaaHcChsiblk3jMGZjSVso8p\/yhuIvm\/Cb7sETZ6FasOnoxW\/jdARJbIYIj37a2BrsG3A7cQZXwsL1P+QtRi2I0alRrHUkd19ZAjNDGz3YfN8cRZysip\/YdwanfGw4CG1PB0WdJpotk9nExW3B2Z10JvXvKa6kRONvcptyH3WAuEdUB\/l8gdl4DSRpKeTKezKPxPEqmxWQuxnMxTeLZ7NMTZ7mzZEurPytzmrZzRliJCoWRDaCgUuxW3+5FEo\/F\/lSE4mtR5FH+Y1dw9nimlgRqnqNB0XO6LtUOvjwbqPaB3fsF5Bk8z0J1EiPaL04qjb8alfe4l6NL6bPRdy+1uc2tVuUfttLavq4dSPLoyHXQU24kXTcPJ6qK6r5UtAEBEhjibJcH\/Z+d1KpW4FK+CTn56Ow+7A1U\/Tv6Ryc4ElvbppVOYeAIR1nSgEVcVq21n3kL9QWjdyO6WlaKMkj747BFr9ZVYSug9CkLJw2G5T2xfDNPdub85mz\/bi+\/TfYX&amp;issuer=saml2.ssoGrails_miPortal&amp;sessionDataKey=db1a4aa1-1367-4faf-a8e3-8d2ab680a5e2&amp;type=samlsso&amp;commonAuthCallerPath=..%2F..%2Fsamlsso&amp;forceAuthenticate=true\" target=\"_blank\" rel=\"noopener noreferrer\"> https:\/\/www.scsso.fone.sep.gob.mx<\/a>, realiza tu registro.<\/p>\n<p><strong>REQUISITA LOS SIGUIENTES CAMPOS<\/strong><\/p>\n<ul class=\"listas-geo\">\n<li>Ingresa tu CURP, en el apartado donde te solicita tu usuario<\/li>\n<li>Anota una contrase\u00f1a que te sea f\u00e1cil de recordar<\/li>\n<\/ul>\n<p>Listo, ha realizado de manera exitosa tu registro, es el momento de ingresar al sistema y obtener tus comprobantes de pago a trav\u00e9s de la p\u00e1gina oficial del FONE.<\/p>\n<h3><strong>\u00bfD\u00f3nde encuentro el Sistema de Control Escolar (SICEEO)?<\/strong><\/h3>\n<p>En el Portal Oficial del Instituto Estatal de Educaci\u00f3n P\u00fablica de Oaxaca en la siguiente liga:<br \/>\n<a href=\"\/ieepo\/sistemas-web-para-escuelas\/\" target=\"_blank\" rel=\"noopener noreferrer\"> Sistema Web para Escuelas<\/a><\/p>\n<h3><strong>\u00bfD\u00f3nde encuentro el Sistema de Estad\u00edstica de Inicio de Curso (911)?<\/strong><\/h3>\n<p>En el Portal Oficial del Instituto Estatal de Educaci\u00f3n P\u00fablica de Oaxaca en la siguiente liga:<br \/>\n<a href=\"\/ieepo\/sistemas-web-para-escuelas\/\" target=\"_blank\" rel=\"noopener noreferrer\"> Sistema Web para Escuelas<\/a><\/p>\n<h3><strong>\u00bfD\u00f3nde puedo encontrar las convocatorias vigentes?<\/strong><\/h3>\n<p>En el Portal Oficial del Instituto Estatal de Educaci\u00f3n P\u00fablica de Oaxaca en la siguiente liga:<br \/>\n<a href=\"\/ieepo\/convocatorias\/\" target=\"_blank\" rel=\"noopener noreferrer\">Convocatorias\/<\/a><\/p>\n","protected":false},"excerpt":{"rendered":"excerpt","protected":false},"author":1,"featured_media":0,"parent":0,"menu_order":0,"comment_status":"closed","ping_status":"closed","template":"","meta":{"episode_type":"","audio_file":"","podmotor_file_id":"","podmotor_episode_id":"","cover_image":"","cover_image_id":"","duration":"","filesize":"","filesize_raw":"","date_recorded":"","explicit":"","block":"","footnotes":""},"categories":[],"tags":[],"class_list":["post-76","page","type-page","status-publish","hentry"],"acf":[],"publishpress_future_action":{"enabled":false,"date":"2026-05-16 00:30:58","action":"change-status","newStatus":"draft","terms":[],"taxonomy":"category","extraData":[]},"publishpress_future_workflow_manual_trigger":{"enabledWorkflows":[]},"_links":{"self":[{"href":"https:\/\/www.oaxaca.gob.mx\/ieepo\/wp-json\/wp\/v2\/pages\/76","targetHints":{"allow":["GET"]}}],"collection":[{"href":"https:\/\/www.oaxaca.gob.mx\/ieepo\/wp-json\/wp\/v2\/pages"}],"about":[{"href":"https:\/\/www.oaxaca.gob.mx\/ieepo\/wp-json\/wp\/v2\/types\/page"}],"author":[{"embeddable":true,"href":"https:\/\/www.oaxaca.gob.mx\/ieepo\/wp-json\/wp\/v2\/users\/1"}],"replies":[{"embeddable":true,"href":"https:\/\/www.oaxaca.gob.mx\/ieepo\/wp-json\/wp\/v2\/comments?post=76"}],"version-history":[{"count":8,"href":"https:\/\/www.oaxaca.gob.mx\/ieepo\/wp-json\/wp\/v2\/pages\/76\/revisions"}],"predecessor-version":[{"id":28528,"href":"https:\/\/www.oaxaca.gob.mx\/ieepo\/wp-json\/wp\/v2\/pages\/76\/revisions\/28528"}],"wp:attachment":[{"href":"https:\/\/www.oaxaca.gob.mx\/ieepo\/wp-json\/wp\/v2\/media?parent=76"}],"wp:term":[{"taxonomy":"category","embeddable":true,"href":"https:\/\/www.oaxaca.gob.mx\/ieepo\/wp-json\/wp\/v2\/categories?post=76"},{"taxonomy":"post_tag","embeddable":true,"href":"https:\/\/www.oaxaca.gob.mx\/ieepo\/wp-json\/wp\/v2\/tags?post=76"}],"curies":[{"name":"wp","href":"https:\/\/api.w.org\/{rel}","templated":true}]}}