{"id":4832,"date":"2019-04-09T08:28:14","date_gmt":"2019-04-09T14:28:14","guid":{"rendered":"https:\/\/www.oaxaca.gob.mx\/ieepo\/portal\/?page_id=4832"},"modified":"2022-12-14T13:06:02","modified_gmt":"2022-12-14T19:06:02","slug":"centros-de-ensenanza-ocupacional","status":"publish","type":"page","link":"https:\/\/www.oaxaca.gob.mx\/ieepo\/centros-de-ensenanza-ocupacional\/","title":{"rendered":"Centros de ense\u00f1anza ocupacional"},"content":{"rendered":"<div class=\"row\">\r\n<div class=\"col-md-3 col-sm-3 col-xs-12\">\u00a0<\/div>\r\n<div class=\"col-md-6 col-sm-3 col-xs-12\"><div class=\"su-youtube su-u-responsive-media-yes\"><iframe loading=\"lazy\" width=\"600\" height=\"400\" src=\"https:\/\/www.youtube.com\/embed\/q0w0TCMVLiE?autohide=2&amp;autoplay=0&amp;mute=0&amp;controls=1&amp;fs=1&amp;loop=0&amp;modestbranding=0&amp;playlist=4s_dbsOc2o0%2CMLpZEvNqa9w%2Czd7tsTfwh3k%2CK1RRo-mas7Y%2CvESU8x1BxqU%2CcTEZzogmGsY&amp;rel=1&amp;showinfo=1&amp;theme=dark&amp;wmode=&amp;playsinline=0\" frameborder=\"0\" allowfullscreen allow=\"autoplay; encrypted-media; picture-in-picture\" title=\"\"><\/iframe><\/div><\/div>\r\n<\/div>\r\n\r\n<ul class=\"wp-block-list\">\r\n<li>Los Centros de Ense\u00f1anza Ocupacional (CEO\u2019S) formamos una instituci\u00f3n educativa p\u00fablica orientada a la formaci\u00f3n para el trabajo.<\/li>\r\n<li>Destinados a las personas adultas a partir de 15 a\u00f1os; y para los j\u00f3venes y ni\u00f1os a partir de 8 a\u00f1os.<\/li>\r\n<li>Somos una opci\u00f3n para diferentes grupos dentro de la sociedad oaxaque\u00f1a que por alguna raz\u00f3n no hayan terminado, o\u00a0 hayan dejado inconcluso, sus estudios b\u00e1sicos, media superior y superior, a\u00fan para aquellos que han ejercido una trayectoria laboral o para sentirse activos.<\/li>\r\n<\/ul>\r\n\r\n\r\n\r\n<figure class=\"wp-block-image\"><img loading=\"lazy\" decoding=\"async\" width=\"1024\" height=\"791\" class=\"wp-image-5192\" src=\"\/ieepo\/wp-content\/uploads\/sites\/75\/2019\/05\/Antecedentes-Hist\u00f3ricos-1024x791.jpg\" alt=\"\" srcset=\"https:\/\/www.oaxaca.gob.mx\/ieepo\/wp-content\/uploads\/sites\/75\/2019\/05\/Antecedentes-Hist\u00f3ricos-1024x791.jpg 1024w, https:\/\/www.oaxaca.gob.mx\/ieepo\/wp-content\/uploads\/sites\/75\/2019\/05\/Antecedentes-Hist\u00f3ricos-300x232.jpg 300w, https:\/\/www.oaxaca.gob.mx\/ieepo\/wp-content\/uploads\/sites\/75\/2019\/05\/Antecedentes-Hist\u00f3ricos-768x593.jpg 768w\" sizes=\"auto, (max-width: 1024px) 100vw, 1024px\" \/><\/figure>\r\n\r\n\r\n\r\n<p><strong style=\"font-weight: bold\">PROP\u00d3SITO<\/strong><\/p>\r\n\r\n\r\n\r\n<p>Brindar formaci\u00f3n para el trabajo a la poblaci\u00f3n de j\u00f3venes y adultos en actividades art\u00edsticas, y para ni\u00f1os de 8 a\u00f1os, para atender las necesidades sociales, econ\u00f3micas y culturales, seg\u00fan el contexto de la poblaci\u00f3n oaxaque\u00f1a de diferentes grupos sociales como:<\/p>\r\n\r\n\r\n\r\n<ul class=\"listas-geo wp-block-list\">\r\n<li>Personas de escasos recursos econ\u00f3micos.<\/li>\r\n<li>Amas de casa que deseen emplear su tiempo en actividades para el trabajo.<\/li>\r\n<li>Grupos para la inclusi\u00f3n social, laboral y cultural.<\/li>\r\n<\/ul>\r\n\r\n<p>&nbsp;<\/p>\r\n\r\n<div class=\"row\">\r\n<div class=\"col-md-6 col-sm-6 col-xs-12\">\r\n<p style=\"font-weight: bold\"><em>CARACTER\u00cdSTICAS<\/em><\/p>\r\n<ul class=\"listas-geo\">\r\n<li>CEO\u00b4s se rige por el calendario escolar vigente.<\/li>\r\n<li>Se atiende de lunes a viernes en un horario de 16:00 a 20:00 horas.<\/li>\r\n<li>Perfil de ingreso.<\/li>\r\n<li>Perfil de egreso.<\/li>\r\n<li>Al t\u00e9rmino del curso se les otorga un diploma o una constancia que avala los conocimientos adquiridos.<\/li>\r\n<\/ul>\r\n<\/div>\r\n<div class=\"col-md-6 col-sm-6 col-xs-12\">\r\n<p style=\"font-weight: bold\"><em>PRINCIPIOS Y VALORES DE LOS CEO\u00b4S<\/em><\/p>\r\n<ul class=\"listas-geo\">\r\n<li>Responsabilidad.<\/li>\r\n<li>Compromiso.<\/li>\r\n<li>Eficiencia.<\/li>\r\n<li>Calidad y Trabajo colectivo.<\/li>\r\n<\/ul>\r\n<\/div>\r\n<\/div>\r\n\r\n<p>&nbsp;<\/p>\r\n\r\n<p><strong style=\"font-weight: bold\">PUNTUALIZACIONES<\/strong><\/p>\r\n\r\n\r\n\r\n<ul class=\"wp-block-list\">\r\n<li>Actualmente funcionan 31 centros de trabajo (24 con claves y\u00a0 7 extensiones).<\/li>\r\n<li>De las 8 regiones del estado de Oaxaca solamente se atienden 7.<\/li>\r\n<li>Los CEOS se encuentran ubicados en zonas urbanas y semiurbanas, dando atenci\u00f3n de formaci\u00f3n para el trabajo en 8 especialidades que son : Corte y Confecci\u00f3n, Computaci\u00f3n, Cocina y Reposter\u00eda, Cultora de Belleza, Carpinter\u00eda, Contabilidad, Secretariado, Auxiliar de Enfermer\u00eda y dos actividades art\u00edsticas M\u00fasica y Danza.<\/li>\r\n<\/ul>\r\n\r\n<p>&nbsp;<\/p>\r\n\r\n<p><strong style=\"font-weight: bold\">FILOSOF\u00cdA INSTITUCIONAL<\/strong><\/p>\r\n\r\n\r\n\r\n<p>La misi\u00f3n de los Centros de Ense\u00f1anza Ocupacional es la de facilitar, a j\u00f3venes y adultos, la adquisici\u00f3n de conocimientos, habilidades y destrezas que les permitan desarrollar una actividad productiva en el mercado, mediante alguna ocupaci\u00f3n u oficio calificado y a los ni\u00f1os el desarrollo integral y humano.<\/p>\r\n\r\n<p>&nbsp;<\/p>\r\n\r\n<p><strong style=\"font-weight: bold\">VISI\u00d3N<\/strong><\/p>\r\n\r\n\r\n\r\n<p>Ser l\u00edder en la formaci\u00f3n para el trabajo productivo en el estado, brindando una formaci\u00f3n para el trabajo completa, en la educaci\u00f3n de los j\u00f3venes y adultos, para que mejoren su nivel de vida, fomentando as\u00ed el empleo y autoempleo, por medio de proyectos vinculados a la comunidad, as\u00ed como el desarrollo de habilidades y destrezas en los ni\u00f1os.<\/p>\r\n\r\n\r\n\r\n<p class=\"has-background has-luminous-vivid-amber-background-color\" style=\"text-align: center\"><strong>BENEFICIARIOS<\/strong><\/p>\r\n\r\n\r\n\r\n<div class=\"row\">\r\n<div class=\"col-md-4 col-sm-4 col-xs-10\">\r\n<p style=\"font-weight: bold\"><em>DIRECTOS<\/em><\/p>\r\n<ul class=\"listas-geo\">\r\n<li>Adultos<\/li>\r\n<li>J\u00f3venes<\/li>\r\n<li>Ni\u00f1os<\/li>\r\n<\/ul>\r\n<\/div>\r\n<div class=\"col-md-5 col-sm-5 col-xs-10\">\r\n<p style=\"font-weight: bold\"><em>INDIRECTOS<\/em><\/p>\r\n<ul class=\"listas-geo\">\r\n<li>Docentes<\/li>\r\n<li>Comunidad<\/li>\r\n<li>Autoridades<\/li>\r\n<li>Educativas,<\/li>\r\n<li>Municipales, ejidales y comunales.<\/li>\r\n<\/ul>\r\n<\/div>\r\n<\/div>\r\n\r\n\r\n\r\n<p>Los y las alumnas al t\u00e9rmino de la formaci\u00f3n prestan su servicio social a la comunidad que lo requiera:<\/p>\r\n\r\n\r\n\r\n<ul class=\"listas-geo wp-block-list\">\r\n<li>Agencias<\/li>\r\n<li>Municipios<\/li>\r\n<li>Cl\u00ednicas de salud<\/li>\r\n<li>Organizaciones sociales que requieran el servicio de acuerdo a la Especialidad.<\/li>\r\n<\/ul>\r\n\r\n<p>&nbsp;<\/p>\r\n\r\n<blockquote class=\"wp-block-quote is-layout-flow wp-block-quote-is-layout-flow\">\r\n<p><strong style=\"font-weight: bold\">Cont\u00e1ctanos <\/strong><\/p>\r\n<p>Tel\u00e9fonos: 51 3331 4 y 1324077 <br \/>Correo electr\u00f3nico : niveladultos@gmail.com.mx<\/p>\r\n<cite> <\/cite><\/blockquote>\r\n\r\n<p>&nbsp;<\/p>","protected":false},"excerpt":{"rendered":"excerpt","protected":false},"author":1,"featured_media":0,"parent":0,"menu_order":0,"comment_status":"closed","ping_status":"closed","template":"","meta":{"episode_type":"","audio_file":"","podmotor_file_id":"","podmotor_episode_id":"","cover_image":"","cover_image_id":"","duration":"","filesize":"","filesize_raw":"","date_recorded":"","explicit":"","block":"","footnotes":""},"categories":[],"tags":[],"class_list":["post-4832","page","type-page","status-publish","hentry"],"acf":[],"publishpress_future_action":{"enabled":false,"date":"2026-05-13 00:11:42","action":"change-status","newStatus":"draft","terms":[],"taxonomy":"category","extraData":[]},"publishpress_future_workflow_manual_trigger":{"enabledWorkflows":[]},"_links":{"self":[{"href":"https:\/\/www.oaxaca.gob.mx\/ieepo\/wp-json\/wp\/v2\/pages\/4832","targetHints":{"allow":["GET"]}}],"collection":[{"href":"https:\/\/www.oaxaca.gob.mx\/ieepo\/wp-json\/wp\/v2\/pages"}],"about":[{"href":"https:\/\/www.oaxaca.gob.mx\/ieepo\/wp-json\/wp\/v2\/types\/page"}],"author":[{"embeddable":true,"href":"https:\/\/www.oaxaca.gob.mx\/ieepo\/wp-json\/wp\/v2\/users\/1"}],"replies":[{"embeddable":true,"href":"https:\/\/www.oaxaca.gob.mx\/ieepo\/wp-json\/wp\/v2\/comments?post=4832"}],"version-history":[{"count":4,"href":"https:\/\/www.oaxaca.gob.mx\/ieepo\/wp-json\/wp\/v2\/pages\/4832\/revisions"}],"predecessor-version":[{"id":28436,"href":"https:\/\/www.oaxaca.gob.mx\/ieepo\/wp-json\/wp\/v2\/pages\/4832\/revisions\/28436"}],"wp:attachment":[{"href":"https:\/\/www.oaxaca.gob.mx\/ieepo\/wp-json\/wp\/v2\/media?parent=4832"}],"wp:term":[{"taxonomy":"category","embeddable":true,"href":"https:\/\/www.oaxaca.gob.mx\/ieepo\/wp-json\/wp\/v2\/categories?post=4832"},{"taxonomy":"post_tag","embeddable":true,"href":"https:\/\/www.oaxaca.gob.mx\/ieepo\/wp-json\/wp\/v2\/tags?post=4832"}],"curies":[{"name":"wp","href":"https:\/\/api.w.org\/{rel}","templated":true}]}}