{"id":4700,"date":"2019-04-16T10:48:14","date_gmt":"2019-04-16T16:48:14","guid":{"rendered":"https:\/\/www.oaxaca.gob.mx\/ieepo\/portal\/?page_id=4700"},"modified":"2019-04-16T10:48:14","modified_gmt":"2019-04-16T16:48:14","slug":"radios-escolares-2","status":"publish","type":"page","link":"https:\/\/www.oaxaca.gob.mx\/ieepo\/radios-escolares-2\/","title":{"rendered":"Radios Escolares"},"content":{"rendered":"\t\t\t\t\n<div class=\"wp-block-image\">\n<figure class=\"aligncenter\"><img loading=\"lazy\" decoding=\"async\" class=\"alignnone wp-image-6117 size-full\" src=\"\/ieepo\/wp-content\/uploads\/sites\/75\/2019\/04\/Radios-Escolares.png\" alt=\"\" width=\"550\" height=\"300\" srcset=\"https:\/\/www.oaxaca.gob.mx\/ieepo\/wp-content\/uploads\/sites\/75\/2019\/04\/Radios-Escolares.png 550w, https:\/\/www.oaxaca.gob.mx\/ieepo\/wp-content\/uploads\/sites\/75\/2019\/04\/Radios-Escolares-300x164.png 300w\" sizes=\"auto, (max-width: 550px) 100vw, 550px\" \/><\/figure>\n<\/div>\n\n\n\n<p>\u201cEmergencias Radiales, disminuyendo tus vulnerabilidades y aumentando tus capacidades\u201d, forma parte de las acciones de colaboraci\u00f3n conjunta con el Fondo de las Naciones Unidas para la Infancia, Unicef M\u00e9xico, y fortalecer la prevenci\u00f3n y protecci\u00f3n en las ni\u00f1as, ni\u00f1os y adolescentes ante cualquier contingencia de riesgo.<\/p>\n\n\n\n<p>La producci\u00f3n, a cargo del \u00e1rea de Radios Escolares de la Direcci\u00f3n de Desarrollo Educativo con el apoyo en contenidos de Unicef M\u00e9xico, en una primera fase ser\u00e1 difundida en los planteles de nivel b\u00e1sico de la regi\u00f3n del Istmo de Tehuantepec.<\/p>\n\n\n\n<p>1.- Higiene en el hogar<\/p>\n<figure class=\"wp-block-audio\"><audio src=\"\/ieepo\/wp-content\/uploads\/sites\/75\/2019\/04\/1.-Higiene-en-el-hogar.mp3\" controls=\"controls\"><\/audio><\/figure>\n\n\n\n<p>2.- Higiene en la escuela<\/p>\n<figure class=\"wp-block-audio aligncenter\"><audio src=\"\/ieepo\/wp-content\/uploads\/sites\/75\/2019\/04\/2.-Higiene-en-la-escuela.mp3\" controls=\"controls\"><\/audio><\/figure>\n\n\n\n<p>3.- Derechos de las ni\u00f1as, ni\u00f1os y adolescentes<\/p>\n<figure class=\"wp-block-audio\"><audio src=\"\/ieepo\/wp-content\/uploads\/sites\/75\/2019\/04\/3.-Derechos-de-las-ni\u00f1as-ni\u00f1os-y-adolescentes.mp3\" controls=\"controls\"><\/audio><\/figure>\n\n\n\n<p>4.- Plan familiar de prevenci\u00f3n en temporadas de lluvias<\/p>\n<figure class=\"wp-block-audio\"><audio src=\"\/ieepo\/wp-content\/uploads\/sites\/75\/2019\/04\/4.-Plan-familiar-de-prevenci\u00f3n-en-temporadas-de-lluvias.mp3\" controls=\"controls\"><\/audio><\/figure>\n\n\n\n<p>5.- Medidas de prevenci\u00f3n en temporadas de lluvias<\/p>\n<figure class=\"wp-block-audio\"><audio src=\"\/ieepo\/wp-content\/uploads\/sites\/75\/2019\/04\/5.-Medidas-de-prevenci\u00f3n-en-temporadas-de-lluvias.mp3\" controls=\"controls\"><\/audio><\/figure>\n\n\n\n<p>6.- Mochila de emergencia<\/p>\n<figure class=\"wp-block-audio\"><audio src=\"\/ieepo\/wp-content\/uploads\/sites\/75\/2019\/04\/6.-Mochila-de-emergencia.mp3\" controls=\"controls\"><\/audio><\/figure>\n\n\n\n<p>7.- Plan escolar de prevenci\u00f3n de riesgos ante situaciones de desastre<\/p>\n<figure class=\"wp-block-audio\"><audio src=\"\/ieepo\/wp-content\/uploads\/sites\/75\/2019\/04\/7.-Plan-escolar-de-prevencion-de-riesgos-ante-situaciones-de-desastre.mp3\" controls=\"controls\"><\/audio><\/figure>\n\n\n\n<p>8.- \u00bfQu\u00e9 pueden hacer las autoridades educativas para asegurar la reanudaci\u00f3n de las actividades escolares despu\u00e9s de una situaci\u00f3n de desastre?<\/p>\n<figure class=\"wp-block-audio\"><audio src=\"\/ieepo\/wp-content\/uploads\/sites\/75\/2019\/04\/8.-Qu\u00e9-pueden-hacer-las-aurtoriades-educativas-para-asegurar-la-reanudaci\u00f3n-de-las-actividades-escolares-despu\u00e9s-de-una-situaci\u00f3n-de-desastre.mp3\" controls=\"controls\"><\/audio><\/figure>\n\n\n\n<p>9.- Mapa escolar de riesgos<\/p>\n<figure class=\"wp-block-audio\"><audio src=\"\/ieepo\/wp-content\/uploads\/sites\/75\/2019\/04\/9.-Mapa-escolar-de-riesgos.mp3\" controls=\"controls\"><\/audio><\/figure>\n\n\n\n<p>10.- Apoyo psicoemocional para ni\u00f1as, ni\u00f1os y adolescentes<\/p>\n<figure class=\"wp-block-audio\"><audio src=\"\/ieepo\/wp-content\/uploads\/sites\/75\/2019\/04\/10.-Apoco-psicoemocional-para-ni\u00f1as-ni\u00f1os-y-adolescentes.mp3\" controls=\"controls\"><\/audio><\/figure>\n\n\n\n<p>11.- Participaci\u00f3n de ni\u00f1as, ni\u00f1os y adolescentes en planes de prevenci\u00f3n escolar<\/p>\n<figure class=\"wp-block-audio\"><audio src=\"\/ieepo\/wp-content\/uploads\/sites\/75\/2019\/04\/11.-Participaci\u00f3n-de-ni\u00f1as-ni\u00f1os-y-adolescentes-en-planes-de-prevenci\u00f3n-escolar.mp3\" controls=\"controls\"><\/audio><\/figure>\n\n\n\n<p>12.- Regreso a clases<\/p>\n<figure class=\"wp-block-audio\"><audio src=\"\/ieepo\/wp-content\/uploads\/sites\/75\/2019\/04\/12.-Regreso-a-clases.mp3\" controls=\"controls\"><\/audio><\/figure>\n","protected":false},"excerpt":{"rendered":"excerpt","protected":false},"author":1,"featured_media":0,"parent":0,"menu_order":0,"comment_status":"closed","ping_status":"closed","template":"","meta":{"episode_type":"","audio_file":"","podmotor_file_id":"","podmotor_episode_id":"","cover_image":"","cover_image_id":"","duration":"","filesize":"","filesize_raw":"","date_recorded":"","explicit":"","block":"","footnotes":""},"categories":[],"tags":[],"class_list":["post-4700","page","type-page","status-publish","hentry"],"acf":[],"publishpress_future_action":{"enabled":false,"date":"2026-04-22 18:16:42","action":"change-status","newStatus":"draft","terms":[],"taxonomy":"category","extraData":[]},"publishpress_future_workflow_manual_trigger":{"enabledWorkflows":[]},"_links":{"self":[{"href":"https:\/\/www.oaxaca.gob.mx\/ieepo\/wp-json\/wp\/v2\/pages\/4700","targetHints":{"allow":["GET"]}}],"collection":[{"href":"https:\/\/www.oaxaca.gob.mx\/ieepo\/wp-json\/wp\/v2\/pages"}],"about":[{"href":"https:\/\/www.oaxaca.gob.mx\/ieepo\/wp-json\/wp\/v2\/types\/page"}],"author":[{"embeddable":true,"href":"https:\/\/www.oaxaca.gob.mx\/ieepo\/wp-json\/wp\/v2\/users\/1"}],"replies":[{"embeddable":true,"href":"https:\/\/www.oaxaca.gob.mx\/ieepo\/wp-json\/wp\/v2\/comments?post=4700"}],"version-history":[{"count":0,"href":"https:\/\/www.oaxaca.gob.mx\/ieepo\/wp-json\/wp\/v2\/pages\/4700\/revisions"}],"wp:attachment":[{"href":"https:\/\/www.oaxaca.gob.mx\/ieepo\/wp-json\/wp\/v2\/media?parent=4700"}],"wp:term":[{"taxonomy":"category","embeddable":true,"href":"https:\/\/www.oaxaca.gob.mx\/ieepo\/wp-json\/wp\/v2\/categories?post=4700"},{"taxonomy":"post_tag","embeddable":true,"href":"https:\/\/www.oaxaca.gob.mx\/ieepo\/wp-json\/wp\/v2\/tags?post=4700"}],"curies":[{"name":"wp","href":"https:\/\/api.w.org\/{rel}","templated":true}]}}