{"id":33865,"date":"2024-07-23T18:03:59","date_gmt":"2024-07-24T00:03:59","guid":{"rendered":"https:\/\/www.oaxaca.gob.mx\/ieepo\/?page_id=33865"},"modified":"2025-09-23T22:25:02","modified_gmt":"2025-09-24T04:25:02","slug":"programa-nacional-de-ingles","status":"publish","type":"page","link":"https:\/\/www.oaxaca.gob.mx\/ieepo\/programa-nacional-de-ingles\/","title":{"rendered":"Programa Nacional de Ingl\u00e9s"},"content":{"rendered":"<ul class=\"nav nav-tabs\" id=\"myTab\" role=\"tablist\">\r\n  <li>\r\n    <button class=\"nav-link active\" id=\"nav_tab_1\" role=\"tab\" data-bs-target=\"#nav_1\" type=\"button\" data-bs-toggle=\"tab\" aria-controls=\"nav_1\">Presentacion<\/a>\r\n  <\/li>\r\n  <li>\r\n    <button class=\"nav-link\" id=\"nav_tab_2\" role=\"tab\" data-bs-target=\"#nav_2\" type=\"button\" data-bs-toggle=\"tab\" aria-controls=\"nav_2\">Gu\u00eda Operativa<\/a>\r\n  <\/li>\r\n  <li>\r\n    <button class=\"nav-link\" id=\"nav_tab_3\" role=\"tab\" data-bs-target=\"#nav_3\" type=\"button\" data-bs-toggle=\"tab\" aria-controls=\"nav_3\">Esquema<\/a>\r\n  <\/li>\r\n  <li>\r\n    <button class=\"nav-link\" id=\"nav_tab_4\" role=\"tab\" data-bs-target=\"#nav_4\" type=\"button\" data-bs-toggle=\"tab\" aria-controls=\"nav_4\">Programa Anual<\/a>\r\n  <\/li>\r\n  <li>\r\n    <button class=\"nav-link\" id=\"nav_tab_5\" role=\"tab\" data-bs-target=\"#nav_5\" type=\"button\" data-bs-toggle=\"tab\" aria-controls=\"nav_5\">Material de Difusi\u00f3n<\/a>\r\n  <\/li>\r\n<li>\r\n    <button class=\"nav-link\" id=\"nav_tab_6\" role=\"tab\" data-bs-target=\"#nav_6\" type=\"button\" data-bs-toggle=\"tab\" aria-controls=\"nav_6\">Ficha T\u00e9cnica<\/a>\r\n  <\/li>\r\n\r\n\r\n<\/ul>\r\n<div class=\"tab-content\" id=\"myTabContent\">\r\n  <div id=\"nav_1\" class=\"tab-pane fade show active\" role=\"tabpanel\" aria-labelledby=\"nav_tab_1\">\r\n    <div class=\"row\">\r\n      <div class=\"col-md-8 col-sm-8 col-xs-12\">\r\n        <h3>Objetivos del PRONI<\/h3>\r\n        <p>Contribuir a que las y los educandos de preescolar (3\u00b0 grado), primaria y secundaria cuenten con los recursos necesarios para el aprendizaje del idioma ingl\u00e9s como lengua extranjera en Escuelas P\u00fablicas de Educaci\u00f3n B\u00e1sica que participan en el Programa.<\/p>\r\n      <\/div>\r\n      <div class=\"col-md-4 col-sm-4 col-xs-12\">\r\n        <a href=\"http:\/\/www.dgdc.sep.gob.mx\/dgdc2016\/progfederales\/dgdc_prog_fed_PRONI.htm\" target=\"_blank\" rel=\"noopener noreferrer\">\r\n          <img loading=\"lazy\" decoding=\"async\" class=\"img-responsive center-block\" src=\"https:\/\/www.oaxaca.gob.mx\/ieepo\/wp-content\/uploads\/sites\/75\/2024\/07\/PRONI-2024.png\" alt=\"PRONI.\" width=\"238\" height=\"126\" \/>\r\n        <\/a>\r\n      <\/div>\r\n    <\/div>\r\n    <div class=\"row\">\r\n      <h3>Comit\u00e9 de Contralor\u00eda Social<\/h3>\r\n      <p>Los Comit\u00e9s de Contralor\u00eda Social (CCS) del PEEI y PRONI se constituir\u00e1n por madres, padres y\/o tutor(es) de las Escuelas beneficiadas, los cuales deber\u00e1n ser mayores de 18 a\u00f1os, preferentemente que sepan leer y escribir, y en su integraci\u00f3n se promover\u00e1 la equidad entre hombres y mujeres.<\/p>\r\n      <a href=\"\" target=\"_blank\" rel=\"attachment wp-att-1766 noopener\">\r\n        <img loading=\"lazy\" decoding=\"async\" class=\"img-responsive mx-auto d-block\" src=\"https:\/\/www.oaxaca.gob.mx\/ieepo\/wp-content\/uploads\/sites\/75\/2024\/07\/COMITE.png\" alt=\"\" width=\"401\" height=\"257\" \/>\r\n      <\/a>\r\n    <\/div>\r\n    <div class=\"row\">\r\n      <h3>Funciones del Comit\u00e9 de Contralor\u00eda Social<\/h3>\r\n      <a href=\"\" target=\"_blank\" rel=\"attachment wp-att-1766 noopener\">\r\n        <img loading=\"lazy\" decoding=\"async\" class=\"img-responsive mx-auto d-block\" src=\"https:\/\/www.oaxaca.gob.mx\/ieepo\/wp-content\/uploads\/sites\/75\/2024\/07\/FUNCIONES.png\" alt=\"\" width=\"401\" height=\"250\" \/>\r\n      <\/a>\r\n      I. Solicitar a la(s) Autoridad(es) Educativa(s) Local(es) AEL como Instancia Ejecutora o a la Instancia Normativa, la informaci\u00f3n p\u00fablica relacionada con la operaci\u00f3n del PEEI y PRONI. \r\n      II. Vigilar que:\r\n     a)\tSe difunda informaci\u00f3n suficiente, veraz y oportuna del Programa. \r\nb)\tEl ejercicio de los recursos p\u00fablicos sea transparente y con apego a la normatividad.\r\nc)\tSe cumpla con los periodos de ejecuci\u00f3n y entrega de los beneficios.\r\nd)\tExista documentaci\u00f3n comprobatoria del ejercicio de los recursos p\u00fablicos y de la entrega de los beneficios.\r\ne)\tEl Programa Federal no se utilice con fines pol\u00edticos, electorales, de promoci\u00f3n personal, de lucro u otros distintos al objeto del programa.\r\nf)\tEl Programa Federal se ejecute en un marco de igualdad entre mujeres y hombres.\r\ng)\tLas autoridades competentes den atenci\u00f3n a las quejas y denuncias relacionadas con el Programa.\r\n\r\n\r\nIII. Elaborar informes de las actividades de operaci\u00f3n de la Contralor\u00eda Social.\r\nIV. Recibir las quejas y denuncias sobre la aplicaci\u00f3n y ejecuci\u00f3n del Programa y canalizarlas a las autoridades competentes para su atenci\u00f3n.\r\n\r\n\r\n      <p class=\"text-center\">\r\n        <a href=\"\" target=\"_blank\" rel=\"attachment wp-att-1766 noopener\">\r\n          <img loading=\"lazy\" decoding=\"async\" class=\"img-responsive mx-auto d-block\" src=\"https:\/\/www.oaxaca.gob.mx\/ieepo\/wp-content\/uploads\/sites\/75\/2024\/07\/INGLES.png\" alt=\"\" width=\"301\" height=\"207\" \/>\r\n        <\/a>\r\n      <\/p>\r\n    <\/div>\r\n  <\/div>\r\n  <div id=\"nav_2\" class=\"tab-pane fade\" role=\"tabpanel\" aria-labelledby=\"nav_tab_2\">\r\n    <div class=\"wp-block-file\">\r\n      <a href=\"https:\/\/www.oaxaca.gob.mx\/ieepo\/wp-content\/uploads\/sites\/75\/2025\/06\/2025_DGGEYET_Guia-Operativa_PRONI.pdf\">Gu\u00eda Operativa<\/a>\r\n      <a class=\"wp-block-file__button\" href=\"\/\/www.oaxaca.gob.mx\/ieepo\/wp-content\/uploads\/sites\/75\/2025\/06\/2025_DGGEYET_Guia-Operativa_PRONI.pdf\">Descargar<\/a>\r\n    <\/div>\r\n    <a href=\"https:\/\/www.oaxaca.gob.mx\/ieepo\/wp-content\/uploads\/sites\/75\/2025\/06\/2025_DGGEYET_Guia-Operativa_PRONI.pdf\" class=\"pdfemb-viewer\" style=\"\" data-width=\"max\" data-height=\"max\" data-toolbar=\"top\" data-toolbar-fixed=\"on\">2025_DGGEYET_Guia-Operativa_PRONI<\/a>\r\n    &nbsp;\r\n  <\/div>\r\n  <div id=\"nav_3\" class=\"tab-pane fade\" role=\"tabpanel\" aria-labelledby=\"nav_tab_3\">\r\n    <div class=\"wp-block-file\">\r\n      <a href=\"https:\/\/www.oaxaca.gob.mx\/ieepo\/wp-content\/uploads\/sites\/75\/2025\/05\/Esquema-de-Contraloria-Social-PRONI-DGGEyET-2025.pdf\">Esquema<\/a>\r\n      <a class=\"wp-block-file__button\" href=\"https:\/\/www.oaxaca.gob.mx\/ieepo\/wp-content\/uploads\/sites\/75\/2025\/05\/Esquema-de-Contraloria-Social-PRONI-DGGEyET-2025.pdf\">Descargar<\/a>\r\n    <\/div>\r\n    <a href=\"https:\/\/www.oaxaca.gob.mx\/ieepo\/wp-content\/uploads\/sites\/75\/2025\/05\/Esquema-de-Contraloria-Social-PRONI-DGGEyET-2025.pdf\" class=\"pdfemb-viewer\" style=\"\" data-width=\"max\" data-height=\"max\" data-toolbar=\"top\" data-toolbar-fixed=\"on\">Esquema-de-Contraloria-Social-PRONI-DGGEyET-2025<\/a>\r\n    &nbsp;\r\n  <\/div>\r\n  <div id=\"nav_4\" class=\"tab-pane fade\" role=\"tabpanel\" aria-labelledby=\"nav_tab_4\">\r\n    <div class=\"wp-block-file\">\r\n      <a href=\"https:\/\/www.oaxaca.gob.mx\/ieepo\/wp-content\/uploads\/sites\/75\/2025\/05\/Programa-Anual-de-Trabajo-de-Contraloria-Social-PATCS-2025-1.pdf\">Programa Anual<\/a>\r\n      <a class=\"wp-block-file__button\" href=\"https:\/\/www.oaxaca.gob.mx\/ieepo\/wp-content\/uploads\/sites\/75\/2025\/05\/Programa-Anual-de-Trabajo-de-Contraloria-Social-PATCS-2025-1.pdf\">Descargar<\/a>\r\n    <\/div>\r\n    <a href=\"https:\/\/www.oaxaca.gob.mx\/ieepo\/wp-content\/uploads\/sites\/75\/2025\/05\/Programa-Anual-de-Trabajo-de-Contraloria-Social-PATCS-2025-1.pdf\" class=\"pdfemb-viewer\" style=\"\" data-width=\"max\" data-height=\"max\" data-toolbar=\"top\" data-toolbar-fixed=\"on\">Programa-Anual-de-Trabajo-de-Contraloria-Social-PATCS-2025-1<\/a>\r\n    &nbsp;\r\n  <\/div>\r\n  <div id=\"nav_5\" class=\"tab-pane fade\" role=\"tabpanel\" aria-labelledby=\"nav_tab_5\">\r\n    <div class=\"su-tabs su-tabs-style-default su-tabs-mobile-stack\" data-active=\"1\" data-scroll-offset=\"0\" data-anchor-in-url=\"no\"><div class=\"su-tabs-nav\"><span class=\"\" data-url=\"\" data-target=\"blank\" tabindex=\"0\" role=\"button\">Instancia Normativa<\/span><span class=\"\" data-url=\"\" data-target=\"blank\" tabindex=\"0\" role=\"button\">Instancia Ejecutora<\/span><\/div><div class=\"su-tabs-panes\"><div class=\"su-tabs-pane su-u-clearfix su-u-trim\" data-title=\"Instancia Normativa\">\r\n \r\n\r\n<div class=\"row\">\r\n<div class=\"col-lg-6 col-md-4 col-sm-4 col-xs-12\">\r\n&nbsp;\r\n<!-- \/wp:post-content -->\r\n<!-- wp:shortcode -->\r\n<a href=\"https:\/\/www.oaxaca.gob.mx\/ieepo\/wp-content\/uploads\/sites\/75\/2025\/08\/1-Cartel-Que-es-la-Contralor\u00b0a-Social-2025-1.pdf\">1 Cartel Que es la Contralor\u00eca Social 2025<\/a><a class=\"wp-block-file__button\" href=\"https:\/\/www.oaxaca.gob.mx\/ieepo\/wp-content\/uploads\/sites\/75\/2025\/08\/1-Cartel-Que-es-la-Contralor\u00b0a-Social-2025-1.pdf\">Descargar<\/a>\r\n<!-- \/wp:shortcode -->\r\n<!-- wp:shortcode -->\r\n<a href=\"https:\/\/www.oaxaca.gob.mx\/ieepo\/wp-content\/uploads\/sites\/75\/2025\/08\/1-Cartel-Que-es-la-Contralor\u00b0a-Social-2025-1.pdf\" class=\"pdfemb-viewer\" style=\"\" data-width=\"max\" data-height=\"max\" data-toolbar=\"top\" data-toolbar-fixed=\"on\">1-Cartel-Que-es-la-Contralor\u00b0a-Social-2025-1<\/a>\r\n&nbsp;\r\n<\/p>\r\n<a href=\"https:\/\/www.oaxaca.gob.mx\/ieepo\/wp-content\/uploads\/sites\/75\/2025\/08\/3-Folleto-La-Contralor\u00b0a-Social-en-el-PRONI-2025.pdf\">3 Folleto La Contralor\u00eca Social en el PRONI<\/a><a class=\"wp-block-file__button\" href=\"https:\/\/www.oaxaca.gob.mx\/ieepo\/wp-content\/uploads\/sites\/75\/2025\/08\/3-Folleto-La-Contralor\u00b0a-Social-en-el-PRONI-2025.pdf\">Descargar<\/a>\r\n<!-- \/wp:shortcode -->\r\n<!-- wp:shortcode -->\r\n<a href=\"https:\/\/www.oaxaca.gob.mx\/ieepo\/wp-content\/uploads\/sites\/75\/2025\/08\/3-Folleto-La-Contralor\u00b0a-Social-en-el-PRONI-2025.pdf\" class=\"pdfemb-viewer\" style=\"\" data-width=\"max\" data-height=\"max\" data-toolbar=\"top\" data-toolbar-fixed=\"on\">3-Folleto-La-Contralor\u00b0a-Social-en-el-PRONI-2025<\/a>\r\n&nbsp;\r\n<\/p>\r\n<a href=\"https:\/\/www.oaxaca.gob.mx\/ieepo\/wp-content\/uploads\/sites\/75\/2025\/08\/5-Lona-Que-es-la-Contralor\u00b0a-Social-2025-1.pdf\">5 Lona Que es la Contralor\u00eca Social 2025<\/a><a class=\"wp-block-file__button\" href=\"https:\/\/www.oaxaca.gob.mx\/ieepo\/wp-content\/uploads\/sites\/75\/2025\/08\/5-Lona-Que-es-la-Contralor\u00b0a-Social-2025-1.pdf\">Descargar<\/a>\r\n<!-- \/wp:shortcode -->\r\n<!-- wp:shortcode -->\r\n<a href=\"https:\/\/www.oaxaca.gob.mx\/ieepo\/wp-content\/uploads\/sites\/75\/2025\/08\/5-Lona-Que-es-la-Contralor\u00b0a-Social-2025-1.pdf\" class=\"pdfemb-viewer\" style=\"\" data-width=\"max\" data-height=\"max\" data-toolbar=\"top\" data-toolbar-fixed=\"on\">5-Lona-Que-es-la-Contralor\u00b0a-Social-2025-1<\/a>\r\n&nbsp;\r\n\r\n<\/div>\r\n<div class=\"col-lg-6 col-md-4 col-sm-4 col-xs-12\">\r\n<a href=\"https:\/\/www.oaxaca.gob.mx\/ieepo\/wp-content\/uploads\/sites\/75\/2025\/08\/2-Cartel-Que-es-el-Comite-de-Contraloria-Social-2025-1.pdf\">2 Cartel Que es el Comite de Contraloria Social 2025<\/a><a class=\"wp-block-file__button\" href=\"https:\/\/www.oaxaca.gob.mx\/ieepo\/wp-content\/uploads\/sites\/75\/2025\/08\/2-Cartel-Que-es-el-Comite-de-Contraloria-Social-2025-1.pdf\">Descargar<\/a>\r\n<!-- \/wp:shortcode -->\r\n<!-- wp:shortcode -->\r\n<a href=\"https:\/\/www.oaxaca.gob.mx\/ieepo\/wp-content\/uploads\/sites\/75\/2025\/08\/2-Cartel-Que-es-el-Comite-de-Contraloria-Social-2025-1.pdf\" class=\"pdfemb-viewer\" style=\"\" data-width=\"max\" data-height=\"max\" data-toolbar=\"top\" data-toolbar-fixed=\"on\">2-Cartel-Que-es-el-Comite-de-Contraloria-Social-2025-1<\/a>\r\n&nbsp;\r\n<\/p>\r\n<a href=\"https:\/\/www.oaxaca.gob.mx\/ieepo\/wp-content\/uploads\/sites\/75\/2025\/08\/4-Folleto-Quejas-Denuncias-Sugerencias-PRONI-2025.pdf\">4 Folleto Quejas Denuncias Sugerencias PRONI 2025<\/a><a class=\"wp-block-file__button\" href=\"https:\/\/www.oaxaca.gob.mx\/ieepo\/wp-content\/uploads\/sites\/75\/2025\/08\/4-Folleto-Quejas-Denuncias-Sugerencias-PRONI-2025.pdf\">Descargar<\/a>\r\n<!-- \/wp:shortcode -->\r\n<!-- wp:shortcode -->\r\n<a href=\"https:\/\/www.oaxaca.gob.mx\/ieepo\/wp-content\/uploads\/sites\/75\/2025\/08\/4-Folleto-Quejas-Denuncias-Sugerencias-PRONI-2025.pdf\" class=\"pdfemb-viewer\" style=\"\" data-width=\"max\" data-height=\"max\" data-toolbar=\"top\" data-toolbar-fixed=\"on\">4-Folleto-Quejas-Denuncias-Sugerencias-PRONI-2025<\/a>\r\n\r\n&nbsp;\r\n<\/p>\r\n<a href=\"https:\/\/www.oaxaca.gob.mx\/ieepo\/wp-content\/uploads\/sites\/75\/2025\/08\/6-Triptico-Contralor\u00b0a-Social-del-PRONI-2025.pdf\">6 Triptico Contralor\u00eca Social del PRONI 2025<\/a><a class=\"wp-block-file__button\" href=\"https:\/\/www.oaxaca.gob.mx\/ieepo\/wp-content\/uploads\/sites\/75\/2025\/08\/6-Triptico-Contralor\u00b0a-Social-del-PRONI-2025.pdf\">Descargar<\/a>\r\n<!-- \/wp:shortcode -->\r\n<!-- wp:shortcode -->\r\n<a href=\"https:\/\/www.oaxaca.gob.mx\/ieepo\/wp-content\/uploads\/sites\/75\/2025\/08\/6-Triptico-Contralor\u00b0a-Social-del-PRONI-2025.pdf\" class=\"pdfemb-viewer\" style=\"\" data-width=\"max\" data-height=\"max\" data-toolbar=\"top\" data-toolbar-fixed=\"on\">6-Triptico-Contralor\u00b0a-Social-del-PRONI-2025<\/a>\r\n<\/div>\r\n<\/div>\r\n\r\n\r\n\r\n<\/div>\n<div class=\"su-tabs-pane su-u-clearfix su-u-trim\" data-title=\"Instancia Ejecutora\">\r\n\r\n<div class=\"row\">\r\n<div class=\"col-lg-6 col-md-4 col-sm-4 col-xs-12\">\r\n&nbsp;\r\n<!-- \/wp:shortcode -->\r\n <a href=\"https:\/\/www.oaxaca.gob.mx\/ieepo\/wp-content\/uploads\/sites\/75\/2025\/09\/DIPTICO-PRONI-2025.pdf\">D\u00edptico PRONI<\/a>\r\n      <a class=\"wp-block-file__button\" href=\"https:\/\/www.oaxaca.gob.mx\/ieepo\/wp-content\/uploads\/sites\/75\/2025\/09\/DIPTICO-PRONI-2025.pdf\">Descargar<\/a>  \r\n    <a href=\"https:\/\/www.oaxaca.gob.mx\/ieepo\/wp-content\/uploads\/sites\/75\/2025\/09\/DIPTICO-PRONI-2025.pdf\" class=\"pdfemb-viewer\" style=\"\" data-width=\"max\" data-height=\"max\" data-toolbar=\"top\" data-toolbar-fixed=\"on\">DIPTICO-PRONI-2025<\/a>\r\n   &nbsp;\r\n<\/p>\r\n<\/div>\r\n<div class=\"col-lg-6 col-md-4 col-sm-4 col-xs-12\">\r\n&nbsp;\r\n <a href=\"https:\/\/www.oaxaca.gob.mx\/ieepo\/wp-content\/uploads\/sites\/75\/2025\/09\/CARTEL-PRONI-2025.pdf\">Cartel PRONI<\/a>\r\n      <a class=\"wp-block-file__button\" href=\"https:\/\/www.oaxaca.gob.mx\/ieepo\/wp-content\/uploads\/sites\/75\/2025\/09\/CARTEL-PRONI-2025.pdf\">Descargar<\/a>\r\n    <a href=\"https:\/\/www.oaxaca.gob.mx\/ieepo\/wp-content\/uploads\/sites\/75\/2025\/09\/CARTEL-PRONI-2025.pdf\" class=\"pdfemb-viewer\" style=\"\" data-width=\"max\" data-height=\"max\" data-toolbar=\"top\" data-toolbar-fixed=\"on\">CARTEL-PRONI-2025<\/a>\r\n    &nbsp;\r\n    &nbsp;\r\n<\/div>\r\n<\/div>\r\n\r\n\r\n<\/div><\/div><\/div>  \r\n    &nbsp;\r\n\r\n\r\n<\/div>\r\n\r\n\r\n<\/div>\r\n<div id=\"nav_6\" class=\"tab-pane fade\" role=\"tabpanel\" aria-labelledby=\"nav_tab_6\">\r\n    <div class=\"wp-block-file\">\r\n      <a href=\"https:\/\/www.oaxaca.gob.mx\/ieepo\/wp-content\/uploads\/sites\/75\/2025\/05\/Ficha-Tecnica-del-PRONI-DGGEyET-2025.pdf\">Ficha T\u00e9cnica<\/a>\r\n      <a class=\"wp-block-file__button\" href=\"https:\/\/www.oaxaca.gob.mx\/ieepo\/wp-content\/uploads\/sites\/75\/2025\/05\/Ficha-Tecnica-del-PRONI-DGGEyET-2025.pdf\">Descargar<\/a>\r\n    \r\n    <a href=\"https:\/\/www.oaxaca.gob.mx\/ieepo\/wp-content\/uploads\/sites\/75\/2025\/05\/Ficha-Tecnica-del-PRONI-DGGEyET-2025.pdf\" class=\"pdfemb-viewer\" style=\"\" data-width=\"max\" data-height=\"max\" data-toolbar=\"top\" data-toolbar-fixed=\"on\">Ficha-Tecnica-del-PRONI-DGGEyET-2025<\/a>\r\n    &nbsp;\r\n  <\/div>\r\n  <\/div>\r\n","protected":false},"excerpt":{"rendered":"excerpt","protected":false},"author":87,"featured_media":0,"parent":0,"menu_order":0,"comment_status":"closed","ping_status":"closed","template":"","meta":{"episode_type":"","audio_file":"","podmotor_file_id":"","podmotor_episode_id":"","cover_image":"","cover_image_id":"","duration":"","filesize":"","filesize_raw":"","date_recorded":"","explicit":"","block":"","footnotes":""},"categories":[],"tags":[],"class_list":["post-33865","page","type-page","status-publish","hentry"],"acf":[],"publishpress_future_action":{"enabled":false,"date":"2026-04-30 10:08:14","action":"change-status","newStatus":"draft","terms":[],"taxonomy":"category","extraData":[]},"publishpress_future_workflow_manual_trigger":{"enabledWorkflows":[]},"_links":{"self":[{"href":"https:\/\/www.oaxaca.gob.mx\/ieepo\/wp-json\/wp\/v2\/pages\/33865","targetHints":{"allow":["GET"]}}],"collection":[{"href":"https:\/\/www.oaxaca.gob.mx\/ieepo\/wp-json\/wp\/v2\/pages"}],"about":[{"href":"https:\/\/www.oaxaca.gob.mx\/ieepo\/wp-json\/wp\/v2\/types\/page"}],"author":[{"embeddable":true,"href":"https:\/\/www.oaxaca.gob.mx\/ieepo\/wp-json\/wp\/v2\/users\/87"}],"replies":[{"embeddable":true,"href":"https:\/\/www.oaxaca.gob.mx\/ieepo\/wp-json\/wp\/v2\/comments?post=33865"}],"version-history":[{"count":2,"href":"https:\/\/www.oaxaca.gob.mx\/ieepo\/wp-json\/wp\/v2\/pages\/33865\/revisions"}],"predecessor-version":[{"id":36289,"href":"https:\/\/www.oaxaca.gob.mx\/ieepo\/wp-json\/wp\/v2\/pages\/33865\/revisions\/36289"}],"wp:attachment":[{"href":"https:\/\/www.oaxaca.gob.mx\/ieepo\/wp-json\/wp\/v2\/media?parent=33865"}],"wp:term":[{"taxonomy":"category","embeddable":true,"href":"https:\/\/www.oaxaca.gob.mx\/ieepo\/wp-json\/wp\/v2\/categories?post=33865"},{"taxonomy":"post_tag","embeddable":true,"href":"https:\/\/www.oaxaca.gob.mx\/ieepo\/wp-json\/wp\/v2\/tags?post=33865"}],"curies":[{"name":"wp","href":"https:\/\/api.w.org\/{rel}","templated":true}]}}