{"id":33357,"date":"2024-06-04T20:36:41","date_gmt":"2024-06-05T02:36:41","guid":{"rendered":"https:\/\/www.oaxaca.gob.mx\/ieepo\/?page_id=33357"},"modified":"2024-06-04T20:38:28","modified_gmt":"2024-06-05T02:38:28","slug":"intervencion-con-el-alumnado","status":"publish","type":"page","link":"https:\/\/www.oaxaca.gob.mx\/ieepo\/intervencion-con-el-alumnado\/","title":{"rendered":"Intervenci\u00f3n con el alumnado"},"content":{"rendered":"<div class=\"row\">\n<div class=\"col-md-6 col-sm-6 col-xs-12\">\n<p style=\"font-weight: bold\"><strong>Funci\u00f3n de cuentacuentos y animaci\u00f3n a la lectura: \u201cLeo y le hago al cuento\u201d<\/em><\/strong><\/p>\n<p><strong style=\"font-weight: bold\">Objetivo:<\/strong><br \/>\nRecrear historias ficticias y de la vida cotidiana, a trav\u00e9s de la narraci\u00f3n oral de literatura infantil para favorecer la lectura en la comunidad escolar.<\/p>\n<\/div>\n<div class=\"col-md-6 col-sm-6 col-xs-12\">\n<p style=\"font-weight: bold\"><strong><em>Identificando emociones, construyendo paz<\/em><\/strong><\/p>\n<p><strong style=\"font-weight: bold\">Objetivo: <\/strong><br \/>\nQue el alumnado identifique y reconozca sus propias emociones y las de los dem\u00e1s, a trav\u00e9s de su participaci\u00f3n en talleres sobre el bullying, maltrato, acoso y abuso escolar, que los posibilit\u00e9 en generar actitudes y acciones que contribuyan al establecimiento de espacios escolares libres de violencia. <\/p>\n<\/div>\n<div class=\"col-md-6 col-sm-6 col-xs-12\">\n<p style=\"font-weight: bold\"><strong><em>Laboratorio de la lectura y la escritura<\/em><\/strong><\/p>\n<p><strong style=\"font-weight: bold\">Objetivo:<\/strong><br \/>\n Favorecer el uso de estrategias l\u00fadicas para promover el gusto por la lectura y escritura en los ni\u00f1os y ni\u00f1as, a trav\u00e9s de su experimentaci\u00f3n.\n<\/div>\n<div class=\"col-md-6 col-sm-6 col-xs-12\">\n<p style=\"font-weight: bold\"><strong><em>Relaciones socioafectivas para la sana convivencia en la escuela primaria<\/em><\/strong><\/p>\n<p><strong style=\"font-weight: bold\">Objetivo: <\/strong><\/p>\n<p>Favorecer las relaciones sociales de las ni\u00f1as y ni\u00f1os en la escuela primaria, a trav\u00e9s de la implementaci\u00f3n de estrategias de desarrollo de la perspectiva social y empat\u00eda para contribuir a la sana convivencia del n\u00facleo escolar.\n<\/p><\/div>\n<\/div>\n","protected":false},"excerpt":{"rendered":"excerpt","protected":false},"author":87,"featured_media":0,"parent":0,"menu_order":0,"comment_status":"closed","ping_status":"closed","template":"","meta":{"episode_type":"","audio_file":"","podmotor_file_id":"","podmotor_episode_id":"","cover_image":"","cover_image_id":"","duration":"","filesize":"","filesize_raw":"","date_recorded":"","explicit":"","block":"","footnotes":""},"categories":[],"tags":[],"class_list":["post-33357","page","type-page","status-publish","hentry"],"acf":[],"publishpress_future_action":{"enabled":false,"date":"2026-05-11 07:43:48","action":"change-status","newStatus":"draft","terms":[],"taxonomy":"category","extraData":[]},"publishpress_future_workflow_manual_trigger":{"enabledWorkflows":[]},"_links":{"self":[{"href":"https:\/\/www.oaxaca.gob.mx\/ieepo\/wp-json\/wp\/v2\/pages\/33357","targetHints":{"allow":["GET"]}}],"collection":[{"href":"https:\/\/www.oaxaca.gob.mx\/ieepo\/wp-json\/wp\/v2\/pages"}],"about":[{"href":"https:\/\/www.oaxaca.gob.mx\/ieepo\/wp-json\/wp\/v2\/types\/page"}],"author":[{"embeddable":true,"href":"https:\/\/www.oaxaca.gob.mx\/ieepo\/wp-json\/wp\/v2\/users\/87"}],"replies":[{"embeddable":true,"href":"https:\/\/www.oaxaca.gob.mx\/ieepo\/wp-json\/wp\/v2\/comments?post=33357"}],"version-history":[{"count":2,"href":"https:\/\/www.oaxaca.gob.mx\/ieepo\/wp-json\/wp\/v2\/pages\/33357\/revisions"}],"predecessor-version":[{"id":33359,"href":"https:\/\/www.oaxaca.gob.mx\/ieepo\/wp-json\/wp\/v2\/pages\/33357\/revisions\/33359"}],"wp:attachment":[{"href":"https:\/\/www.oaxaca.gob.mx\/ieepo\/wp-json\/wp\/v2\/media?parent=33357"}],"wp:term":[{"taxonomy":"category","embeddable":true,"href":"https:\/\/www.oaxaca.gob.mx\/ieepo\/wp-json\/wp\/v2\/categories?post=33357"},{"taxonomy":"post_tag","embeddable":true,"href":"https:\/\/www.oaxaca.gob.mx\/ieepo\/wp-json\/wp\/v2\/tags?post=33357"}],"curies":[{"name":"wp","href":"https:\/\/api.w.org\/{rel}","templated":true}]}}