{"id":1839,"date":"2018-10-15T11:59:25","date_gmt":"2018-10-15T17:59:25","guid":{"rendered":"https:\/\/www.oaxaca.gob.mx\/ieepo\/portal\/?page_id=1839"},"modified":"2018-10-15T11:59:25","modified_gmt":"2018-10-15T17:59:25","slug":"sigamos-aprendiendoen-el-hospital","status":"publish","type":"page","link":"https:\/\/www.oaxaca.gob.mx\/ieepo\/sigamos-aprendiendoen-el-hospital\/","title":{"rendered":"Sigamos aprendiendo\u2026 en el hospital"},"content":{"rendered":"<div class=\"row\">\n<div class=\"col-md-8 col-sm-8 col-xs-12\">\n<p>El Programa \u201cSigamos aprendiendo\u2026en el hospital\u201d surge de un convenio suscrito en la Ciudad de M\u00e9xico, entre el Secretario de Educaci\u00f3n P\u00fablica y el Secretario de Salud el 9 de marzo de 2005, \u201cambas dependencias de la Administraci\u00f3n P\u00fablica Federal Centralizada manifestaron que la educaci\u00f3n y la salud son servicios p\u00fablicos a los que deben tener acceso todos los mexicanos.<\/p>\n<p>En el estado de Oaxaca, el PSAH, actualmente funciona en 7 hospitales.<\/p>\n<\/div>\n<div class=\"col-md-4 col-sm-4 col-xs-12\">\n<p>&nbsp;<\/p>\n<p><a href=\"https:\/\/www.gob.mx\/salud\/acciones-y-programas\/programa-sigamos-aprendiendo-en-el-hospital\" target=\"_blank\" rel=\"noopener noreferrer\"><img loading=\"lazy\" decoding=\"async\" class=\"img-responsive center-block\" src=\"\/ieepo\/wp-content\/uploads\/sites\/75\/2018\/10\/Sigamos-Aprendiendo-385x230.jpg\" alt=\"Sigamos aprendiendo\" width=\"187\" height=\"187\" \/><\/a><\/p>\n<\/div>\n<\/div>\n<p>Hospital de la Ni\u00f1ez Oaxaque\u00f1a, \u201cDr. Guillermo Z\u00e1rate Mijangos\u201d Hospital General Dr. Aurelio Valdivieso, Hospital Regional de Juchit\u00e1n de Zaragoza \u201cDr. Macedonio Ben\u00edtez Fuentes\u201d Hospital Regional del Instituto Mexicano del Seguro Social \u201cDr. Demetrio Mayoral Pardo\u201d, Hospital Regional de San Juan Bautista Tuxtepec, Hospital Regional \u201cPresidente Ju\u00e1rez\u201d, y el Hospital de Alta Especialidad de la Ciudad y Puerto de Salina Cruz.<\/p>\n<p>En Oaxaca las instituciones que hacen posible que funcione el PSAH son: el sector Salud y el IEEPO, cada una tiene sus propias responsabilidades, el \u00e9xito del mismo se debe al trabajo en conjunto. <\/p>\n<p><strong>\u00a0<\/strong><strong style=\"font-weight: bold\">Objetivo General. <\/strong><\/p>\n<p>Contribuir a la disminuci\u00f3n del rezago educativo fortaleciendo la atenci\u00f3n educativa a la poblaci\u00f3n de educaci\u00f3n b\u00e1sica, permitiendo dar una respuesta a la demanda psicopedag\u00f3gica para ni\u00f1as, ni\u00f1os y adolescentes en estado de vulnerabilidad con padecimientos, brind\u00e1ndoles la oportunidad de continuar con su escolaridad dentro del hospital.<\/p>\n<p><strong style=\"font-weight: bold\">Misi\u00f3n.<\/strong><\/p>\n<p>Garantizar a los pacientes-alumnos de educaci\u00f3n b\u00e1sica, hospitalizados, o que tengan visitas recurrentes al hospital puedan continuar con sus estudios, iniciarlos y reintegrarlos a sus escuelas de origen.<\/p>\n<p><strong>\u00a0<\/strong><strong style=\"font-weight: bold\">Visi\u00f3n.<\/strong><\/p>\n<p>Impartir una autentica formaci\u00f3n humana de calidad a pacientes-alumnos hospitalizados, proporcionando una educaci\u00f3n integral en todas las dimensiones de su personalidad.<\/p>\n<p>El personal adscrito al PSAH, contar\u00e1 con un perfil id\u00f3neo para garantizar un desempe\u00f1o eficiente en el ejercicio de sus funciones.<\/p>\n<p>El personal del PSAH suma sus esfuerzos a los que despliega el Instituto Estatal de Educaci\u00f3n P\u00fablica de Oaxaca a trav\u00e9s de la Direcci\u00f3n de Desarrollo Educativo (DDE) con el prop\u00f3sito de impulsar la pertinencia y equidad de la educaci\u00f3n de los pacientes alumnos de preescolar, primaria y secundaria, que asisten a las aulas hospitalarias mediante el dise\u00f1o y promoci\u00f3n de iniciativas que fomenten la mejora continua de los servicios educativos.<\/p>\n<p>Durante el ciclo escolar 2017-2018, se atendieron 2598 alumnos.<\/p>\n<p>&nbsp;<\/p>\n<p><strong style=\"font-weight: bold\">Cont\u00e1ctanos<\/strong><\/p>\n<p>Tel\u00e9fonos:  51 68971 y 51 30761 (Ext.105)<br \/>\nMtro. Guillermo Marcial V\u00e1squez <\/p>\n","protected":false},"excerpt":{"rendered":"excerpt","protected":false},"author":1,"featured_media":0,"parent":0,"menu_order":0,"comment_status":"closed","ping_status":"closed","template":"","meta":{"episode_type":"","audio_file":"","podmotor_file_id":"","podmotor_episode_id":"","cover_image":"","cover_image_id":"","duration":"","filesize":"","filesize_raw":"","date_recorded":"","explicit":"","block":"","footnotes":""},"categories":[],"tags":[],"class_list":["post-1839","page","type-page","status-publish","hentry"],"acf":[],"publishpress_future_action":{"enabled":false,"date":"2026-04-22 18:13:17","action":"change-status","newStatus":"draft","terms":[],"taxonomy":"category","extraData":[]},"publishpress_future_workflow_manual_trigger":{"enabledWorkflows":[]},"_links":{"self":[{"href":"https:\/\/www.oaxaca.gob.mx\/ieepo\/wp-json\/wp\/v2\/pages\/1839","targetHints":{"allow":["GET"]}}],"collection":[{"href":"https:\/\/www.oaxaca.gob.mx\/ieepo\/wp-json\/wp\/v2\/pages"}],"about":[{"href":"https:\/\/www.oaxaca.gob.mx\/ieepo\/wp-json\/wp\/v2\/types\/page"}],"author":[{"embeddable":true,"href":"https:\/\/www.oaxaca.gob.mx\/ieepo\/wp-json\/wp\/v2\/users\/1"}],"replies":[{"embeddable":true,"href":"https:\/\/www.oaxaca.gob.mx\/ieepo\/wp-json\/wp\/v2\/comments?post=1839"}],"version-history":[{"count":0,"href":"https:\/\/www.oaxaca.gob.mx\/ieepo\/wp-json\/wp\/v2\/pages\/1839\/revisions"}],"wp:attachment":[{"href":"https:\/\/www.oaxaca.gob.mx\/ieepo\/wp-json\/wp\/v2\/media?parent=1839"}],"wp:term":[{"taxonomy":"category","embeddable":true,"href":"https:\/\/www.oaxaca.gob.mx\/ieepo\/wp-json\/wp\/v2\/categories?post=1839"},{"taxonomy":"post_tag","embeddable":true,"href":"https:\/\/www.oaxaca.gob.mx\/ieepo\/wp-json\/wp\/v2\/tags?post=1839"}],"curies":[{"name":"wp","href":"https:\/\/api.w.org\/{rel}","templated":true}]}}