{"id":7798,"date":"2025-07-07T11:34:02","date_gmt":"2025-07-07T17:34:02","guid":{"rendered":"https:\/\/www.oaxaca.gob.mx\/ieea\/?page_id=7798"},"modified":"2025-09-23T11:22:48","modified_gmt":"2025-09-23T17:22:48","slug":"presupuesto-2do-trimestre-2025","status":"publish","type":"page","link":"https:\/\/www.oaxaca.gob.mx\/ieea\/presupuesto-2do-trimestre-2025\/","title":{"rendered":"Presupuesto 2do Trimestre 2025"},"content":{"rendered":"<p><a href=\"https:\/\/www.oaxaca.gob.mx\/ieea\/wp-content\/uploads\/sites\/49\/2025\/07\/ESTADOS-FINANCIEROS-ABRIL-2025.pdf\">ESTADOS FINANCIEROS ABRIL<\/a><\/p>\n<p><a href=\"https:\/\/www.oaxaca.gob.mx\/ieea\/wp-content\/uploads\/sites\/49\/2025\/07\/ESTADOS-FINANCIEROS-MAYO-2025.pdf\">ESTADOS FINANCIEROS MAYO<\/a><\/p>\n<p><a href=\"https:\/\/www.oaxaca.gob.mx\/ieea\/wp-content\/uploads\/sites\/49\/2025\/07\/ESTADOS-FINANCIEROS-JUNIO-2025.pdf\">ESTADOS FINANCIEROS JUNIO\u00a0<\/a><\/p>\n<p><a href=\"https:\/\/www.oaxaca.gob.mx\/ieea\/wp-content\/uploads\/sites\/49\/2025\/07\/Pagos-por-ayudas-subsidios-2\u00b0-trimestre-2025.doc\">Pagos por ayudas subsidios 2\u00b0 trimestre 2025<\/a><\/p>\n<p><a href=\"https:\/\/www.oaxaca.gob.mx\/ieea\/wp-content\/uploads\/sites\/49\/2025\/07\/SEGUNDO-INFORME-DE-AVANCE-DE-GESTION-FINANCIERA-ENE-JUN-2025.pdf\">SEGUNDO INFORME DE AVANCE DE GESTION FINANCIERA ENE-JUN 2025<\/a><\/p>\n<p><a href=\"https:\/\/www.oaxaca.gob.mx\/ieea\/wp-content\/uploads\/sites\/49\/2025\/09\/ReporteFinal-2do-Trimestre-2025.xlsx\">ReporteFinal 2do Trimestre 2025<\/a><\/p>\n<h4><em>CONAC<\/em><\/h4>\n<p>&nbsp;<\/p>\n<p style=\"text-align: left\"><a href=\"https:\/\/www.oaxaca.gob.mx\/ieea\/wp-content\/uploads\/sites\/49\/2025\/07\/Analitico-de-Categorias-Plazas-Autorizadas-con-su-Tabulador.pdf\">Anal\u00edtico de Categor\u00edas Plazas Autorizadas con su Tabulador<\/a><br \/>\n<a href=\"https:\/\/www.oaxaca.gob.mx\/ieea\/wp-content\/uploads\/sites\/49\/2025\/07\/Catalogo-de-Categorias-y-Tabuladores.pdf\">Cat\u00e1logo de Categor\u00edas y Tabuladores<\/a><br \/>\n<a href=\"https:\/\/www.oaxaca.gob.mx\/ieea\/wp-content\/uploads\/sites\/49\/2025\/07\/Catalogo-de-Percepciones-y-Deducciones.pdf\">Cat\u00e1logo de Percepciones y Deducciones<\/a><br \/>\n<a href=\"https:\/\/www.oaxaca.gob.mx\/ieea\/wp-content\/uploads\/sites\/49\/2025\/07\/Movimientos-de-Personal-por-Centro-de-Trabajo.pdf\">Movimientos de Personal por Centro de Trabajo<\/a><br \/>\n<a href=\"https:\/\/www.oaxaca.gob.mx\/ieea\/wp-content\/uploads\/sites\/49\/2025\/07\/Movimientos-de-Plazas.pdf\">Movimientos de Plazas<\/a><br \/>\n<a href=\"https:\/\/www.oaxaca.gob.mx\/ieea\/wp-content\/uploads\/sites\/49\/2025\/07\/Personal-Comisionado.pdf\">Personal Comisionado<\/a><br \/>\n<a href=\"https:\/\/www.oaxaca.gob.mx\/ieea\/wp-content\/uploads\/sites\/49\/2025\/07\/Personal-con-Licencia.pdf\">Personal con Licencia<\/a><br \/>\n<a href=\"https:\/\/www.oaxaca.gob.mx\/ieea\/wp-content\/uploads\/sites\/49\/2025\/07\/Personal-Federalizado-por-RFC.pdf\">Personal Federalizado por RFC<\/a><br \/>\n<a href=\"https:\/\/www.oaxaca.gob.mx\/ieea\/wp-content\/uploads\/sites\/49\/2025\/07\/Plaza-Funcion.pdf\">Plaza Funci\u00f3n<\/a><br \/>\n<a href=\"https:\/\/www.oaxaca.gob.mx\/ieea\/wp-content\/uploads\/sites\/49\/2025\/07\/RFC-de-Trabajadores-con-Pagos-Retroactivos-con-un-periodo-mayor-a-45-dias.pdf\">RFC de Trabajadores con Pagos Retroactivos con un periodo mayor a 45 d\u00edas<\/a><br \/>\n<a href=\"https:\/\/www.oaxaca.gob.mx\/ieea\/wp-content\/uploads\/sites\/49\/2025\/07\/Trabajadores-con-Doble-Asignacion-Salarial-en-Municipios-no-Colindantes-Geograficamente.pdf\">Trabajadores con Doble Asignaci\u00f3n Salarial en Municipios no Colindantes Geogr\u00e1ficamente<\/a><br \/>\n<a href=\"https:\/\/www.oaxaca.gob.mx\/ieea\/wp-content\/uploads\/sites\/49\/2025\/07\/Trabajadores-Contratados-por-Honorarios-en-el-Periodo.pdf\">Trabajadores Contratados por Honorarios en el Periodo<\/a><br \/>\n<a href=\"https:\/\/www.oaxaca.gob.mx\/ieea\/wp-content\/uploads\/sites\/49\/2025\/07\/Trabajadores-cuyo-Salario-Basico-supere-los-Ingresos-Promedio.pdf\">Trabajadores cuyo Salario B\u00e1sico supere los Ingresos Promedio<\/a><br \/>\n<a href=\"https:\/\/www.oaxaca.gob.mx\/ieea\/wp-content\/uploads\/sites\/49\/2025\/07\/Trabajadores-Jubilados-en-el-Periodo.pdf\">Trabajadores Jubilados en el Periodo<\/a><br \/>\n<a href=\"https:\/\/www.oaxaca.gob.mx\/ieea\/wp-content\/uploads\/sites\/49\/2025\/07\/Trabajadores-Ocupando-Plazas-que-superan-el-Numero-de-Horas-de-Compatibilidad.pdf\">Trabajadores Ocupando Plazas que superan el N\u00famero de Horas de Compatibilidad<\/a><br \/>\n<a href=\"https:\/\/www.oaxaca.gob.mx\/ieea\/wp-content\/uploads\/sites\/49\/2025\/07\/Trabajadores-que-cobran-con-RFC-CURP-con-Formato-Incorrecto.pdf\">Trabajadores que cobran con RFC CURP con Formato Incorrecto<\/a><br \/>\n<a href=\"https:\/\/www.oaxaca.gob.mx\/ieea\/wp-content\/uploads\/sites\/49\/2025\/07\/Trabajadores-que-Tramitaron-Licencia-Prejubilatoria-en-el-periodo.pdf\">Trabajadores que Tramitar\u00f3n Licencia Prejubilatoria en el periodo<\/a><\/p>\n<p>&nbsp;<\/p>\n<p>&nbsp;<\/p>\n<p>&nbsp;<\/p>\n<p>&nbsp;<\/p>\n","protected":false},"excerpt":{"rendered":"<p>ESTADOS FINANCIEROS ABRIL ESTADOS FINANCIEROS MAYO ESTADOS FINANCIEROS JUNIO\u00a0 Pagos por ayudas subsidios 2\u00b0 trimestre 2025 SEGUNDO INFORME DE AVANCE DE GESTION FINANCIERA ENE-JUN 2025 ReporteFinal 2do Trimestre 2025 CONAC &nbsp; Anal\u00edtico de Categor\u00edas Plazas Autorizadas con su Tabulador Cat\u00e1logo de Categor\u00edas y Tabuladores Cat\u00e1logo de Percepciones y Deducciones Movimientos de Personal por Centro de [&hellip;]<\/p>\n","protected":false},"author":58,"featured_media":0,"parent":0,"menu_order":0,"comment_status":"closed","ping_status":"closed","template":"","meta":{"episode_type":"","audio_file":"","podmotor_file_id":"","podmotor_episode_id":"","cover_image":"","cover_image_id":"","duration":"","filesize":"","filesize_raw":"","date_recorded":"","explicit":"","block":"","itunes_episode_number":"","itunes_title":"","itunes_season_number":"","itunes_episode_type":"","footnotes":""},"categories":[],"tags":[],"class_list":["post-7798","page","type-page","status-publish","hentry"],"acf":[],"publishpress_future_action":{"enabled":false,"date":"2026-04-20 12:33:58","action":"change-status","newStatus":"draft","terms":[],"taxonomy":"category","extraData":[]},"publishpress_future_workflow_manual_trigger":{"enabledWorkflows":[]},"_links":{"self":[{"href":"https:\/\/www.oaxaca.gob.mx\/ieea\/wp-json\/wp\/v2\/pages\/7798","targetHints":{"allow":["GET"]}}],"collection":[{"href":"https:\/\/www.oaxaca.gob.mx\/ieea\/wp-json\/wp\/v2\/pages"}],"about":[{"href":"https:\/\/www.oaxaca.gob.mx\/ieea\/wp-json\/wp\/v2\/types\/page"}],"author":[{"embeddable":true,"href":"https:\/\/www.oaxaca.gob.mx\/ieea\/wp-json\/wp\/v2\/users\/58"}],"replies":[{"embeddable":true,"href":"https:\/\/www.oaxaca.gob.mx\/ieea\/wp-json\/wp\/v2\/comments?post=7798"}],"version-history":[{"count":2,"href":"https:\/\/www.oaxaca.gob.mx\/ieea\/wp-json\/wp\/v2\/pages\/7798\/revisions"}],"predecessor-version":[{"id":8035,"href":"https:\/\/www.oaxaca.gob.mx\/ieea\/wp-json\/wp\/v2\/pages\/7798\/revisions\/8035"}],"wp:attachment":[{"href":"https:\/\/www.oaxaca.gob.mx\/ieea\/wp-json\/wp\/v2\/media?parent=7798"}],"wp:term":[{"taxonomy":"category","embeddable":true,"href":"https:\/\/www.oaxaca.gob.mx\/ieea\/wp-json\/wp\/v2\/categories?post=7798"},{"taxonomy":"post_tag","embeddable":true,"href":"https:\/\/www.oaxaca.gob.mx\/ieea\/wp-json\/wp\/v2\/tags?post=7798"}],"curies":[{"name":"wp","href":"https:\/\/api.w.org\/{rel}","templated":true}]}}