{"id":32,"date":"2016-04-01T16:09:28","date_gmt":"2016-04-01T22:09:28","guid":{"rendered":"https:\/\/www.oaxaca.gob.mx\/icapet\/?p=33"},"modified":"2025-12-23T12:52:21","modified_gmt":"2025-12-23T18:52:21","slug":"mision-y-vision","status":"publish","type":"page","link":"https:\/\/www.oaxaca.gob.mx\/icapet\/mision-y-vision\/","title":{"rendered":"Misi\u00f3n, Visi\u00f3n y Objetivos"},"content":{"rendered":"<p><strong>Misi\u00f3n<\/strong>:<\/p>\n<p>Brindar capacitaci\u00f3n para y en el trabajo, proporcionando conocimientos, habilidades y destrezas que contribuyan al aumento de la productividad y a la satisfacci\u00f3n de las necesidades de las organizaciones productivas y empresas.<\/p>\n<p>&nbsp;<\/p>\n<p><strong>Visi\u00f3n<\/strong>:<\/p>\n<p>Ser, en el \u00e1mbito nacional, una Instituci\u00f3n p\u00fablica l\u00edder en brindar los servicios de capacitaci\u00f3n y certificaci\u00f3n de las competencias laborales, a personas que demandan los sectores productivos y sociales.<\/p>\n<p>&nbsp;<\/p>\n<p><strong>Objetivo General de la UR:<\/strong><\/p>\n<p>Impulsar el empleo digno en el estado de Oaxaca mediante la capacitaci\u00f3n y certificaci\u00f3n de competencias para el empleo que permita mejorar las condiciones de bienestar de la poblaci\u00f3n.<\/p>\n<p>&nbsp;<\/p>\n<p><strong>Objetivo Estrat\u00e9gico de la UR:<\/strong><\/p>\n<p>Fortalecer las habilidades para el empleo de la poblaci\u00f3n econ\u00f3micamente activa, as\u00ed como la productividad de las unidades econ\u00f3micas mediante la capacitaci\u00f3n y certificaci\u00f3n de competencias para el empleo y la mejora de la productividad.<\/p>\n","protected":false},"excerpt":{"rendered":"<p>Misi\u00f3n: Brindar capacitaci\u00f3n para y en el trabajo, proporcionando conocimientos, habilidades y destrezas que contribuyan al aumento de la productividad y a la satisfacci\u00f3n de las necesidades de las organizaciones productivas y empresas. &nbsp; Visi\u00f3n: Ser, en el \u00e1mbito nacional, una Instituci\u00f3n p\u00fablica l\u00edder en brindar los servicios de capacitaci\u00f3n y certificaci\u00f3n de las competencias [&hellip;]<\/p>\n","protected":false},"author":1,"featured_media":45,"parent":0,"menu_order":0,"comment_status":"closed","ping_status":"closed","template":"","meta":{"episode_type":"","audio_file":"","podmotor_file_id":"","podmotor_episode_id":"","cover_image":"","cover_image_id":"","duration":"","filesize":"","filesize_raw":"","date_recorded":"","explicit":"","block":"","itunes_episode_number":"","itunes_title":"","itunes_season_number":"","itunes_episode_type":"","footnotes":""},"categories":[],"tags":[],"class_list":["post-32","page","type-page","status-publish","has-post-thumbnail","hentry"],"acf":[],"publishpress_future_action":{"enabled":false,"date":"2026-05-11 04:43:12","action":"change-status","newStatus":"draft","terms":[],"taxonomy":"category","extraData":[]},"publishpress_future_workflow_manual_trigger":{"enabledWorkflows":[]},"_links":{"self":[{"href":"https:\/\/www.oaxaca.gob.mx\/icapet\/wp-json\/wp\/v2\/pages\/32","targetHints":{"allow":["GET"]}}],"collection":[{"href":"https:\/\/www.oaxaca.gob.mx\/icapet\/wp-json\/wp\/v2\/pages"}],"about":[{"href":"https:\/\/www.oaxaca.gob.mx\/icapet\/wp-json\/wp\/v2\/types\/page"}],"author":[{"embeddable":true,"href":"https:\/\/www.oaxaca.gob.mx\/icapet\/wp-json\/wp\/v2\/users\/1"}],"replies":[{"embeddable":true,"href":"https:\/\/www.oaxaca.gob.mx\/icapet\/wp-json\/wp\/v2\/comments?post=32"}],"version-history":[{"count":2,"href":"https:\/\/www.oaxaca.gob.mx\/icapet\/wp-json\/wp\/v2\/pages\/32\/revisions"}],"predecessor-version":[{"id":24790,"href":"https:\/\/www.oaxaca.gob.mx\/icapet\/wp-json\/wp\/v2\/pages\/32\/revisions\/24790"}],"wp:featuredmedia":[{"embeddable":true,"href":"https:\/\/www.oaxaca.gob.mx\/icapet\/wp-json\/wp\/v2\/media\/45"}],"wp:attachment":[{"href":"https:\/\/www.oaxaca.gob.mx\/icapet\/wp-json\/wp\/v2\/media?parent=32"}],"wp:term":[{"taxonomy":"category","embeddable":true,"href":"https:\/\/www.oaxaca.gob.mx\/icapet\/wp-json\/wp\/v2\/categories?post=32"},{"taxonomy":"post_tag","embeddable":true,"href":"https:\/\/www.oaxaca.gob.mx\/icapet\/wp-json\/wp\/v2\/tags?post=32"}],"curies":[{"name":"wp","href":"https:\/\/api.w.org\/{rel}","templated":true}]}}