{"id":24876,"date":"2025-12-31T14:57:59","date_gmt":"2025-12-31T20:57:59","guid":{"rendered":"https:\/\/www.oaxaca.gob.mx\/icapet\/?page_id=24876"},"modified":"2025-12-31T14:57:59","modified_gmt":"2025-12-31T20:57:59","slug":"oficina-de-atencion-teotitlan-de-flores-magon","status":"publish","type":"page","link":"https:\/\/www.oaxaca.gob.mx\/icapet\/oficina-de-atencion-teotitlan-de-flores-magon\/","title":{"rendered":"Oficina de Atenci\u00f3n Teotitl\u00e1n de Flores Mag\u00f3n"},"content":{"rendered":"<h1>Oficina de Atenci\u00f3n Teotitl\u00e1n de Flores Mag\u00f3n<\/h1>\n<p>&nbsp;<\/p>\n<table>\n<tbody>\n<tr>\n<th width=\"300\"><\/th>\n<th style=\"text-align: left\" width=\"500\">Nombre:<br \/>\nEncargado de la Oficina de Teotitl\u00e1n de Flores Mag\u00f3n<br \/>\nDirecci\u00f3n:<br \/>\nTel:<br \/>\nCorreo electr\u00f3nico: tetotitlanicapet04gmail.com<br \/>\nFacebook: <a href=\"\/\/www.facebook.com\/Icapet01Teotitlan\"><img loading=\"lazy\" decoding=\"async\" class=\"alignnone wp-image-24798 size-thumbnail\" src=\"https:\/\/www.oaxaca.gob.mx\/icapet\/wp-content\/uploads\/sites\/4\/2025\/12\/facebook-1-150x150.png\" alt=\"\" width=\"25\" height=\"25\" srcset=\"https:\/\/www.oaxaca.gob.mx\/icapet\/wp-content\/uploads\/sites\/4\/2025\/12\/facebook-1-150x150.png 150w, https:\/\/www.oaxaca.gob.mx\/icapet\/wp-content\/uploads\/sites\/4\/2025\/12\/facebook-1-300x300.png 300w, https:\/\/www.oaxaca.gob.mx\/icapet\/wp-content\/uploads\/sites\/4\/2025\/12\/facebook-1.png 512w\" sizes=\"auto, (max-width: 25px) 100vw, 25px\" \/><\/a><\/th>\n<\/tr>\n<\/tbody>\n<\/table>\n<p>&nbsp;<\/p>\n","protected":false},"excerpt":{"rendered":"<p>Oficina de Atenci\u00f3n Teotitl\u00e1n de Flores Mag\u00f3n &nbsp; Nombre: Encargado de la Oficina de Teotitl\u00e1n de Flores Mag\u00f3n Direcci\u00f3n: Tel: Correo electr\u00f3nico: tetotitlanicapet04gmail.com Facebook: &nbsp;<\/p>\n","protected":false},"author":3,"featured_media":0,"parent":0,"menu_order":0,"comment_status":"closed","ping_status":"closed","template":"","meta":{"episode_type":"","audio_file":"","podmotor_file_id":"","podmotor_episode_id":"","cover_image":"","cover_image_id":"","duration":"","filesize":"","filesize_raw":"","date_recorded":"","explicit":"","block":"","itunes_episode_number":"","itunes_title":"","itunes_season_number":"","itunes_episode_type":"","footnotes":""},"categories":[],"tags":[],"class_list":["post-24876","page","type-page","status-publish","hentry"],"acf":[],"publishpress_future_action":{"enabled":false,"date":"2026-04-24 05:47:05","action":"change-status","newStatus":"draft","terms":[],"taxonomy":"category","extraData":[]},"publishpress_future_workflow_manual_trigger":{"enabledWorkflows":[]},"_links":{"self":[{"href":"https:\/\/www.oaxaca.gob.mx\/icapet\/wp-json\/wp\/v2\/pages\/24876","targetHints":{"allow":["GET"]}}],"collection":[{"href":"https:\/\/www.oaxaca.gob.mx\/icapet\/wp-json\/wp\/v2\/pages"}],"about":[{"href":"https:\/\/www.oaxaca.gob.mx\/icapet\/wp-json\/wp\/v2\/types\/page"}],"author":[{"embeddable":true,"href":"https:\/\/www.oaxaca.gob.mx\/icapet\/wp-json\/wp\/v2\/users\/3"}],"replies":[{"embeddable":true,"href":"https:\/\/www.oaxaca.gob.mx\/icapet\/wp-json\/wp\/v2\/comments?post=24876"}],"version-history":[{"count":1,"href":"https:\/\/www.oaxaca.gob.mx\/icapet\/wp-json\/wp\/v2\/pages\/24876\/revisions"}],"predecessor-version":[{"id":24877,"href":"https:\/\/www.oaxaca.gob.mx\/icapet\/wp-json\/wp\/v2\/pages\/24876\/revisions\/24877"}],"wp:attachment":[{"href":"https:\/\/www.oaxaca.gob.mx\/icapet\/wp-json\/wp\/v2\/media?parent=24876"}],"wp:term":[{"taxonomy":"category","embeddable":true,"href":"https:\/\/www.oaxaca.gob.mx\/icapet\/wp-json\/wp\/v2\/categories?post=24876"},{"taxonomy":"post_tag","embeddable":true,"href":"https:\/\/www.oaxaca.gob.mx\/icapet\/wp-json\/wp\/v2\/tags?post=24876"}],"curies":[{"name":"wp","href":"https:\/\/api.w.org\/{rel}","templated":true}]}}