{"id":1016,"date":"2017-07-04T09:29:10","date_gmt":"2017-07-04T15:29:10","guid":{"rendered":"https:\/\/www.oaxaca.gob.mx\/icapet\/?p=1019"},"modified":"2024-10-22T13:33:13","modified_gmt":"2024-10-22T19:33:13","slug":"etapas-del-proceso-de-certificacion","status":"publish","type":"page","link":"https:\/\/www.oaxaca.gob.mx\/icapet\/etapas-del-proceso-de-certificacion\/","title":{"rendered":"Etapas del proceso de Certificaci\u00f3n"},"content":{"rendered":"<p><strong>1.- Curso de alineaci\u00f3n (opcional)<\/strong><\/p>\n<p>Alinea conocimientos y aptitudes con las que cuenta el candidato<\/p>\n<p><strong>2.- Evaluaci\u00f3n de est\u00e1ndar de competencia laboral<\/strong><\/p>\n<p>Examen te\u00f3rico-pr\u00e1ctico de acuerdo al est\u00e1ndar de competencia laboral<\/p>\n<p><strong>3.-Expedici\u00f3n del certificado del est\u00e1ndar de competencia laboral<\/strong><\/p>\n","protected":false},"excerpt":{"rendered":"<p>1.- Curso de alineaci\u00f3n (opcional) Alinea conocimientos y aptitudes con las que cuenta el candidato 2.- Evaluaci\u00f3n de est\u00e1ndar de competencia laboral Examen te\u00f3rico-pr\u00e1ctico de acuerdo al est\u00e1ndar de competencia laboral 3.-Expedici\u00f3n del certificado del est\u00e1ndar de competencia laboral<\/p>\n","protected":false},"author":1,"featured_media":1023,"parent":0,"menu_order":0,"comment_status":"closed","ping_status":"closed","template":"","meta":{"episode_type":"","audio_file":"","podmotor_file_id":"","podmotor_episode_id":"","cover_image":"","cover_image_id":"","duration":"","filesize":"","filesize_raw":"","date_recorded":"","explicit":"","block":"","itunes_episode_number":"","itunes_title":"","itunes_season_number":"","itunes_episode_type":"","footnotes":""},"categories":[],"tags":[],"class_list":["post-1016","page","type-page","status-publish","has-post-thumbnail","hentry"],"acf":[],"publishpress_future_action":{"enabled":false,"date":"2026-05-15 01:43:47","action":"change-status","newStatus":"draft","terms":[],"taxonomy":"category","extraData":[]},"publishpress_future_workflow_manual_trigger":{"enabledWorkflows":[]},"_links":{"self":[{"href":"https:\/\/www.oaxaca.gob.mx\/icapet\/wp-json\/wp\/v2\/pages\/1016","targetHints":{"allow":["GET"]}}],"collection":[{"href":"https:\/\/www.oaxaca.gob.mx\/icapet\/wp-json\/wp\/v2\/pages"}],"about":[{"href":"https:\/\/www.oaxaca.gob.mx\/icapet\/wp-json\/wp\/v2\/types\/page"}],"author":[{"embeddable":true,"href":"https:\/\/www.oaxaca.gob.mx\/icapet\/wp-json\/wp\/v2\/users\/1"}],"replies":[{"embeddable":true,"href":"https:\/\/www.oaxaca.gob.mx\/icapet\/wp-json\/wp\/v2\/comments?post=1016"}],"version-history":[{"count":2,"href":"https:\/\/www.oaxaca.gob.mx\/icapet\/wp-json\/wp\/v2\/pages\/1016\/revisions"}],"predecessor-version":[{"id":24387,"href":"https:\/\/www.oaxaca.gob.mx\/icapet\/wp-json\/wp\/v2\/pages\/1016\/revisions\/24387"}],"wp:featuredmedia":[{"embeddable":true,"href":"https:\/\/www.oaxaca.gob.mx\/icapet\/wp-json\/wp\/v2\/media\/1023"}],"wp:attachment":[{"href":"https:\/\/www.oaxaca.gob.mx\/icapet\/wp-json\/wp\/v2\/media?parent=1016"}],"wp:term":[{"taxonomy":"category","embeddable":true,"href":"https:\/\/www.oaxaca.gob.mx\/icapet\/wp-json\/wp\/v2\/categories?post=1016"},{"taxonomy":"post_tag","embeddable":true,"href":"https:\/\/www.oaxaca.gob.mx\/icapet\/wp-json\/wp\/v2\/tags?post=1016"}],"curies":[{"name":"wp","href":"https:\/\/api.w.org\/{rel}","templated":true}]}}