{"id":8909,"date":"2025-02-25T11:27:12","date_gmt":"2025-02-25T17:27:12","guid":{"rendered":"https:\/\/www.oaxaca.gob.mx\/honestidad\/?page_id=8909"},"modified":"2026-03-31T16:42:32","modified_gmt":"2026-03-31T22:42:32","slug":"registro-padeco","status":"publish","type":"page","link":"https:\/\/www.oaxaca.gob.mx\/honestidad\/registro-padeco\/","title":{"rendered":"Registro PADECO"},"content":{"rendered":"<div class=\"su-tabs su-tabs-style-default su-tabs-mobile-stack\" data-active=\"1\" data-scroll-offset=\"0\" data-anchor-in-url=\"no\"><div class=\"su-tabs-nav\"><span class=\"\" data-url=\"\" data-target=\"blank\" tabindex=\"0\" role=\"button\">Descripci\u00f3n<\/span><span class=\"\" data-url=\"\" data-target=\"blank\" tabindex=\"0\" role=\"button\">Marco Normativo<\/span><span class=\"\" data-url=\"\" data-target=\"blank\" tabindex=\"0\" role=\"button\">Informaci\u00f3n PADECO<\/span><span class=\"\" data-url=\"\" data-target=\"blank\" tabindex=\"0\" role=\"button\">Requisitos Persona F\u00edsica<\/span><span class=\"\" data-url=\"\" data-target=\"blank\" tabindex=\"0\" role=\"button\">Requisitos Persona Moral<\/span><\/div><div class=\"su-tabs-panes\"><div class=\"su-tabs-pane su-u-clearfix su-u-trim\" data-title=\"Descripci\u00f3n\">\n<p>EL SISTEMA PADECO ES UNA HERRAMIENTA TECNOL\u00d3GICA QUE PERMITE A LAS PERSONAS F\u00cdSICAS Y MORALES DEDICADAS A LA PRESTACI\u00d3N DE SERVICIOS PARA LA CONTRATACI\u00d3N DE OBRA P\u00daBLICA Y SERVICIOS RELACIONADOS CON LA MISMA, EN CONSONANCIA CON EL PLAN NACIONAL DE DIGITALIZACI\u00d3N, LA SIMPLIFICACI\u00d3N Y AGILIZACI\u00d3N DE LOS TR\u00c1MITES ADMINISTRATIVOS, COMO UNA FORMA DE TRANSPARENCIA Y COMBATE A LA CORRUPCI\u00d3N.<\/p>\n<p>PADECO, FUE DISE\u00d1ADO PARA OPTIMIZAR PROCESOS Y BRINDAR CERTEZA JUR\u00cdDICA A LOS CONTRATISTAS EN SU INTERACCI\u00d3N CON LA ADMINISTRACI\u00d3N P\u00daBLICA, PROMOVIENDO UNA GESTI\u00d3N M\u00c1S EFICIENTE Y ORDENADA QUE MEJORE SU EXPERIENCIA Y FORTALEZCA LA CONFIANZA EN EL SECTOR, SIENDO ESTO UN CLARO EJEMPLO DEL COMPROMISO DE \u00c9STE GOBIERNO ESTATAL CON LA MODERNIZACI\u00d3N.<\/p>\n<p><a href=\"https:\/\/padeco.oaxaca.gob.mx\/login\" target=\"_blank\" rel=\"noopener\"><img loading=\"lazy\" decoding=\"async\" class=\"alignnone size-medium wp-image-8851\" role=\"img\" src=\"https:\/\/www.oaxaca.gob.mx\/honestidad\/wp-content\/uploads\/sites\/40\/2025\/01\/padronserv-1.svg\" alt=\"\" width=\"300\" height=\"300\" \/><\/a><\/p>\n<div class=\"su-youtube su-u-responsive-media-yes\"><iframe loading=\"lazy\" width=\"600\" height=\"400\" src=\"https:\/\/www.youtube.com\/embed\/blzMeq4qXJ4?\" frameborder=\"0\" allowfullscreen allow=\"autoplay; encrypted-media; picture-in-picture\" title=\"\"><\/iframe><\/div>\n<\/div>\n<div class=\"su-tabs-pane su-u-clearfix su-u-trim\" data-title=\"Marco Normativo\">\n<p>LEY DE OBRAS P\u00daBLICAS Y SERVICIOS RELACIONADOS DEL ESTADO DE OAXACA:<\/p>\n<p><a href=\"https:\/\/sig.oaxaca.gob.mx\/prontuario\/file\/600.pdf\">https:\/\/sig.oaxaca.gob.mx\/prontuario\/file\/600.pdf<\/a><\/p>\n<p>LINEAMIENTOS GENERALES PARA LA REGULACI\u00d3N DE LOS PROCEDIMIENTOS RELATIVOS AL REGISTRO EN EL PADR\u00d3N DE CONTRATISTAS DEL ESTADO DESDE EL PRONTUARIO DE LA SHTFP:<\/p>\n<p><a href=\"https:\/\/sig.oaxaca.gob.mx\/prontuario\/file\/1147.pdf\">https:\/\/sig.oaxaca.gob.mx\/prontuario\/file\/1147.pdf<\/a><\/p>\n<\/div>\n<div class=\"su-tabs-pane su-u-clearfix su-u-trim\" data-title=\"Informaci\u00f3n PADECO\">\n<div class=\"su-accordion su-u-trim\">\n<div class=\"su-spoiler su-spoiler-style-default su-spoiler-icon-plus su-spoiler-closed\" data-scroll-offset=\"0\" data-anchor-in-url=\"no\"><div class=\"su-spoiler-title\" tabindex=\"0\" role=\"button\"><span class=\"su-spoiler-icon\"><\/span>CONTRATISTAS EMPADRONADOS EN EL EJERCICIO FISCAL 2026<\/div><div class=\"su-spoiler-content su-u-clearfix su-u-trim\">\n<a href=\"https:\/\/www.oaxaca.gob.mx\/honestidad\/wp-content\/uploads\/sites\/40\/2026\/03\/EMPADRONADOS_MARZO-2026.pdf\" class=\"pdfemb-viewer\" style=\"\" data-width=\"max\" data-height=\"max\" data-toolbar=\"top\" data-toolbar-fixed=\"on\">EMPADRONADOS_MARZO 2026<\/a>\n<\/div><\/div>\n<div class=\"su-spoiler su-spoiler-style-default su-spoiler-icon-plus su-spoiler-closed\" data-scroll-offset=\"0\" data-anchor-in-url=\"no\"><div class=\"su-spoiler-title\" tabindex=\"0\" role=\"button\"><span class=\"su-spoiler-icon\"><\/span>SOLICITUDES CANCELADAS<\/div><div class=\"su-spoiler-content su-u-clearfix su-u-trim\">\n<\/div><\/div>\n<div class=\"su-spoiler su-spoiler-style-default su-spoiler-icon-plus su-spoiler-closed\" data-scroll-offset=\"0\" data-anchor-in-url=\"no\"><div class=\"su-spoiler-title\" tabindex=\"0\" role=\"button\"><span class=\"su-spoiler-icon\"><\/span>CONTRATISTAS SUSPENDIDAS<\/div><div class=\"su-spoiler-content su-u-clearfix su-u-trim\">\n<\/div><\/div>\n<div class=\"su-spoiler su-spoiler-style-default su-spoiler-icon-plus su-spoiler-closed\" data-scroll-offset=\"0\" data-anchor-in-url=\"no\"><div class=\"su-spoiler-title\" tabindex=\"0\" role=\"button\"><span class=\"su-spoiler-icon\"><\/span>CONTRATISTAS CANCELADOS<\/div><div class=\"su-spoiler-content su-u-clearfix su-u-trim\">\n<\/div><\/div>\n<\/div>\n<\/div>\n<div class=\"su-tabs-pane su-u-clearfix su-u-trim\" data-title=\"Requisitos Persona F\u00edsica\">\n<a href=\"https:\/\/www.oaxaca.gob.mx\/honestidad\/wp-content\/uploads\/sites\/40\/2025\/03\/Fisicas.pdf\" class=\"pdfemb-viewer\" style=\"\" data-width=\"max\" data-height=\"max\" data-toolbar=\"top\" data-toolbar-fixed=\"on\">Fisicas<\/a>\n<\/div>\n<div class=\"su-tabs-pane su-u-clearfix su-u-trim\" data-title=\"Requisitos Persona Moral\">\n<a href=\"https:\/\/www.oaxaca.gob.mx\/honestidad\/wp-content\/uploads\/sites\/40\/2025\/03\/Morales.pdf\" class=\"pdfemb-viewer\" style=\"\" data-width=\"max\" data-height=\"max\" data-toolbar=\"top\" data-toolbar-fixed=\"on\">Morales<\/a>\n<\/div><\/div><\/div>\n","protected":false},"excerpt":{"rendered":"","protected":false},"author":49,"featured_media":0,"parent":0,"menu_order":0,"comment_status":"closed","ping_status":"closed","template":"","meta":{"episode_type":"","audio_file":"","podmotor_file_id":"","podmotor_episode_id":"","cover_image":"","cover_image_id":"","duration":"","filesize":"","filesize_raw":"","date_recorded":"","explicit":"","block":"","itunes_episode_number":"","itunes_title":"","itunes_season_number":"","itunes_episode_type":"","footnotes":""},"categories":[],"tags":[],"class_list":["post-8909","page","type-page","status-publish","hentry"],"acf":[],"publishpress_future_action":{"enabled":false,"date":"2026-05-04 22:46:03","action":"change-status","newStatus":"draft","terms":[],"taxonomy":"category","extraData":[]},"publishpress_future_workflow_manual_trigger":{"enabledWorkflows":[]},"_links":{"self":[{"href":"https:\/\/www.oaxaca.gob.mx\/honestidad\/wp-json\/wp\/v2\/pages\/8909","targetHints":{"allow":["GET"]}}],"collection":[{"href":"https:\/\/www.oaxaca.gob.mx\/honestidad\/wp-json\/wp\/v2\/pages"}],"about":[{"href":"https:\/\/www.oaxaca.gob.mx\/honestidad\/wp-json\/wp\/v2\/types\/page"}],"author":[{"embeddable":true,"href":"https:\/\/www.oaxaca.gob.mx\/honestidad\/wp-json\/wp\/v2\/users\/49"}],"replies":[{"embeddable":true,"href":"https:\/\/www.oaxaca.gob.mx\/honestidad\/wp-json\/wp\/v2\/comments?post=8909"}],"version-history":[{"count":2,"href":"https:\/\/www.oaxaca.gob.mx\/honestidad\/wp-json\/wp\/v2\/pages\/8909\/revisions"}],"predecessor-version":[{"id":9439,"href":"https:\/\/www.oaxaca.gob.mx\/honestidad\/wp-json\/wp\/v2\/pages\/8909\/revisions\/9439"}],"wp:attachment":[{"href":"https:\/\/www.oaxaca.gob.mx\/honestidad\/wp-json\/wp\/v2\/media?parent=8909"}],"wp:term":[{"taxonomy":"category","embeddable":true,"href":"https:\/\/www.oaxaca.gob.mx\/honestidad\/wp-json\/wp\/v2\/categories?post=8909"},{"taxonomy":"post_tag","embeddable":true,"href":"https:\/\/www.oaxaca.gob.mx\/honestidad\/wp-json\/wp\/v2\/tags?post=8909"}],"curies":[{"name":"wp","href":"https:\/\/api.w.org\/{rel}","templated":true}]}}