{"id":768,"date":"2017-01-19T12:38:09","date_gmt":"2017-01-19T18:38:09","guid":{"rendered":"https:\/\/www.oaxaca.gob.mx\/sctg\/?page_id=768"},"modified":"2025-10-28T10:49:22","modified_gmt":"2025-10-28T16:49:22","slug":"beop-2","status":"publish","type":"page","link":"https:\/\/www.oaxaca.gob.mx\/honestidad\/beop-2\/","title":{"rendered":"Servicio de Asesor\u00edas sobre Bit\u00e1cora Electr\u00f3nica y Seguimiento a Obra P\u00fablica (BESOP)."},"content":{"rendered":"<p><span style=\"color: #993300\"><strong>DESCRIPCI\u00d3N DEL SERVICIO<\/strong><\/span><\/p>\n<p><span style=\"font-weight: 400\">Se atender\u00e1n y programar\u00e1n las asesor\u00edas solicitadas en materia de Bit\u00e1cora Electr\u00f3nica y Seguimiento a Obra P\u00fablica (BESOP) mediante escrito, dicha solicitud ser\u00e1 dirigida a la Secretaria de Honestidad, Transparencia y Funci\u00f3n P\u00fablica; L.C.P. Leticia Elsa Reyes L\u00f3pez, en el cual deber\u00e1n proporcionar un correo electr\u00f3nico y un n\u00famero telef\u00f3nico para coordinar la fecha y hora en la que se llevar\u00e1 a cabo dicha asesor\u00eda.<\/span><\/p>\n<p><span style=\"color: #993300\"><strong>TIPO DE USUARIO<\/strong><\/span><\/p>\n<p><span style=\"font-weight: 400\">Servidores P\u00fablicos<\/span><b>\u00a0<\/b><span style=\"font-weight: 400\">designados por el Titular del Ente Ejecutor quienes fungir\u00e1n con el cargo de Administrador Local Estatal, Residente de Obra y Supervisor.<\/span><\/p>\n<p>&nbsp;<\/p>\n<p><span style=\"color: #993300\"><strong>REQUISITOS<\/strong><\/span><\/p>\n<p><span style=\"font-weight: 400\">Para solicitar la asesor\u00eda correspondiente al sistema de Bit\u00e1cora Electr\u00f3nica y Seguimiento a Obra P\u00fablica puede disponer del siguiente formato: Oficio de Solicitud de asesor\u00eda.<\/span><\/p>\n<p><a href=\"https:\/\/docs.google.com\/document\/d\/13g4Q81MbmUYxnYHjbB_ZbRNAAsjvnIXM\/edit?usp=share_link&amp;ouid=116802698891108084762&amp;rtpof=true&amp;sd=true\" target=\"_blank\" rel=\"noopener\">https:\/\/docs.google.com\/document\/d\/13g4Q81MbmUYxnYHjbB_ZbRNAAsjvnIXM\/edit?usp=share_link&amp;ouid=116802698891108084762&amp;rtpof=true&amp;sd=true<\/a><\/p>\n<p>&nbsp;<\/p>\n<p><span style=\"color: #993300\"><strong>TIEMPO DE RESPUESTA<\/strong><\/span><\/p>\n<p><i><span style=\"font-weight: 400\">De uno a tres d\u00edas se dar\u00e1 respuesta a la solicitud comunicando el d\u00eda, la hora, el lugar o en su caso la liga de plataforma virtual donde se llevar\u00e1 a cabo la asesor\u00eda correspondiente.<\/span><\/i><\/p>\n<p>&nbsp;<\/p>\n<p><span style=\"color: #993300\"><strong>COSTO<\/strong><\/span><\/p>\n<p>Gratuito.<\/p>\n<p>&nbsp;<\/p>\n<p><strong><span style=\"color: #993300\">DOCUMENTO O COMPROBANTE A OBTENER<\/span><\/strong><\/p>\n<p>C\u00e9dula de Trabajo. (Impartici\u00f3n de asesor\u00edas BESOP).<\/p>\n<p>&nbsp;<\/p>\n<p><span style=\"color: #993300\"><strong>D\u00cdAS Y HORARIOS DE ATENCI\u00d3N<\/strong><\/span><\/p>\n<p><span style=\"font-weight: 400\">Se atender\u00e1n las solicitudes de lunes a viernes en un horario de 09:00 a 16:00 hrs.<\/span><\/p>\n<p><span style=\"font-weight: 400\">Las asesor\u00edas ser\u00e1n programadas de acuerdo a las solicitudes y se desarrollar\u00e1n en un d\u00eda h\u00e1bil.<\/span><\/p>\n<p>&nbsp;<\/p>\n<p><strong><span style=\"color: #993300\">EN DONDE LLEVAR A CABO EL SERVICIO<\/span><\/strong><\/p>\n<p>Podr\u00e1s presentar tu solicitud en las oficinas de la Secretar\u00eda de Honestidad, Transparencia y Funci\u00f3n P\u00fablica.<\/p>\n<p>Ciudad Administrativa, Direcci\u00f3n de Auditor\u00eda \u201cC\u201d, Edificio 2 \u201cRufino Tamayo\u201d, Primer Nivel, Carretera Oaxaca-Istmo Km 11.5 Tlalixtac de Cabrera, Oaxaca C.P.68270.<\/p>\n<p><strong><span style=\"color: #993300\">\u00c1REA DONDE SE PROPORCIONA EL SERVICIO<\/span><\/strong><\/p>\n<p>Direcci\u00f3n de Auditor\u00eda \u201cC\u201d, Departamento de Seguimiento a la Inversi\u00f3n P\u00fablica.<\/p>\n<p>&nbsp;<\/p>\n<p><strong><span style=\"color: #993300\">NOMBRE DEL RESPONSABLE <\/span><\/strong><\/p>\n<p>L.C.P. Mar\u00eda de los \u00c1ngeles Mart\u00ednez Luna, Directora de Auditor\u00eda \u201cC\u201d.<\/p>\n<p>&nbsp;<\/p>\n<p><span style=\"color: #993300\"><strong>DUDAS Y SUGERENCIAS<\/strong><\/span><\/p>\n<p>Arq. Israel Valencia S\u00e1nchez, Administrador del Ente P\u00fablico Estatal.<\/p>\n<p>Comunicarse al Tel\u00e9fono 01(951) 501 5000, Ext. 10494 o a trav\u00e9s del correo electr\u00f3nico: <a href=\"mailto:israelvalencia@oaxaca.gob.mx\">israelvalencia@oaxaca.gob.mx<\/a><\/p>\n<p>&nbsp;<\/p>\n<p><strong><span style=\"color: #993300\">FUNDAMENTOS JUR\u00cdCOS QUE RIGEN ESTE TR\u00c1MITE<\/span><\/strong><\/p>\n<ul>\n<li style=\"list-style-type: none\">\n<ul>\n<li>Constituci\u00f3n Pol\u00edtica de los Estados Unidos Mexicanos.<\/li>\n<li>Ley de Obras P\u00fablicas y Servicios Relacionados con las Mismas.<\/li>\n<li>Reglamento de la Ley de Obras P\u00fablicas y Servicios Relacionados con las Mismas.<\/li>\n<li>Constituci\u00f3n Pol\u00edtica del Estado Libre y Soberano de Oaxaca.<\/li>\n<li>Ley Org\u00e1nica del Poder Ejecutivo del Estado de Oaxaca.<\/li>\n<li>Ley de Obras P\u00fablicas y Servicios relacionados del Estado de Oaxaca.<\/li>\n<li>Ley de Responsabilidades Administrativas del Estado y Municipios de Oaxaca.<\/li>\n<li>Decreto n\u00fam.731, mediante el cual se reforman, adicionan y derogan, diversas disposiciones de la Ley Org\u00e1nica del Poder Ejecutivo del Estado de Oaxaca, publicado en el peri\u00f3dico oficial del Estado de Oaxaca con fecha 30 de noviembre de 2022, que considera la actual denominaci\u00f3n jur\u00eddica de este \u00d3rgano Estatal de Control como Secretar\u00eda de Honestidad, Transparencia y Funci\u00f3n P\u00fablica.<\/li>\n<li>Reglamento Interno de la Secretar\u00eda de Honestidad Transparencia y Funci\u00f3n P\u00fablica, de fecha 17 de mayo de 2024 y su reforma de fecha 26 de marzo de 2025, publicado en el Peri\u00f3dico Oficial del Gobierno del Estado.<\/li>\n<li>Acuerdo por el que se establecen las disposiciones administrativas de car\u00e1cter general para el uso del Sistema de Bit\u00e1cora Electr\u00f3nica y Seguimiento a Obra P\u00fablica.<\/li>\n<li>Acuerdo de Coordinaci\u00f3n en materia de control interno, fiscalizaci\u00f3n, prevenci\u00f3n, detecci\u00f3n, disuasi\u00f3n de hechos de corrupci\u00f3n y mejora de la Gesti\u00f3n Gubernamental, que celebran la Secretar\u00eda de la Funci\u00f3n P\u00fablica y el Estado de Oaxaca.<\/li>\n<li>Acuerdo por el que se modifica el diverso por el que se establecen las Disposiciones Generales para la realizaci\u00f3n del Proceso de Fiscalizaci\u00f3n.<\/li>\n<li>Manual Administrativo de Aplicaci\u00f3n General en Materia de Obras P\u00fablicas y Servicios Relacionados con las Mismas.<\/li>\n<\/ul>\n<\/li>\n<\/ul>\n<p>&nbsp;<\/p>\n","protected":false},"excerpt":{"rendered":"<p>DESCRIPCI\u00d3N DEL SERVICIO Se atender\u00e1n y programar\u00e1n las asesor\u00edas solicitadas en materia de Bit\u00e1cora Electr\u00f3nica y Seguimiento a Obra P\u00fablica (BESOP) mediante escrito, dicha solicitud ser\u00e1 dirigida a la Secretaria de Honestidad, Transparencia y Funci\u00f3n P\u00fablica; L.C.P. Leticia Elsa Reyes L\u00f3pez, en el cual deber\u00e1n proporcionar un correo electr\u00f3nico y un n\u00famero telef\u00f3nico para coordinar [&hellip;]<\/p>\n","protected":false},"author":1,"featured_media":0,"parent":0,"menu_order":0,"comment_status":"closed","ping_status":"closed","template":"","meta":{"episode_type":"","audio_file":"","podmotor_file_id":"","podmotor_episode_id":"","cover_image":"","cover_image_id":"","duration":"","filesize":"","filesize_raw":"","date_recorded":"","explicit":"","block":"","itunes_episode_number":"","itunes_title":"","itunes_season_number":"","itunes_episode_type":"","footnotes":""},"categories":[],"tags":[],"class_list":["post-768","page","type-page","status-publish","hentry"],"acf":[],"publishpress_future_action":{"enabled":false,"date":"2026-04-30 08:40:54","action":"change-status","newStatus":"draft","terms":[],"taxonomy":"category","extraData":[]},"publishpress_future_workflow_manual_trigger":{"enabledWorkflows":[]},"_links":{"self":[{"href":"https:\/\/www.oaxaca.gob.mx\/honestidad\/wp-json\/wp\/v2\/pages\/768","targetHints":{"allow":["GET"]}}],"collection":[{"href":"https:\/\/www.oaxaca.gob.mx\/honestidad\/wp-json\/wp\/v2\/pages"}],"about":[{"href":"https:\/\/www.oaxaca.gob.mx\/honestidad\/wp-json\/wp\/v2\/types\/page"}],"author":[{"embeddable":true,"href":"https:\/\/www.oaxaca.gob.mx\/honestidad\/wp-json\/wp\/v2\/users\/1"}],"replies":[{"embeddable":true,"href":"https:\/\/www.oaxaca.gob.mx\/honestidad\/wp-json\/wp\/v2\/comments?post=768"}],"version-history":[{"count":3,"href":"https:\/\/www.oaxaca.gob.mx\/honestidad\/wp-json\/wp\/v2\/pages\/768\/revisions"}],"predecessor-version":[{"id":9219,"href":"https:\/\/www.oaxaca.gob.mx\/honestidad\/wp-json\/wp\/v2\/pages\/768\/revisions\/9219"}],"wp:attachment":[{"href":"https:\/\/www.oaxaca.gob.mx\/honestidad\/wp-json\/wp\/v2\/media?parent=768"}],"wp:term":[{"taxonomy":"category","embeddable":true,"href":"https:\/\/www.oaxaca.gob.mx\/honestidad\/wp-json\/wp\/v2\/categories?post=768"},{"taxonomy":"post_tag","embeddable":true,"href":"https:\/\/www.oaxaca.gob.mx\/honestidad\/wp-json\/wp\/v2\/tags?post=768"}],"curies":[{"name":"wp","href":"https:\/\/api.w.org\/{rel}","templated":true}]}}