{"id":2893,"date":"2021-05-24T15:49:15","date_gmt":"2021-05-24T20:49:15","guid":{"rendered":"https:\/\/www.oaxaca.gob.mx\/gubernatura\/?page_id=2893"},"modified":"2021-09-28T12:35:34","modified_gmt":"2021-09-28T17:35:34","slug":"aviso-de-declaracion-patrimonial","status":"publish","type":"page","link":"https:\/\/www.oaxaca.gob.mx\/gubernatura\/aviso-de-declaracion-patrimonial\/","title":{"rendered":"Avisos Acerca de la Declaraci\u00f3n Patrimonial"},"content":{"rendered":"<nav style=\"margin-bottom: 30px\">\n<div id=\"nav-tab\" class=\"nav nav-tabs\" role=\"tablist\"><a id=\"nav_tab_uno\" class=\"nav-item nav-link active\" role=\"tab\" href=\"#nav_uno\" data-toggle=\"tab\"><br \/>\nC008-Aviso de Declaraci\u00f3n Patrimonial<br \/>\n<\/a><br \/>\n<a id=\"nav_tab_dos\" class=\"nav-item nav-link\" role=\"tab\" href=\"#nav_dos\" data-toggle=\"tab\"><br \/>\nC018-Prorroga de Declaraci\u00f3n Patrimonial y de Inter\u00e9s<br \/>\n<\/a><\/div>\n<\/nav>\n<div id=\"nav-tabContent\" class=\"tab-content\">\n<div id=\"nav_uno\" class=\"tab-pane fade show active\" role=\"tabpanel\" aria-labelledby=\"nav_tab_uno\">\n<div style=\"text-align: right\"><a href=\"https:\/\/www.oaxaca.gob.mx\/gubernatura\/wp-content\/uploads\/sites\/61\/2021\/05\/Circular-08-Declaraciones.pdf\" target=\"_blank\" rel=\"noopener noreferrer\"><br \/>\nDescargar<br \/>\n<\/a>[pdf title=\u00bbtite\u00bb height=\u00bb700px\u00bb]https:\/\/www.oaxaca.gob.mx\/gubernatura\/wp-content\/uploads\/sites\/61\/2021\/05\/Circular-08-Declaraciones.pdf[\/pdf]<\/div>\n<\/div>\n<div id=\"nav_dos\" class=\"tab-pane fade show active\" role=\"tabpanel\" aria-labelledby=\"nav_tab_dos\">\n<div style=\"text-align: right\"><a href=\"https:\/\/www.oaxaca.gob.mx\/gubernatura\/wp-content\/uploads\/sites\/61\/2021\/05\/Circular-18-Difusion-de-Acuerdo-Declaraciones.pdf\" target=\"_blank\" rel=\"noopener noreferrer\"><br \/>\nDescargar<br \/>\n<\/a>[pdf title=\u00bbtite\u00bb height=\u00bb700px\u00bb]https:\/\/www.oaxaca.gob.mx\/gubernatura\/wp-content\/uploads\/sites\/61\/2021\/05\/Circular-18-Difusion-de-Acuerdo-Declaraciones.pdf[\/pdf]<\/div>\n<\/div>\n<\/div>\n","protected":false},"excerpt":{"rendered":"<p>C008-Aviso de Declaraci\u00f3n Patrimonial C018-Prorroga de Declaraci\u00f3n Patrimonial y de Inter\u00e9s Descargar [pdf title=\u00bbtite\u00bb height=\u00bb700px\u00bb]https:\/\/www.oaxaca.gob.mx\/gubernatura\/wp-content\/uploads\/sites\/61\/2021\/05\/Circular-08-Declaraciones.pdf[\/pdf] Descargar [pdf title=\u00bbtite\u00bb height=\u00bb700px\u00bb]https:\/\/www.oaxaca.gob.mx\/gubernatura\/wp-content\/uploads\/sites\/61\/2021\/05\/Circular-18-Difusion-de-Acuerdo-Declaraciones.pdf[\/pdf]<\/p>\n","protected":false},"author":68,"featured_media":0,"parent":0,"menu_order":0,"comment_status":"closed","ping_status":"closed","template":"","meta":{"episode_type":"","audio_file":"","podmotor_file_id":"","podmotor_episode_id":"","cover_image":"","cover_image_id":"","duration":"","filesize":"","filesize_raw":"","date_recorded":"","explicit":"","block":"","itunes_episode_number":"","itunes_title":"","itunes_season_number":"","itunes_episode_type":"","footnotes":""},"categories":[],"tags":[],"class_list":["post-2893","page","type-page","status-publish","hentry"],"acf":[],"publishpress_future_action":{"enabled":false,"date":"2026-05-05 13:57:42","action":"change-status","newStatus":"draft","terms":[],"taxonomy":"category","extraData":[]},"publishpress_future_workflow_manual_trigger":{"enabledWorkflows":[]},"_links":{"self":[{"href":"https:\/\/www.oaxaca.gob.mx\/gubernatura\/wp-json\/wp\/v2\/pages\/2893","targetHints":{"allow":["GET"]}}],"collection":[{"href":"https:\/\/www.oaxaca.gob.mx\/gubernatura\/wp-json\/wp\/v2\/pages"}],"about":[{"href":"https:\/\/www.oaxaca.gob.mx\/gubernatura\/wp-json\/wp\/v2\/types\/page"}],"author":[{"embeddable":true,"href":"https:\/\/www.oaxaca.gob.mx\/gubernatura\/wp-json\/wp\/v2\/users\/68"}],"replies":[{"embeddable":true,"href":"https:\/\/www.oaxaca.gob.mx\/gubernatura\/wp-json\/wp\/v2\/comments?post=2893"}],"version-history":[{"count":9,"href":"https:\/\/www.oaxaca.gob.mx\/gubernatura\/wp-json\/wp\/v2\/pages\/2893\/revisions"}],"predecessor-version":[{"id":3062,"href":"https:\/\/www.oaxaca.gob.mx\/gubernatura\/wp-json\/wp\/v2\/pages\/2893\/revisions\/3062"}],"wp:attachment":[{"href":"https:\/\/www.oaxaca.gob.mx\/gubernatura\/wp-json\/wp\/v2\/media?parent=2893"}],"wp:term":[{"taxonomy":"category","embeddable":true,"href":"https:\/\/www.oaxaca.gob.mx\/gubernatura\/wp-json\/wp\/v2\/categories?post=2893"},{"taxonomy":"post_tag","embeddable":true,"href":"https:\/\/www.oaxaca.gob.mx\/gubernatura\/wp-json\/wp\/v2\/tags?post=2893"}],"curies":[{"name":"wp","href":"https:\/\/api.w.org\/{rel}","templated":true}]}}

Avisos Acerca de la Declaración Patrimonial

<nav style="margin-bottom: 30px">
<div id="nav-tab" class="nav nav-tabs" role="tablist"><a id="nav_tab_uno" class="nav-item nav-link active" role="tab" href="#nav_uno" data-toggle="tab"><br />
C008-Aviso de Declaración Patrimonial<br />
</a><br />
<a id="nav_tab_dos" class="nav-item nav-link" role="tab" href="#nav_dos" data-toggle="tab"><br />
C018-Prorroga de Declaración Patrimonial y de Interés<br />
</a></div>
</nav>
<div id="nav-tabContent" class="tab-content">
<div id="nav_uno" class="tab-pane fade show active" role="tabpanel" aria-labelledby="nav_tab_uno">
<div style="text-align: right"><a href="https://www.oaxaca.gob.mx/gubernatura/wp-content/uploads/sites/61/2021/05/Circular-08-Declaraciones.pdf" target="_blank" rel="noopener noreferrer"><br />
Descargar<br />
</a>[pdf title=»tite» height=»700px»]https://www.oaxaca.gob.mx/gubernatura/wp-content/uploads/sites/61/2021/05/Circular-08-Declaraciones.pdf[/pdf]</div>
</div>
<div id="nav_dos" class="tab-pane fade show active" role="tabpanel" aria-labelledby="nav_tab_dos">
<div style="text-align: right"><a href="https://www.oaxaca.gob.mx/gubernatura/wp-content/uploads/sites/61/2021/05/Circular-18-Difusion-de-Acuerdo-Declaraciones.pdf" target="_blank" rel="noopener noreferrer"><br />
Descargar<br />
</a>[pdf title=»tite» height=»700px»]https://www.oaxaca.gob.mx/gubernatura/wp-content/uploads/sites/61/2021/05/Circular-18-Difusion-de-Acuerdo-Declaraciones.pdf[/pdf]</div>
</div>
</div>

<p>C008-Aviso de Declaración Patrimonial C018-Prorroga de Declaración Patrimonial y de Interés Descargar [pdf title=»tite» height=»700px»]https://www.oaxaca.gob.mx/gubernatura/wp-content/uploads/sites/61/2021/05/Circular-08-Declaraciones.pdf[/pdf] Descargar [pdf title=»tite» height=»700px»]https://www.oaxaca.gob.mx/gubernatura/wp-content/uploads/sites/61/2021/05/Circular-18-Difusion-de-Acuerdo-Declaraciones.pdf[/pdf]</p>
