{"id":836,"date":"2024-08-07T19:10:19","date_gmt":"2024-08-07T17:10:19","guid":{"rendered":"https:\/\/www.oaxaca.gob.mx\/giras\/?post_type=tipo_gira&#038;p=836"},"modified":"2024-08-07T19:10:19","modified_gmt":"2024-08-07T17:10:19","slug":"matias-romero-con-nuestra-estrategia-trabajo-que-transforma-tu-municipio","status":"publish","type":"tipo_gira","link":"https:\/\/www.oaxaca.gob.mx\/giras\/tipo_gira\/matias-romero-con-nuestra-estrategia-trabajo-que-transforma-tu-municipio\/","title":{"rendered":"Mat\u00edas Romero con nuestra estrategia Trabajo que Transforma tu Municipio"},"content":{"rendered":"<div class=\"xdj266r x11i5rnm xat24cr x1mh8g0r x1vvkbs x126k92a\">\n<div dir=\"auto\">Con la <span class=\"html-span xdj266r x11i5rnm xat24cr x1mh8g0r xexx8yu x4uap5 x18d9i69 xkhd6sd x1hl2dhg x16tdsg8 x1vvkbs\"><a class=\"x1i10hfl xjbqb8w x1ejq31n xd10rxx x1sy0etr x17r0tee x972fbf xcfux6l x1qhh985 xm0m39n x9f619 x1ypdohk xt0psk2 xe8uvvx xdj266r x11i5rnm xat24cr x1mh8g0r xexx8yu x4uap5 x18d9i69 xkhd6sd x16tdsg8 x1hl2dhg xggy1nq x1a2a7pz x1sur9pj xkrqix3 x1fey0fg xo1l8bm\" role=\"link\" href=\"https:\/\/www.facebook.com\/hashtag\/primaveraoaxaque%C3%B1a?__eep__=6&amp;__cft__[0]=AZWCAjt0hmcuE_DcTynWc2_YvEP7SbYAbjf-w7b3ZVZYPVUqP2ieIXMwuMaZUuDfU6mdZbpJ3izcECeuUWgJwCMdB8nQZRLO3BRCLdvoA16yDB9jLspcOj_48YaSvhfD2phwD5jJaSRFD1ch6moMzPuR5ltEdLocdMZJPmSua4sM_BrK8ZUK1VWcmmELn-fTkngmlKQGj-bdX8HXUbsngqQO&amp;__tn__=*NK-R\">#PrimaveraOaxaque\u00f1a<\/a><\/span> se acabaron los gobiernos ausentes, nosotros vamos hasta las comunidades, por eso en Mat\u00edas Romero con nuestra estrategia Trabajo que Transforma tu Municipio, se saldar\u00e1 una deuda hist\u00f3rica con los pueblos, se fortalecer\u00e1 la seguridad, llegar\u00e1n acciones en materia de infraestructura educativa y programas sociales.<\/div>\n<\/div>\n<div class=\"x11i5rnm xat24cr x1mh8g0r x1vvkbs xtlvy1s x126k92a\">\n<div dir=\"auto\">Adem\u00e1s, con mucha alegr\u00eda inauguramos el parque \u201cDaniel Gonz\u00e1lez Mart\u00ednez\u201d, obra del Gobierno Federal, a trav\u00e9s de la <span class=\"html-span xdj266r x11i5rnm xat24cr x1mh8g0r xexx8yu x4uap5 x18d9i69 xkhd6sd x1hl2dhg x16tdsg8 x1vvkbs\"><a class=\"x1i10hfl xjbqb8w x1ejq31n xd10rxx x1sy0etr x17r0tee x972fbf xcfux6l x1qhh985 xm0m39n x9f619 x1ypdohk xt0psk2 xe8uvvx xdj266r x11i5rnm xat24cr x1mh8g0r xexx8yu x4uap5 x18d9i69 xkhd6sd x16tdsg8 x1hl2dhg xggy1nq x1a2a7pz x1sur9pj xkrqix3 x1fey0fg xo1l8bm\" role=\"link\" href=\"https:\/\/www.facebook.com\/SEDATU.Mexico?__cft__[0]=AZWCAjt0hmcuE_DcTynWc2_YvEP7SbYAbjf-w7b3ZVZYPVUqP2ieIXMwuMaZUuDfU6mdZbpJ3izcECeuUWgJwCMdB8nQZRLO3BRCLdvoA16yDB9jLspcOj_48YaSvhfD2phwD5jJaSRFD1ch6moMzPuR5ltEdLocdMZJPmSua4sM_BrK8ZUK1VWcmmELn-fTkngmlKQGj-bdX8HXUbsngqQO&amp;__tn__=-]K-R\"><span class=\"xt0psk2\">SEDATU<\/span><\/a><\/span>, que mejorar\u00e1 sustancialmente la calidad de vida de nuestras paisanas y paisanos y con la que se demuestra que nuestro Presidente <span class=\"html-span xdj266r x11i5rnm xat24cr x1mh8g0r xexx8yu x4uap5 x18d9i69 xkhd6sd x1hl2dhg x16tdsg8 x1vvkbs\"><a class=\"x1i10hfl xjbqb8w x1ejq31n xd10rxx x1sy0etr x17r0tee x972fbf xcfux6l x1qhh985 xm0m39n x9f619 x1ypdohk xt0psk2 xe8uvvx xdj266r x11i5rnm xat24cr x1mh8g0r xexx8yu x4uap5 x18d9i69 xkhd6sd x16tdsg8 x1hl2dhg xggy1nq x1a2a7pz x1sur9pj xkrqix3 x1fey0fg xo1l8bm\" role=\"link\" href=\"https:\/\/www.facebook.com\/lopezobrador.org.mx?__cft__[0]=AZWCAjt0hmcuE_DcTynWc2_YvEP7SbYAbjf-w7b3ZVZYPVUqP2ieIXMwuMaZUuDfU6mdZbpJ3izcECeuUWgJwCMdB8nQZRLO3BRCLdvoA16yDB9jLspcOj_48YaSvhfD2phwD5jJaSRFD1ch6moMzPuR5ltEdLocdMZJPmSua4sM_BrK8ZUK1VWcmmELn-fTkngmlKQGj-bdX8HXUbsngqQO&amp;__tn__=-]K-R\"><span class=\"xt0psk2\">Andr\u00e9s Manuel L\u00f3pez Obrador<\/span><\/a><\/span> le est\u00e1 cumpliendo a Oaxaca.<\/div>\n<\/div>\n","protected":false},"featured_media":837,"template":"","meta":{"_acf_changed":false,"episode_type":"","audio_file":"","podmotor_file_id":"","podmotor_episode_id":"","cover_image":"","cover_image_id":"","duration":"","filesize":"","filesize_raw":"","date_recorded":"","explicit":"","block":"","itunes_episode_number":"","itunes_title":"","itunes_season_number":"","itunes_episode_type":""},"class_list":["post-836","tipo_gira","type-tipo_gira","status-publish","has-post-thumbnail","hentry"],"acf":{"fecha_de_la_gira":"20231015","tipo_de_gira":"trabajos_municipio","region":"Istmo","municipio":"Mat\u00edas Romero Avenda\u00f1o","latitud":16.8730764,"longitud":-95.059762},"publishpress_future_workflow_manual_trigger":{"enabledWorkflows":[]},"_links":{"self":[{"href":"https:\/\/www.oaxaca.gob.mx\/giras\/wp-json\/wp\/v2\/tipo_gira\/836","targetHints":{"allow":["GET"]}}],"collection":[{"href":"https:\/\/www.oaxaca.gob.mx\/giras\/wp-json\/wp\/v2\/tipo_gira"}],"about":[{"href":"https:\/\/www.oaxaca.gob.mx\/giras\/wp-json\/wp\/v2\/types\/tipo_gira"}],"wp:featuredmedia":[{"embeddable":true,"href":"https:\/\/www.oaxaca.gob.mx\/giras\/wp-json\/wp\/v2\/media\/837"}],"wp:attachment":[{"href":"https:\/\/www.oaxaca.gob.mx\/giras\/wp-json\/wp\/v2\/media?parent=836"}],"curies":[{"name":"wp","href":"https:\/\/api.w.org\/{rel}","templated":true}]}}

Matías Romero con nuestra estrategia Trabajo que Transforma tu Municipio

<div class="xdj266r x11i5rnm xat24cr x1mh8g0r x1vvkbs x126k92a">
<div dir="auto">Con la <span class="html-span xdj266r x11i5rnm xat24cr x1mh8g0r xexx8yu x4uap5 x18d9i69 xkhd6sd x1hl2dhg x16tdsg8 x1vvkbs"><a class="x1i10hfl xjbqb8w x1ejq31n xd10rxx x1sy0etr x17r0tee x972fbf xcfux6l x1qhh985 xm0m39n x9f619 x1ypdohk xt0psk2 xe8uvvx xdj266r x11i5rnm xat24cr x1mh8g0r xexx8yu x4uap5 x18d9i69 xkhd6sd x16tdsg8 x1hl2dhg xggy1nq x1a2a7pz x1sur9pj xkrqix3 x1fey0fg xo1l8bm" role="link" href="https://www.facebook.com/hashtag/primaveraoaxaque%C3%B1a?__eep__=6&amp;__cft__[0]=AZWCAjt0hmcuE_DcTynWc2_YvEP7SbYAbjf-w7b3ZVZYPVUqP2ieIXMwuMaZUuDfU6mdZbpJ3izcECeuUWgJwCMdB8nQZRLO3BRCLdvoA16yDB9jLspcOj_48YaSvhfD2phwD5jJaSRFD1ch6moMzPuR5ltEdLocdMZJPmSua4sM_BrK8ZUK1VWcmmELn-fTkngmlKQGj-bdX8HXUbsngqQO&amp;__tn__=*NK-R">#PrimaveraOaxaqueña</a></span> se acabaron los gobiernos ausentes, nosotros vamos hasta las comunidades, por eso en Matías Romero con nuestra estrategia Trabajo que Transforma tu Municipio, se saldará una deuda histórica con los pueblos, se fortalecerá la seguridad, llegarán acciones en materia de infraestructura educativa y programas sociales.</div>
</div>
<div class="x11i5rnm xat24cr x1mh8g0r x1vvkbs xtlvy1s x126k92a">
<div dir="auto">Además, con mucha alegría inauguramos el parque “Daniel González Martínez”, obra del Gobierno Federal, a través de la <span class="html-span xdj266r x11i5rnm xat24cr x1mh8g0r xexx8yu x4uap5 x18d9i69 xkhd6sd x1hl2dhg x16tdsg8 x1vvkbs"><a class="x1i10hfl xjbqb8w x1ejq31n xd10rxx x1sy0etr x17r0tee x972fbf xcfux6l x1qhh985 xm0m39n x9f619 x1ypdohk xt0psk2 xe8uvvx xdj266r x11i5rnm xat24cr x1mh8g0r xexx8yu x4uap5 x18d9i69 xkhd6sd x16tdsg8 x1hl2dhg xggy1nq x1a2a7pz x1sur9pj xkrqix3 x1fey0fg xo1l8bm" role="link" href="https://www.facebook.com/SEDATU.Mexico?__cft__[0]=AZWCAjt0hmcuE_DcTynWc2_YvEP7SbYAbjf-w7b3ZVZYPVUqP2ieIXMwuMaZUuDfU6mdZbpJ3izcECeuUWgJwCMdB8nQZRLO3BRCLdvoA16yDB9jLspcOj_48YaSvhfD2phwD5jJaSRFD1ch6moMzPuR5ltEdLocdMZJPmSua4sM_BrK8ZUK1VWcmmELn-fTkngmlKQGj-bdX8HXUbsngqQO&amp;__tn__=-]K-R"><span class="xt0psk2">SEDATU</span></a></span>, que mejorará sustancialmente la calidad de vida de nuestras paisanas y paisanos y con la que se demuestra que nuestro Presidente <span class="html-span xdj266r x11i5rnm xat24cr x1mh8g0r xexx8yu x4uap5 x18d9i69 xkhd6sd x1hl2dhg x16tdsg8 x1vvkbs"><a class="x1i10hfl xjbqb8w x1ejq31n xd10rxx x1sy0etr x17r0tee x972fbf xcfux6l x1qhh985 xm0m39n x9f619 x1ypdohk xt0psk2 xe8uvvx xdj266r x11i5rnm xat24cr x1mh8g0r xexx8yu x4uap5 x18d9i69 xkhd6sd x16tdsg8 x1hl2dhg xggy1nq x1a2a7pz x1sur9pj xkrqix3 x1fey0fg xo1l8bm" role="link" href="https://www.facebook.com/lopezobrador.org.mx?__cft__[0]=AZWCAjt0hmcuE_DcTynWc2_YvEP7SbYAbjf-w7b3ZVZYPVUqP2ieIXMwuMaZUuDfU6mdZbpJ3izcECeuUWgJwCMdB8nQZRLO3BRCLdvoA16yDB9jLspcOj_48YaSvhfD2phwD5jJaSRFD1ch6moMzPuR5ltEdLocdMZJPmSua4sM_BrK8ZUK1VWcmmELn-fTkngmlKQGj-bdX8HXUbsngqQO&amp;__tn__=-]K-R"><span class="xt0psk2">Andrés Manuel López Obrador</span></a></span> le está cumpliendo a Oaxaca.</div>
</div>

Matías Romero Avendaño
