{"id":3324,"date":"2020-06-05T03:54:01","date_gmt":"2020-06-05T08:54:01","guid":{"rendered":"https:\/\/www.oaxaca.gob.mx\/fifeo\/?page_id=3324"},"modified":"2020-08-20T15:58:50","modified_gmt":"2020-08-20T20:58:50","slug":"programa-credito-a-la-palabra-de-la-mujer-2020","status":"publish","type":"page","link":"https:\/\/www.oaxaca.gob.mx\/fifeo\/programas\/palabra-mujer","title":{"rendered":"Programa Cr\u00e9dito a la Palabra de la Mujer 2020"},"content":{"rendered":"<h2><img loading=\"lazy\" decoding=\"async\" class=\"alignnone size-medium wp-image-3316\" src=\"https:\/\/www.oaxaca.gob.mx\/fifeo\/wp-content\/uploads\/sites\/33\/2020\/06\/unnamed-2-300x38.jpg\" alt=\"\" width=\"300\" height=\"38\" srcset=\"https:\/\/www.oaxaca.gob.mx\/fifeo\/wp-content\/uploads\/sites\/33\/2020\/06\/unnamed-2-300x38.jpg 300w, https:\/\/www.oaxaca.gob.mx\/fifeo\/wp-content\/uploads\/sites\/33\/2020\/06\/unnamed-2.jpg 390w\" sizes=\"auto, (max-width: 300px) 100vw, 300px\" \/><\/h2>\n<p style=\"text-align: justify\">Que las mujeres emprendedoras y microempresarias, a partir de 18 a\u00f1os, con ingresos familiares menores a cuatro Unidades de Medida y Actualizaci\u00f3n (UMA), cuenten con mecanismos de gesti\u00f3n productiva y financiera para que inicien o fortalezcan sus actividades productivas y de servicios en lo individual o a trav\u00e9s de grupos solidarios que les permita su desarrollo econ\u00f3mico y social.<\/p>\n<p>&nbsp;<\/p>\n<h2><img loading=\"lazy\" decoding=\"async\" class=\"alignnone size-medium wp-image-3315\" src=\"https:\/\/www.oaxaca.gob.mx\/fifeo\/wp-content\/uploads\/sites\/33\/2020\/06\/unnamed-1-300x38.jpg\" alt=\"\" width=\"300\" height=\"38\" srcset=\"https:\/\/www.oaxaca.gob.mx\/fifeo\/wp-content\/uploads\/sites\/33\/2020\/06\/unnamed-1-300x38.jpg 300w, https:\/\/www.oaxaca.gob.mx\/fifeo\/wp-content\/uploads\/sites\/33\/2020\/06\/unnamed-1.jpg 390w\" sizes=\"auto, (max-width: 300px) 100vw, 300px\" \/><\/h2>\n<p style=\"text-align: justify\">Mujeres emprendedoras y\/o microempresarias a partir de 18 a\u00f1os y que cumplan con los requisitos de elegibilidad, con ingresos familiares menores a cuatro Unidades de Medida y Actualizaci\u00f3n (UMA), con acceso restringido al financiamiento de la banca comercial y que manifieste el deseo de iniciar o fortalecer sus actividades productivas en el Estado de Oaxaca.<\/p>\n<p>&nbsp;<\/p>\n<p><img loading=\"lazy\" decoding=\"async\" class=\"alignnone size-medium wp-image-3329\" src=\"https:\/\/www.oaxaca.gob.mx\/fifeo\/wp-content\/uploads\/sites\/33\/2020\/06\/requisitos-300x38.jpg\" alt=\"\" width=\"300\" height=\"38\" srcset=\"https:\/\/www.oaxaca.gob.mx\/fifeo\/wp-content\/uploads\/sites\/33\/2020\/06\/requisitos-300x38.jpg 300w, https:\/\/www.oaxaca.gob.mx\/fifeo\/wp-content\/uploads\/sites\/33\/2020\/06\/requisitos.jpg 390w\" sizes=\"auto, (max-width: 300px) 100vw, 300px\" \/><\/p>\n<ul class=\"listas-geo\">\n<li>\u00a0Residir en el Estado de Oaxaca.<\/li>\n<li>\u00a0Edad m\u00ednima 18 a\u00f1os.<\/li>\n<li>\u00a0Presentar la solicitud de microcr\u00e9dito.<\/li>\n<li>\u00a0Contestar la encuesta de informaci\u00f3n socioecon\u00f3mica.<\/li>\n<li>\u00a0Declarar por escrito y bajo protesta de decir la verdad, la manifestaci\u00f3n de sus ingresos mensuales familiares, el no tener acceso al financiamiento de la banca comercial y que el microcr\u00e9dito otorgado se utilizar\u00e1 para emprender un negocio o fortalecer el existente.<\/li>\n<li>\u00a0Manifestar por escrito su compromiso de reintegrar el microcr\u00e9dito en las condiciones que establezca la Dispersora de Recursos, de acuerdo a sus instrumentos, procedimientos, pol\u00edticas o criterios de otorgamiento de microcr\u00e9ditos sin que estos transgredan las Reglas de Operaci\u00f3n.<\/li>\n<li>\u00a0En el caso de formar un grupo solidario, manifestar por escrito que cuentan con al menos una presidenta y una tesorera.<\/li>\n<li>\u00a0Estar dispuestas a compartir sus experiencias e informar de los resultados del apoyo recibido.<\/li>\n<li>\u00a0Las dem\u00e1s que se\u00f1ale la instancia Normativa y Ejecutora del Programa.<\/li>\n<\/ul>\n<p>&nbsp;<\/p>\n<p><a href=\"https:\/\/www.oaxaca.gob.mx\/fifeo\/wp-content\/uploads\/sites\/33\/2020\/06\/REGLAS-DE-OPERACION-PALABRA-DE-LA-MUJER-2020.pdf\" target=\"_blank\" rel=\"noopener noreferrer\"><img loading=\"lazy\" decoding=\"async\" class=\"alignnone size-medium wp-image-3328\" src=\"https:\/\/www.oaxaca.gob.mx\/fifeo\/wp-content\/uploads\/sites\/33\/2020\/06\/reglas-de-operacion-300x38.jpg\" alt=\"\" width=\"300\" height=\"38\" srcset=\"https:\/\/www.oaxaca.gob.mx\/fifeo\/wp-content\/uploads\/sites\/33\/2020\/06\/reglas-de-operacion-300x38.jpg 300w, https:\/\/www.oaxaca.gob.mx\/fifeo\/wp-content\/uploads\/sites\/33\/2020\/06\/reglas-de-operacion.jpg 390w\" sizes=\"auto, (max-width: 300px) 100vw, 300px\" \/><\/a><\/p>\n<p>&nbsp;<\/p>\n","protected":false},"excerpt":{"rendered":"<p>Que las mujeres emprendedoras y microempresarias, a partir de 18 a\u00f1os, con ingresos familiares menores a cuatro Unidades de Medida y Actualizaci\u00f3n (UMA), cuenten con mecanismos de gesti\u00f3n productiva y financiera para que inicien o fortalezcan sus actividades productivas y de servicios en lo individual o a trav\u00e9s de grupos solidarios que les permita su [&hellip;]<\/p>\n","protected":false},"author":40,"featured_media":0,"parent":0,"menu_order":0,"comment_status":"closed","ping_status":"closed","template":"","meta":{"episode_type":"","audio_file":"","podmotor_file_id":"","podmotor_episode_id":"","cover_image":"","cover_image_id":"","duration":"","filesize":"","filesize_raw":"","date_recorded":"","explicit":"","block":"","itunes_episode_number":"","itunes_title":"","itunes_season_number":"","itunes_episode_type":"","footnotes":""},"categories":[],"tags":[],"class_list":["post-3324","page","type-page","status-publish","hentry"],"acf":[],"publishpress_future_action":{"enabled":false,"date":"2026-05-10 02:50:58","action":"change-status","newStatus":"draft","terms":[],"taxonomy":"category","extraData":[]},"publishpress_future_workflow_manual_trigger":{"enabledWorkflows":[]},"_links":{"self":[{"href":"https:\/\/www.oaxaca.gob.mx\/fifeo\/wp-json\/wp\/v2\/pages\/3324","targetHints":{"allow":["GET"]}}],"collection":[{"href":"https:\/\/www.oaxaca.gob.mx\/fifeo\/wp-json\/wp\/v2\/pages"}],"about":[{"href":"https:\/\/www.oaxaca.gob.mx\/fifeo\/wp-json\/wp\/v2\/types\/page"}],"author":[{"embeddable":true,"href":"https:\/\/www.oaxaca.gob.mx\/fifeo\/wp-json\/wp\/v2\/users\/40"}],"replies":[{"embeddable":true,"href":"https:\/\/www.oaxaca.gob.mx\/fifeo\/wp-json\/wp\/v2\/comments?post=3324"}],"version-history":[{"count":7,"href":"https:\/\/www.oaxaca.gob.mx\/fifeo\/wp-json\/wp\/v2\/pages\/3324\/revisions"}],"predecessor-version":[{"id":3688,"href":"https:\/\/www.oaxaca.gob.mx\/fifeo\/wp-json\/wp\/v2\/pages\/3324\/revisions\/3688"}],"wp:attachment":[{"href":"https:\/\/www.oaxaca.gob.mx\/fifeo\/wp-json\/wp\/v2\/media?parent=3324"}],"wp:term":[{"taxonomy":"category","embeddable":true,"href":"https:\/\/www.oaxaca.gob.mx\/fifeo\/wp-json\/wp\/v2\/categories?post=3324"},{"taxonomy":"post_tag","embeddable":true,"href":"https:\/\/www.oaxaca.gob.mx\/fifeo\/wp-json\/wp\/v2\/tags?post=3324"}],"curies":[{"name":"wp","href":"https:\/\/api.w.org\/{rel}","templated":true}]}}