{"id":15,"date":"2016-02-12T14:01:47","date_gmt":"2016-02-12T20:01:47","guid":{"rendered":"http:\/\/www.fidelo.oaxaca.gob.mx\/?page_id=15"},"modified":"2019-06-21T23:21:25","modified_gmt":"2019-06-21T21:21:25","slug":"contacto","status":"publish","type":"page","link":"https:\/\/www.oaxaca.gob.mx\/fidelo\/contacto\/","title":{"rendered":"Contacto"},"content":{"rendered":"\n<div class=\"row\">\n<div class=\"col-lg-6\">[template name=\u00bbtemplates\/contact_form\u00bb site=\u00bbfidelo\u00bb]<\/div>\n<div class=\"col-lg-6\">\n<div class=\"row\">\n<div class=\"col-lg-12\">[gmap width=\u00bb600&#8243; height=\u00bb400&#8243; responsive=\u00bbyes\u00bb address=\u00bbFideicomiso para el Desarrollo Logistico del Estado de Oaxaca, Calzada Porfirio D\u00edaz No. 233, Tercer Nivel, Col. Reforma, Oaxaca de Ju\u00e1rez, Oaxaca, M\u00e9xico.\u00bb]<\/div>\n<\/p><\/div>\n<div class=\"row\">\n<div class=\"col-lg-12\">\n<div class=\"card\">\n<div class=\"card-header\"><\/div>\n<div class=\"card-body\">\n<h6 class=\"card-title\">Local<\/h6>\n<p class=\"card-text\"><i class=\"fas fa-phone\"><\/i>  01 (951) 51-4-50-52 y 01 (951) 51-4-41-58<\/p>\n<hr \/>\n<h6 class=\"card-title\">Nacional<\/h6>\n<p class=\"card-text\"><i class=\"fas fa-phone\"><\/i> 01 (800) 0 00 00 00<\/p>\n<\/p><\/div>\n<\/p><\/div>\n<\/p><\/div>\n<\/p><\/div>\n<\/p><\/div>\n<\/div>\n","protected":false},"excerpt":{"rendered":"<p>[template name=\u00bbtemplates\/contact_form\u00bb site=\u00bbfidelo\u00bb] [gmap width=\u00bb600&#8243; height=\u00bb400&#8243; responsive=\u00bbyes\u00bb address=\u00bbFideicomiso para el Desarrollo Logistico del Estado de Oaxaca, Calzada Porfirio D\u00edaz No. 233, Tercer Nivel, Col. Reforma, Oaxaca de Ju\u00e1rez, Oaxaca, M\u00e9xico.\u00bb] Local 01 (951) 51-4-50-52 y 01 (951) 51-4-41-58 Nacional 01 (800) 0 00 00 00<\/p>\n","protected":false},"author":1,"featured_media":0,"parent":0,"menu_order":0,"comment_status":"closed","ping_status":"closed","template":"plantillas\/template-contacto.php","meta":{"episode_type":"","audio_file":"","podmotor_file_id":"","podmotor_episode_id":"","cover_image":"","cover_image_id":"","duration":"","filesize":"","filesize_raw":"","date_recorded":"","explicit":"","block":"","itunes_episode_number":"","itunes_title":"","itunes_season_number":"","itunes_episode_type":"","footnotes":""},"categories":[],"tags":[],"class_list":["post-15","page","type-page","status-publish","hentry"],"acf":[],"publishpress_future_action":{"enabled":false,"date":"2026-04-21 21:51:27","action":"change-status","newStatus":"draft","terms":[],"taxonomy":"category","extraData":[]},"publishpress_future_workflow_manual_trigger":{"enabledWorkflows":[]},"_links":{"self":[{"href":"https:\/\/www.oaxaca.gob.mx\/fidelo\/wp-json\/wp\/v2\/pages\/15","targetHints":{"allow":["GET"]}}],"collection":[{"href":"https:\/\/www.oaxaca.gob.mx\/fidelo\/wp-json\/wp\/v2\/pages"}],"about":[{"href":"https:\/\/www.oaxaca.gob.mx\/fidelo\/wp-json\/wp\/v2\/types\/page"}],"author":[{"embeddable":true,"href":"https:\/\/www.oaxaca.gob.mx\/fidelo\/wp-json\/wp\/v2\/users\/1"}],"replies":[{"embeddable":true,"href":"https:\/\/www.oaxaca.gob.mx\/fidelo\/wp-json\/wp\/v2\/comments?post=15"}],"version-history":[{"count":1,"href":"https:\/\/www.oaxaca.gob.mx\/fidelo\/wp-json\/wp\/v2\/pages\/15\/revisions"}],"predecessor-version":[{"id":5397,"href":"https:\/\/www.oaxaca.gob.mx\/fidelo\/wp-json\/wp\/v2\/pages\/15\/revisions\/5397"}],"wp:attachment":[{"href":"https:\/\/www.oaxaca.gob.mx\/fidelo\/wp-json\/wp\/v2\/media?parent=15"}],"wp:term":[{"taxonomy":"category","embeddable":true,"href":"https:\/\/www.oaxaca.gob.mx\/fidelo\/wp-json\/wp\/v2\/categories?post=15"},{"taxonomy":"post_tag","embeddable":true,"href":"https:\/\/www.oaxaca.gob.mx\/fidelo\/wp-json\/wp\/v2\/tags?post=15"}],"curies":[{"name":"wp","href":"https:\/\/api.w.org\/{rel}","templated":true}]}}