{"id":2998,"date":"2024-12-11T16:01:00","date_gmt":"2024-12-11T22:01:00","guid":{"rendered":"https:\/\/www.oaxaca.gob.mx\/defensoria\/?page_id=2998"},"modified":"2024-12-11T16:01:00","modified_gmt":"2024-12-11T22:01:00","slug":"objetivos","status":"publish","type":"page","link":"https:\/\/www.oaxaca.gob.mx\/defensoria\/objetivos\/","title":{"rendered":"Objetivos"},"content":{"rendered":"<p>La Defensor\u00eda tendr\u00e1 como objetivos coordinar, dirigir y vigilar los servicios jur\u00eddicos de asesor\u00eda, patrocinio y defensa t\u00e9cnica adecuada y gratuita, de acuerdo con las disposiciones de esta Ley, su normatividad interna y dem\u00e1s ordenamientos legales aplicables.<br \/>\nLa Defensor\u00eda considerando las restricciones presupuestales podr\u00e1 garantizar por s\u00ed o a trav\u00e9s de abogados privados, capacitados y certificados, los servicios de asesor\u00eda, patrocinio y defensa t\u00e9cnica, de acuerdo con las disposiciones de esta Ley, su normatividad interna y dem\u00e1s ordenamientos legales aplicables.<\/p>\n","protected":false},"excerpt":{"rendered":"<p>La Defensor\u00eda tendr\u00e1 como objetivos coordinar, dirigir y vigilar los servicios jur\u00eddicos de asesor\u00eda, patrocinio y defensa t\u00e9cnica adecuada y gratuita, de acuerdo con las disposiciones de esta Ley, su normatividad interna y dem\u00e1s ordenamientos legales aplicables. La Defensor\u00eda considerando las restricciones presupuestales podr\u00e1 garantizar por s\u00ed o a trav\u00e9s de abogados privados, capacitados y [&hellip;]<\/p>\n","protected":false},"author":74,"featured_media":0,"parent":0,"menu_order":0,"comment_status":"closed","ping_status":"closed","template":"","meta":{"episode_type":"","audio_file":"","podmotor_file_id":"","podmotor_episode_id":"","cover_image":"","cover_image_id":"","duration":"","filesize":"","filesize_raw":"","date_recorded":"","explicit":"","block":"","itunes_episode_number":"","itunes_title":"","itunes_season_number":"","itunes_episode_type":"","footnotes":""},"categories":[],"tags":[],"class_list":["post-2998","page","type-page","status-publish","hentry"],"acf":[],"publishpress_future_action":{"enabled":false,"date":"2026-05-09 21:39:38","action":"change-status","newStatus":"draft","terms":[],"taxonomy":"category","extraData":[]},"publishpress_future_workflow_manual_trigger":{"enabledWorkflows":[]},"_links":{"self":[{"href":"https:\/\/www.oaxaca.gob.mx\/defensoria\/wp-json\/wp\/v2\/pages\/2998","targetHints":{"allow":["GET"]}}],"collection":[{"href":"https:\/\/www.oaxaca.gob.mx\/defensoria\/wp-json\/wp\/v2\/pages"}],"about":[{"href":"https:\/\/www.oaxaca.gob.mx\/defensoria\/wp-json\/wp\/v2\/types\/page"}],"author":[{"embeddable":true,"href":"https:\/\/www.oaxaca.gob.mx\/defensoria\/wp-json\/wp\/v2\/users\/74"}],"replies":[{"embeddable":true,"href":"https:\/\/www.oaxaca.gob.mx\/defensoria\/wp-json\/wp\/v2\/comments?post=2998"}],"version-history":[{"count":1,"href":"https:\/\/www.oaxaca.gob.mx\/defensoria\/wp-json\/wp\/v2\/pages\/2998\/revisions"}],"predecessor-version":[{"id":2999,"href":"https:\/\/www.oaxaca.gob.mx\/defensoria\/wp-json\/wp\/v2\/pages\/2998\/revisions\/2999"}],"wp:attachment":[{"href":"https:\/\/www.oaxaca.gob.mx\/defensoria\/wp-json\/wp\/v2\/media?parent=2998"}],"wp:term":[{"taxonomy":"category","embeddable":true,"href":"https:\/\/www.oaxaca.gob.mx\/defensoria\/wp-json\/wp\/v2\/categories?post=2998"},{"taxonomy":"post_tag","embeddable":true,"href":"https:\/\/www.oaxaca.gob.mx\/defensoria\/wp-json\/wp\/v2\/tags?post=2998"}],"curies":[{"name":"wp","href":"https:\/\/api.w.org\/{rel}","templated":true}]}}