{"id":2693,"date":"2020-01-30T15:11:37","date_gmt":"2020-01-30T21:11:37","guid":{"rendered":"https:\/\/www.oaxaca.gob.mx\/csneo\/?page_id=2693"},"modified":"2020-01-30T15:41:15","modified_gmt":"2020-01-30T21:41:15","slug":"mecanismo-de-movilidad-laboral-externa-para-jornaleros-agricolas","status":"publish","type":"page","link":"https:\/\/www.oaxaca.gob.mx\/csneo\/movilidad-laboral-de-jornaleros-agricolas\/mecanismo-de-movilidad-laboral-externa-para-jornaleros-agricolas\/","title":{"rendered":"Mecanismo de Movilidad Laboral Externa para Jornaleros Agr\u00edcolas"},"content":{"rendered":"<p><img loading=\"lazy\" decoding=\"async\" class=\"alignnone size-full wp-image-446\" src=\"\/csneo\/wp-content\/uploads\/sites\/9\/2020\/01\/MecanismoMovilidadExternaJornalerosAgricolas.jpg\" alt=\"programa-trabajadores-agricolas-temporales\" width=\"1140\" height=\"320\" \/><br \/>\n<a class=\"btn btn-sm btn-info mt-3\" style=\"color:#FFF\" href=\"..\/\"><span class=\"dashicons dashicons-arrow-left-alt2\"><\/span> MOVILIDAD LABORAL DE JORNALEROS AGR\u00cdCOLAS<\/a><\/p>\n<div class=\"card\">\n<div class=\"card-header\">MECANISMO DE MOVILIDAD LABORAL EXTERNA PARA JORNALEROS AGR\u00cdCOLAS<\/div>\n<div class=\"card-body\">\n\t\tServicio de reclutamiento, selecci\u00f3n y vinculaci\u00f3n de buscadores de trabajo que tienen experiencia en actividades agr\u00edcolas, con vacantes del sector agr\u00edcola ofertadas por empleadores de otros pa\u00edses. Opera a trav\u00e9s de un esquema espec\u00edficamente dise\u00f1ado para apoyar las actividades inherentes a este proceso de vinculaci\u00f3n laboral en el extranjero.<\/p>\n<h4 class=\"mt-5\">Apoyos para el buscador de trabajo<\/h4>\n<h5>Atenci\u00f3n personalizada y permanente por parte de un consejero de empleo que consiste en:<\/h5>\n<ul class=\"listas-geo\">\n<li>Informaci\u00f3n sobre las ofertas de empleos disponibles, acordes a su perfil laboral.<\/li>\n<li>Env\u00edo para cubrir una vacante disponible acorde a su perfil laboral y los requerimientos del empleador.<\/li>\n<li>Informaci\u00f3n y asesor\u00eda para, en su caso, llevar a cabo su solicitud de permiso de trabajo o similar e integraci\u00f3n de expediente que deber\u00e1 enviar a la embajada del pa\u00eds correspondiente.<\/li>\n<li>Acompa\u00f1amiento en las gestiones para su arribo al centro de trabajo en el pa\u00eds de destino.<\/li>\n<li>Informaci\u00f3n relacionada con los servicios que prestan las representaciones consulares en el pa\u00eds en que se encuentre la vacante.<\/li>\n<\/ul>\n<h4 class=\"mt-5\">Apoyos para el empleador<\/h4>\n<h5>Atenci\u00f3n personalizada y permanente por parte de un consejero en reclutamiento que consiste en:<\/h5>\n<ul class=\"listas-geo\">\n<li>Asesor\u00eda para el registro de vacantes de trabajo.<\/li>\n<li>Promoci\u00f3n de vacantes entre buscadores de trabajo.<\/li>\n<li>Informaci\u00f3n de buscadores de trabajo disponibles para sus vacantes.<\/li>\n<li>Reclutamiento y selecci\u00f3n de buscadores de trabajo de acuerdo a los perfiles ocupacionales requeridos por el empleador ubicado en el extranjero.<\/li>\n<li>Seguimiento a la cobertura de vacantes de trabajo.<\/li>\n<\/ul><\/div>\n<\/div>\n","protected":false},"excerpt":{"rendered":"<p>MOVILIDAD LABORAL DE JORNALEROS AGR\u00cdCOLAS MECANISMO DE MOVILIDAD LABORAL EXTERNA PARA JORNALEROS AGR\u00cdCOLAS Servicio de reclutamiento, selecci\u00f3n y vinculaci\u00f3n de buscadores de trabajo que tienen experiencia en actividades agr\u00edcolas, con vacantes del sector agr\u00edcola ofertadas por empleadores de otros pa\u00edses. Opera a trav\u00e9s de un esquema espec\u00edficamente dise\u00f1ado para apoyar las actividades inherentes a este [&hellip;]<\/p>\n","protected":false},"author":9,"featured_media":0,"parent":2681,"menu_order":0,"comment_status":"closed","ping_status":"closed","template":"","meta":{"episode_type":"","audio_file":"","podmotor_file_id":"","podmotor_episode_id":"","cover_image":"","cover_image_id":"","duration":"","filesize":"","filesize_raw":"","date_recorded":"","explicit":"","block":"","itunes_episode_number":"","itunes_title":"","itunes_season_number":"","itunes_episode_type":"","footnotes":""},"categories":[],"tags":[],"class_list":["post-2693","page","type-page","status-publish","hentry"],"acf":[],"publishpress_future_action":{"enabled":false,"date":"2026-05-14 04:38:12","action":"change-status","newStatus":"draft","terms":[],"taxonomy":"category","extraData":[]},"publishpress_future_workflow_manual_trigger":{"enabledWorkflows":[]},"_links":{"self":[{"href":"https:\/\/www.oaxaca.gob.mx\/csneo\/wp-json\/wp\/v2\/pages\/2693","targetHints":{"allow":["GET"]}}],"collection":[{"href":"https:\/\/www.oaxaca.gob.mx\/csneo\/wp-json\/wp\/v2\/pages"}],"about":[{"href":"https:\/\/www.oaxaca.gob.mx\/csneo\/wp-json\/wp\/v2\/types\/page"}],"author":[{"embeddable":true,"href":"https:\/\/www.oaxaca.gob.mx\/csneo\/wp-json\/wp\/v2\/users\/9"}],"replies":[{"embeddable":true,"href":"https:\/\/www.oaxaca.gob.mx\/csneo\/wp-json\/wp\/v2\/comments?post=2693"}],"version-history":[{"count":3,"href":"https:\/\/www.oaxaca.gob.mx\/csneo\/wp-json\/wp\/v2\/pages\/2693\/revisions"}],"predecessor-version":[{"id":2703,"href":"https:\/\/www.oaxaca.gob.mx\/csneo\/wp-json\/wp\/v2\/pages\/2693\/revisions\/2703"}],"up":[{"embeddable":true,"href":"https:\/\/www.oaxaca.gob.mx\/csneo\/wp-json\/wp\/v2\/pages\/2681"}],"wp:attachment":[{"href":"https:\/\/www.oaxaca.gob.mx\/csneo\/wp-json\/wp\/v2\/media?parent=2693"}],"wp:term":[{"taxonomy":"category","embeddable":true,"href":"https:\/\/www.oaxaca.gob.mx\/csneo\/wp-json\/wp\/v2\/categories?post=2693"},{"taxonomy":"post_tag","embeddable":true,"href":"https:\/\/www.oaxaca.gob.mx\/csneo\/wp-json\/wp\/v2\/tags?post=2693"}],"curies":[{"name":"wp","href":"https:\/\/api.w.org\/{rel}","templated":true}]}}