{"id":2681,"date":"2020-01-29T14:43:43","date_gmt":"2020-01-29T20:43:43","guid":{"rendered":"https:\/\/www.oaxaca.gob.mx\/csneo\/?page_id=2681"},"modified":"2020-04-23T10:36:03","modified_gmt":"2020-04-23T15:36:03","slug":"movilidad-laboral-de-jornaleros-agricolas","status":"publish","type":"page","link":"https:\/\/www.oaxaca.gob.mx\/csneo\/movilidad-laboral-de-jornaleros-agricolas\/","title":{"rendered":"Movilidad Laboral de Jornaleros Agr\u00edcolas"},"content":{"rendered":"<p><img loading=\"lazy\" decoding=\"async\" class=\"aligncenter size-full wp-image-468\" src=\"\/csneo\/wp-content\/uploads\/sites\/9\/2020\/01\/movilidadLaboralJornalerosAgricolasPage.jpg\" alt=\"Intermediaci\u00f3n Laboral SNE\" width=\"1140\" height=\"320\" \/><br \/>\n<br \/>El programa de movilidad laboral ampl\u00eda las oportunidades de empleo para que las personas puedan trasladarse de forma temporal o permanente, a un lugar distinto al de su residencia, en caso de no encontrar ofertas de empleo cerca de su localidad. De esta manera, se logra vincular a oferentes y demandantes de empleo que se encuentran f\u00edsicamente en regiones distintas. <\/p>\n<h4 class=\"mt-5\">Los subprogramas para este rubro son:<\/h4>\n<div class=\"row\">\n<div class=\"col-xs-12 col-sm-6\">\n<div class=\"card bg-light mb-3\">\n<div class=\"card-body\">\n<h5 class=\"card-title\">Movilidad Laboral Interna de Jornaleros Agr\u00edcolas<\/h5>\n<p class=\"card-text\">Vincula a los buscadores de trabajo seleccionados que, a petici\u00f3n del empleador . . .<\/p>\n<div class=\"text-right\"><a class=\"btn btn-info\" href=\"movilidad-laboral-interna-de-jornaleros-agricolas\" style=\"color: #FFF\">Leer m\u00e1s . . .<\/a><\/div>\n<\/div>\n<\/div><\/div>\n<div class=\"col-xs-12 col-sm-6\">\n<div class=\"card bg-light mb-3\">\n<div class=\"card-body\">\n<h5 class=\"card-title\">Programa de Trabajadores Agr\u00edcolas Temporales M\u00e9xico Canad\u00e1 PTAT<\/h5>\n<p class=\"card-text\">Servicio de reclutamiento, selecci\u00f3n y vinculaci\u00f3n de buscadores de trabajo que tienen . . .<\/p>\n<div class=\"text-right\"><a class=\"btn btn-info\" href=\"programa-trabajadores-agricolas-temporales\" style=\"color: #FFF\">Leer m\u00e1s . . .<\/a><\/div>\n<\/div>\n<\/div><\/div>\n<div class=\"col-xs-12 col-sm-6\">\n<div class=\"card bg-light mb-3\">\n<div class=\"card-body\">\n<h5 class=\"card-title\">Mecanismo de Movilidad Laboral Externa para Jornaleros Agr\u00edcolas<\/h5>\n<p class=\"card-text\">Servicio de reclutamiento, selecci\u00f3n y vinculaci\u00f3n de buscadores de trabajo que tienen . . .<\/p>\n<div class=\"text-right\"><a class=\"btn btn-info\" href=\"mecanismo-de-movilidad-laboral-externa-para-jornaleros-agricolas\" style=\"color: #FFF\">Leer m\u00e1s . . .<\/a><\/div>\n<\/div>\n<\/div><\/div>\n<\/div>\n<h4 class=\"mt-5\">Requisitos:<\/h4>\n<ul class=\"listas-geo\">\n<li>Ser buscador de trabajo.<\/li>\n<li>Edad 18 a\u00f1os o m\u00e1s.<\/li>\n<li>Autorizar de manera expresa el tratamiento de sus datos personales con la finalidad de llevar a cabo su vinculaci\u00f3n laboral a trav\u00e9s de alguno de los servicios en referencia<\/li>\n<\/ul>\n","protected":false},"excerpt":{"rendered":"<p>El programa de movilidad laboral ampl\u00eda las oportunidades de empleo para que las personas puedan trasladarse de forma temporal o permanente, a un lugar distinto al de su residencia, en caso de no encontrar ofertas de empleo cerca de su localidad. De esta manera, se logra vincular a oferentes y demandantes de empleo que se [&hellip;]<\/p>\n","protected":false},"author":9,"featured_media":2630,"parent":0,"menu_order":0,"comment_status":"closed","ping_status":"closed","template":"","meta":{"episode_type":"","audio_file":"","podmotor_file_id":"","podmotor_episode_id":"","cover_image":"","cover_image_id":"","duration":"","filesize":"","filesize_raw":"","date_recorded":"","explicit":"","block":"","itunes_episode_number":"","itunes_title":"","itunes_season_number":"","itunes_episode_type":"","footnotes":""},"categories":[11],"tags":[],"class_list":["post-2681","page","type-page","status-publish","has-post-thumbnail","hentry","category-slide"],"acf":[],"publishpress_future_action":{"enabled":false,"date":"2026-05-12 14:03:45","action":"change-status","newStatus":"draft","terms":[],"taxonomy":"category","extraData":[]},"publishpress_future_workflow_manual_trigger":{"enabledWorkflows":[]},"_links":{"self":[{"href":"https:\/\/www.oaxaca.gob.mx\/csneo\/wp-json\/wp\/v2\/pages\/2681","targetHints":{"allow":["GET"]}}],"collection":[{"href":"https:\/\/www.oaxaca.gob.mx\/csneo\/wp-json\/wp\/v2\/pages"}],"about":[{"href":"https:\/\/www.oaxaca.gob.mx\/csneo\/wp-json\/wp\/v2\/types\/page"}],"author":[{"embeddable":true,"href":"https:\/\/www.oaxaca.gob.mx\/csneo\/wp-json\/wp\/v2\/users\/9"}],"replies":[{"embeddable":true,"href":"https:\/\/www.oaxaca.gob.mx\/csneo\/wp-json\/wp\/v2\/comments?post=2681"}],"version-history":[{"count":8,"href":"https:\/\/www.oaxaca.gob.mx\/csneo\/wp-json\/wp\/v2\/pages\/2681\/revisions"}],"predecessor-version":[{"id":2758,"href":"https:\/\/www.oaxaca.gob.mx\/csneo\/wp-json\/wp\/v2\/pages\/2681\/revisions\/2758"}],"wp:featuredmedia":[{"embeddable":true,"href":"https:\/\/www.oaxaca.gob.mx\/csneo\/wp-json\/wp\/v2\/media\/2630"}],"wp:attachment":[{"href":"https:\/\/www.oaxaca.gob.mx\/csneo\/wp-json\/wp\/v2\/media?parent=2681"}],"wp:term":[{"taxonomy":"category","embeddable":true,"href":"https:\/\/www.oaxaca.gob.mx\/csneo\/wp-json\/wp\/v2\/categories?post=2681"},{"taxonomy":"post_tag","embeddable":true,"href":"https:\/\/www.oaxaca.gob.mx\/csneo\/wp-json\/wp\/v2\/tags?post=2681"}],"curies":[{"name":"wp","href":"https:\/\/api.w.org\/{rel}","templated":true}]}}