{"id":1751,"date":"2019-05-06T22:49:25","date_gmt":"2019-05-07T03:49:25","guid":{"rendered":"https:\/\/www.oaxaca.gob.mx\/csneo\/?page_id=1751"},"modified":"2023-01-31T08:19:13","modified_gmt":"2023-01-31T14:19:13","slug":"directorio","status":"publish","type":"page","link":"https:\/\/www.oaxaca.gob.mx\/csneo\/directorio\/","title":{"rendered":"Directorio"},"content":{"rendered":"<h4>UNIDAD CENTRAL<\/h4>\n\n<table id=\"tablepress-dir-unidad_central\" class=\"tablepress tablepress-id-dir-unidad_central\">\n<thead>\n<tr class=\"row-1\">\n\t<th class=\"column-1\">Cargo<\/th><th class=\"column-2\">Nombre<\/th><th class=\"column-3\">Contacto<\/th>\n<\/tr>\n<\/thead>\n<tbody class=\"row-striping row-hover\">\n<tr class=\"row-2\">\n\t<td class=\"column-1\">COORDINADOR DEL SERVICIO NACIONAL DE EMPLEO OAXACA<\/td><td class=\"column-2\">LIC. GENARO ESA\u00da HERN\u00c1NDEZ JIM\u00c9NEZ<\/td><td class=\"column-3\">951 501 50 00 Ext. 12543<\/td>\n<\/tr>\n<tr class=\"row-3\">\n\t<td class=\"column-1\">JEFA DEL DEPARTAMENTO DE SEGUIMIENTO A PROGRAMAS DE CAPACITACI\u00d3N Y FOMENTO AL EMPLEO<\/td><td class=\"column-2\">LIC. LAURA ELIZABETH V\u00c1SQUEZ CASTELLANOS<\/td><td class=\"column-3\">951 501 50 00 Ext. 12888<\/td>\n<\/tr>\n<tr class=\"row-4\">\n\t<td class=\"column-1\">JEFA DEL DEPARTAMENTO DE VINCULACI\u00d3N Y PROMOCI\u00d3N LABORAL.<\/td><td class=\"column-2\">LIC. TANIA M\u00c9NDEZ CUEVAS <br \/>\n<\/td><td class=\"column-3\">951 501 50 00 Ext. 12638<\/td>\n<\/tr>\n<tr class=\"row-5\">\n\t<td class=\"column-1\">JEFA DEL DEPARTAMENTO DE ATENCI\u00d3N A LA MOVILIDAD LABORAL<\/td><td class=\"column-2\">LIC. ABIGAIL REYES AGUILAR<\/td><td class=\"column-3\">951 501 50 00 Ext. 12625<\/td>\n<\/tr>\n<tr class=\"row-6\">\n\t<td class=\"column-1\">JEFE DEL DEPARTAMENTO DE APOYO A INICIATIVAS OCUPACIONALES.<\/td><td class=\"column-2\">LIC. ZITA CAROLINA L\u00d3PEZ MARCOS<\/td><td class=\"column-3\">951 501 50 00 Ext. 12644<\/td>\n<\/tr>\n<tr class=\"row-7\">\n\t<td class=\"column-1\">ENCARGADA DEL DEPARTAMENTO ADMINISTRATIVO<\/td><td class=\"column-2\">LIC. MARISELA L\u00d3PEZ CASTILLO<\/td><td class=\"column-3\">951 501 50 00 Ext. 12640<\/td>\n<\/tr>\n<tr class=\"row-8\">\n\t<td class=\"column-1\">COORDINADOR DE SUPERVISI\u00d3N, CONTRALOR\u00cdA SOCIAL Y ASESOR\u00cdA JUR\u00cdDICA, Y ENCARGADO DEL DEPARTAMENTO JUR\u00cdDICO<\/td><td class=\"column-2\">LIC. ISAAC ORT\u00cdZ SANDOVAL<\/td><td class=\"column-3\">951 501 50 00 Ext. 12914<\/td>\n<\/tr>\n<tr class=\"row-9\">\n\t<td class=\"column-1\">COORDINADORA DE DESARROLLO HUMANO Y ADMINISTRACI\u00d3N DE RECURSOS<\/td><td class=\"column-2\">C.P. MAR\u00cdA LAURA VEL\u00c1SQUEZ CORREA<\/td><td class=\"column-3\">951 501 50 00 Ext. 12636<\/td>\n<\/tr>\n<\/tbody>\n<\/table>\n\n<p>&nbsp;<\/p>\n<h4>DEPARTAMENTOS REGIONALES DE CAPACITACI\u00d3N Y EMPLEO<\/h4>\n\n<table id=\"tablepress-dir-deptos_regionales\" class=\"tablepress tablepress-id-dir-deptos_regionales\">\n<thead>\n<tr class=\"row-1\">\n\t<th class=\"column-1\">Unidad Regional<\/th><th class=\"column-2\">Titular<\/th><th class=\"column-3\">Contacto<\/th>\n<\/tr>\n<\/thead>\n<tbody class=\"row-striping row-hover\">\n<tr class=\"row-2\">\n\t<td class=\"column-1\">VALLES CENTRALES<\/td><td class=\"column-2\">DR. GERARDO HERN\u00c1NDEZ JIM\u00c9NEZ<\/td><td class=\"column-3\">(951) 501 50 00 Ext. 12549<\/td>\n<\/tr>\n<tr class=\"row-3\">\n\t<td class=\"column-1\">PAPALOAPAN<\/td><td class=\"column-2\">LIC. LUIS GUSTAVO FELIPE CARLOS<\/td><td class=\"column-3\">(287) 106 34 76<\/td>\n<\/tr>\n<tr class=\"row-4\">\n\t<td class=\"column-1\">ISTMO<\/td><td class=\"column-2\">LIC. GARY Z\u00c1RATE GARC\u00cdA<\/td><td class=\"column-3\">(971) 720 26 04<\/td>\n<\/tr>\n<tr class=\"row-5\">\n\t<td class=\"column-1\">MIXTECA<\/td><td class=\"column-2\">LIC. ANG\u00c9LICA MAR\u00cdA MORALES MONTES<\/td><td class=\"column-3\">(953) 688 32 60 Ext. 1101<\/td>\n<\/tr>\n<tr class=\"row-6\">\n\t<td class=\"column-1\">COSTA.<\/td><td class=\"column-2\">LIC. GABRIELA MAIDALY BARRERA SANTOS<\/td><td class=\"column-3\">(954) 688 0615<\/td>\n<\/tr>\n<\/tbody>\n<\/table>\n\n","protected":false},"excerpt":{"rendered":"<p>UNIDAD CENTRAL &nbsp; DEPARTAMENTOS REGIONALES DE CAPACITACI\u00d3N Y EMPLEO<\/p>\n","protected":false},"author":9,"featured_media":0,"parent":0,"menu_order":0,"comment_status":"closed","ping_status":"closed","template":"","meta":{"episode_type":"","audio_file":"","podmotor_file_id":"","podmotor_episode_id":"","cover_image":"","cover_image_id":"","duration":"","filesize":"","filesize_raw":"","date_recorded":"","explicit":"","block":"","itunes_episode_number":"","itunes_title":"","itunes_season_number":"","itunes_episode_type":"","footnotes":""},"categories":[],"tags":[],"class_list":["post-1751","page","type-page","status-publish","hentry"],"acf":[],"publishpress_future_action":{"enabled":false,"date":"2026-05-07 11:18:10","action":"change-status","newStatus":"draft","terms":[],"taxonomy":"category","extraData":[]},"publishpress_future_workflow_manual_trigger":{"enabledWorkflows":[]},"_links":{"self":[{"href":"https:\/\/www.oaxaca.gob.mx\/csneo\/wp-json\/wp\/v2\/pages\/1751","targetHints":{"allow":["GET"]}}],"collection":[{"href":"https:\/\/www.oaxaca.gob.mx\/csneo\/wp-json\/wp\/v2\/pages"}],"about":[{"href":"https:\/\/www.oaxaca.gob.mx\/csneo\/wp-json\/wp\/v2\/types\/page"}],"author":[{"embeddable":true,"href":"https:\/\/www.oaxaca.gob.mx\/csneo\/wp-json\/wp\/v2\/users\/9"}],"replies":[{"embeddable":true,"href":"https:\/\/www.oaxaca.gob.mx\/csneo\/wp-json\/wp\/v2\/comments?post=1751"}],"version-history":[{"count":1,"href":"https:\/\/www.oaxaca.gob.mx\/csneo\/wp-json\/wp\/v2\/pages\/1751\/revisions"}],"predecessor-version":[{"id":3212,"href":"https:\/\/www.oaxaca.gob.mx\/csneo\/wp-json\/wp\/v2\/pages\/1751\/revisions\/3212"}],"wp:attachment":[{"href":"https:\/\/www.oaxaca.gob.mx\/csneo\/wp-json\/wp\/v2\/media?parent=1751"}],"wp:term":[{"taxonomy":"category","embeddable":true,"href":"https:\/\/www.oaxaca.gob.mx\/csneo\/wp-json\/wp\/v2\/categories?post=1751"},{"taxonomy":"post_tag","embeddable":true,"href":"https:\/\/www.oaxaca.gob.mx\/csneo\/wp-json\/wp\/v2\/tags?post=1751"}],"curies":[{"name":"wp","href":"https:\/\/api.w.org\/{rel}","templated":true}]}}

<h4>UNIDAD CENTRAL</h4>

<table id="tablepress-dir-unidad_central" class="tablepress tablepress-id-dir-unidad_central">
<thead>
<tr class="row-1">
	<th class="column-1">Cargo</th><th class="column-2">Nombre</th><th class="column-3">Contacto</th>
</tr>
</thead>
<tbody class="row-striping row-hover">
<tr class="row-2">
	<td class="column-1">COORDINADOR DEL SERVICIO NACIONAL DE EMPLEO OAXACA</td><td class="column-2">LIC. GENARO ESAÚ HERNÁNDEZ JIMÉNEZ</td><td class="column-3">951 501 50 00 Ext. 12543</td>
</tr>
<tr class="row-3">
	<td class="column-1">JEFA DEL DEPARTAMENTO DE SEGUIMIENTO A PROGRAMAS DE CAPACITACIÓN Y FOMENTO AL EMPLEO</td><td class="column-2">LIC. LAURA ELIZABETH VÁSQUEZ CASTELLANOS</td><td class="column-3">951 501 50 00 Ext. 12888</td>
</tr>
<tr class="row-4">
	<td class="column-1">JEFA DEL DEPARTAMENTO DE VINCULACIÓN Y PROMOCIÓN LABORAL.</td><td class="column-2">LIC. TANIA MÉNDEZ CUEVAS <br />
</td><td class="column-3">951 501 50 00 Ext. 12638</td>
</tr>
<tr class="row-5">
	<td class="column-1">JEFA DEL DEPARTAMENTO DE ATENCIÓN A LA MOVILIDAD LABORAL</td><td class="column-2">LIC. ABIGAIL REYES AGUILAR</td><td class="column-3">951 501 50 00 Ext. 12625</td>
</tr>
<tr class="row-6">
	<td class="column-1">JEFE DEL DEPARTAMENTO DE APOYO A INICIATIVAS OCUPACIONALES.</td><td class="column-2">LIC. ZITA CAROLINA LÓPEZ MARCOS</td><td class="column-3">951 501 50 00 Ext. 12644</td>
</tr>
<tr class="row-7">
	<td class="column-1">ENCARGADA DEL DEPARTAMENTO ADMINISTRATIVO</td><td class="column-2">LIC. MARISELA LÓPEZ CASTILLO</td><td class="column-3">951 501 50 00 Ext. 12640</td>
</tr>
<tr class="row-8">
	<td class="column-1">COORDINADOR DE SUPERVISIÓN, CONTRALORÍA SOCIAL Y ASESORÍA JURÍDICA, Y ENCARGADO DEL DEPARTAMENTO JURÍDICO</td><td class="column-2">LIC. ISAAC ORTÍZ SANDOVAL</td><td class="column-3">951 501 50 00 Ext. 12914</td>
</tr>
<tr class="row-9">
	<td class="column-1">COORDINADORA DE DESARROLLO HUMANO Y ADMINISTRACIÓN DE RECURSOS</td><td class="column-2">C.P. MARÍA LAURA VELÁSQUEZ CORREA</td><td class="column-3">951 501 50 00 Ext. 12636</td>
</tr>
</tbody>
</table>

<p>&nbsp;</p>
<h4>DEPARTAMENTOS REGIONALES DE CAPACITACIÓN Y EMPLEO</h4>

<table id="tablepress-dir-deptos_regionales" class="tablepress tablepress-id-dir-deptos_regionales">
<thead>
<tr class="row-1">
	<th class="column-1">Unidad Regional</th><th class="column-2">Titular</th><th class="column-3">Contacto</th>
</tr>
</thead>
<tbody class="row-striping row-hover">
<tr class="row-2">
	<td class="column-1">VALLES CENTRALES</td><td class="column-2">DR. GERARDO HERNÁNDEZ JIMÉNEZ</td><td class="column-3">(951) 501 50 00 Ext. 12549</td>
</tr>
<tr class="row-3">
	<td class="column-1">PAPALOAPAN</td><td class="column-2">LIC. LUIS GUSTAVO FELIPE CARLOS</td><td class="column-3">(287) 106 34 76</td>
</tr>
<tr class="row-4">
	<td class="column-1">ISTMO</td><td class="column-2">LIC. GARY ZÁRATE GARCÍA</td><td class="column-3">(971) 720 26 04</td>
</tr>
<tr class="row-5">
	<td class="column-1">MIXTECA</td><td class="column-2">LIC. ANGÉLICA MARÍA MORALES MONTES</td><td class="column-3">(953) 688 32 60 Ext. 1101</td>
</tr>
<tr class="row-6">
	<td class="column-1">COSTA.</td><td class="column-2">LIC. GABRIELA MAIDALY BARRERA SANTOS</td><td class="column-3">(954) 688 0615</td>
</tr>
</tbody>
</table>

<p>UNIDAD CENTRAL &nbsp; DEPARTAMENTOS REGIONALES DE CAPACITACIÓN Y EMPLEO</p>
