{"id":128,"date":"2017-10-11T14:32:31","date_gmt":"2017-10-11T19:32:31","guid":{"rendered":"http:\/\/www.sne.oaxaca.gob.mx\/?page_id=128"},"modified":"2026-02-17T11:26:34","modified_gmt":"2026-02-17T17:26:34","slug":"oficinas","status":"publish","type":"page","link":"https:\/\/www.oaxaca.gob.mx\/csneo\/oficinas\/","title":{"rendered":"Oficinas"},"content":{"rendered":"<p><img loading=\"lazy\" decoding=\"async\" class=\"aligncenter size-full wp-image-756\" src=\"https:\/\/www.oaxaca.gob.mx\/csneo\/wp-content\/uploads\/sites\/9\/2019\/06\/oficinas-sne-administrativa.jpg\" alt=\"oficinas-sne-oaxaca\" width=\"1140\" height=\"320\" \/><\/p>\n<p>El Servicio Nacional de Empleo en Oaxaca se conforma de una unidad central y 5 unidades regionales, en las cuales te podremos atender.<\/p>\n<div style=\"text-align: right\"><\/div>\n<div class=\"framecssDirectorio\">\n<div class=\"row\">\n<div class=\"col-md-12 mb-4\">\n<div class=\"card\" style=\"border-color: #622779\">\n<div class=\"card-header uppercase\" style=\"font-weight: bold;color: #622779;border-bottom-color: #622779;font-size: 16px\">OAXACA &#8211; Unidad Central<\/div>\n<div class=\"card-body\">\n<h6 class=\"card-title\" style=\"color: #601278;font-size: 14px\">Coordinador del Servicio Nacional de Empleo Oaxaca: Lic. Genaro Esa\u00fa Hern\u00e1ndez Jim\u00e9nez.<\/h6>\n<p style=\"font-size: 0.9rem\">Ciudad Administrativa \u00abBenem\u00e9rito de las Am\u00e9ricas\u00bb, Edificio 6 \u00abMacedonio Alcal\u00e1\u00bb, Nivel 3 Carretera Internacional Oaxaca-Istmo km 11.5 Tlalixtac de Cabrera, Oaxaca. C.P. 68270.<\/p>\n<p style=\"font-size: 0.9rem\">HORARIOS DE ATENCI\u00d3N: Lunes a Viernes de 9 a 15 hrs.<\/p>\n<footer class=\"blockquote-footer\" style=\"font-weight: bold;font-size: 12px\">CORREO ELECTR\u00d3NICO: cordi2023.sneoax@gmail.com, <cite>TEL: 951 501 50 00 Ext. 12911<\/cite><\/footer>\n<\/div>\n<\/div>\n<\/div>\n<div class=\"col-md-12 mb-4\">\n<div class=\"card\" style=\"border-color: #622779\">\n<div class=\"card-header uppercase\" style=\"font-weight: bold;color: #622779;border-bottom-color: #622779;font-size: 16px\">Valles Centrales &#8211; Unidad Regional<\/div>\n<div class=\"card-body\">\n<h6 class=\"card-title\" style=\"color: #601278;font-size: 14px\">Jefe de la Unidad Regional: Dr. Gerardo Hern\u00e1ndez Jim\u00e9nez<\/h6>\n<p style=\"font-size: 0.9rem\">Ciudad Administrativa \u00abBenem\u00e9rito de las Am\u00e9ricas\u00bb, Edificio 6 \u00abMacedonio Alcal\u00e1\u00bb, Nivel 3 Carretera Internacional Oaxaca-Istmo km 11.5 Tlalixtac de Cabrera, Oaxaca. C.P. 68270.<\/p>\n<p style=\"font-size: 0.9rem\">HORARIOS DE ATENCI\u00d3N: Lunes a Viernes de 9 a 15 hrs.<\/p>\n<footer class=\"blockquote-footer\" style=\"font-weight: bold;font-size: 12px\">CORREO ELECTR\u00d3NICO: snevallescentrales@gmail.com, <cite>TEL: 951 501 50 00 Ext. 12549<\/cite><\/footer>\n<\/div>\n<\/div>\n<\/div>\n<div class=\"col-md-12 mb-4\">\n<div class=\"card\" style=\"border-color: #622779\">\n<div class=\"card-header uppercase\" style=\"font-weight: bold;color: #622779;border-bottom-color: #622779;font-size: 16px\">Mixteca &#8211; Unidad Regional<\/div>\n<div class=\"card-body\">\n<h6 class=\"card-title\" style=\"color: #601278;font-size: 14px\">Jefa de la Unidad Regional: Lic. Ang\u00e9lica Mar\u00eda Morales Montes<\/h6>\n<p style=\"font-size: 0.9rem\">Centro Regional de Servicios Administrativos, Libramiento Norte s\/n, Colonia Agua Dulce, Heroica Ciudad de Huajuapan de Le\u00f3n, Oaxaca. C.P. 69005.<\/p>\n<p style=\"font-size: 0.9rem\">HORARIOS DE ATENCI\u00d3N: Lunes a Viernes de 9 a 15 hrs.<\/p>\n<footer class=\"blockquote-footer\" style=\"font-weight: bold;font-size: 12px\">CORREO ELECTR\u00d3NICO: angelicam.sne.huajuapanmixteca@gmail.com, <cite>TEL: (953) 688 32 60 Ext. 1101<\/cite><\/footer>\n<\/div>\n<\/div>\n<\/div>\n<div class=\"col-md-12 mb-4\">\n<div class=\"card\" style=\"border-color: #622779\">\n<div class=\"card-header uppercase\" style=\"font-weight: bold;color: #622779;border-bottom-color: #622779;font-size: 16px\">Costa &#8211; Unidad Regional<\/div>\n<div class=\"card-body\">\n<h6 class=\"card-title\" style=\"color: #601278;font-size: 14px\">Jefa de la Unidad Regional: Lic. Gabriela Maidaly Barrera Santos<\/h6>\n<p style=\"font-size: 0.9rem\">Calle <strong class=\"Yjhzub\">1\u00aa<\/strong>, Poniente s\/n, esquina con Carretera Costera, Sector Hidalgo, Puerto Escondido, Oaxaca. C.P. 71980.<\/p>\n<p style=\"font-size: 0.9rem\">HORARIOS DE ATENCI\u00d3N: Lunes a Viernes de 9 a 15 hrs.<\/p>\n<footer class=\"blockquote-footer\" style=\"font-weight: bold;font-size: 12px\">CORREO ELECTR\u00d3NICO: snecostaoaxaca@gmail.com, <cite>TEL: (954) 688 0615<\/cite><\/footer>\n<\/div>\n<\/div>\n<\/div>\n<div class=\"col-md-12 mb-4\">\n<div class=\"card\" style=\"border-color: #622779\">\n<div class=\"card-header uppercase\" style=\"font-weight: bold;color: #622779;border-bottom-color: #622779;font-size: 16px\">Istmo &#8211; Unidad Regional<\/div>\n<div class=\"card-body\">\n<h6 class=\"card-title\" style=\"color: #601278;font-size: 14px\">Jefe de la Unidad Regional: Gary Z\u00e1rate Garc\u00eda<\/h6>\n<p style=\"font-size: 0.9rem\">Av. Ferrocarril N\u00b0. 204, Colonia Cuauht\u00e9moc, Salina Cruz, Oaxaca. C.P. 70660.<\/p>\n<p style=\"font-size: 0.9rem\">HORARIOS DE ATENCI\u00d3N: Lunes a Viernes de 9 a 15 hrs.<\/p>\n<footer class=\"blockquote-footer\" style=\"font-weight: bold;font-size: 12px\">CORREO ELECTR\u00d3NICO: sneounidadregionistmo@gmail.com, <cite>TEL:(971) 720 26 04<\/cite><\/footer>\n<\/div>\n<\/div>\n<\/div>\n<div class=\"col-md-12 mb-4\">\n<div class=\"card\" style=\"border-color: #622779\">\n<div class=\"card-header uppercase\" style=\"font-weight: bold;color: #622779;border-bottom-color: #622779;font-size: 16px\">Papaloapan &#8211; Unidad Regional<\/div>\n<div class=\"card-body\">\n<h6 class=\"card-title\" style=\"color: #601278;font-size: 14px\">Jefe de la Unidad Regional: Lic. Luis Gustavo Felipe Carlos<\/h6>\n<p style=\"font-size: 0.9rem\">Vicente Guerrero N\u00b0. 346, Col. Centro, San Juan Bautista Tuxtepec, Oaxaca. C.P. 68300.<\/p>\n<p style=\"font-size: 0.9rem\">HORARIOS DE ATENCI\u00d3N: Lunes a Viernes de 9 a 15 hrs.<\/p>\n<footer class=\"blockquote-footer\" style=\"font-weight: bold;font-size: 12px\">CORREO ELECTR\u00d3NICO: sneotuxtepec2023@gmail.com <cite>TEL: (287) 106 34 76<\/cite><\/footer>\n<\/div>\n<\/div>\n<\/div>\n<\/div>\n<\/div>\n","protected":false},"excerpt":{"rendered":"<p>El Servicio Nacional de Empleo en Oaxaca se conforma de una unidad central y 5 unidades regionales, en las cuales te podremos atender. OAXACA &#8211; Unidad Central Coordinador del Servicio Nacional de Empleo Oaxaca: Lic. Genaro Esa\u00fa Hern\u00e1ndez Jim\u00e9nez. Ciudad Administrativa \u00abBenem\u00e9rito de las Am\u00e9ricas\u00bb, Edificio 6 \u00abMacedonio Alcal\u00e1\u00bb, Nivel 3 Carretera Internacional Oaxaca-Istmo km [&hellip;]<\/p>\n","protected":false},"author":1,"featured_media":0,"parent":0,"menu_order":0,"comment_status":"closed","ping_status":"closed","template":"","meta":{"episode_type":"","audio_file":"","podmotor_file_id":"","podmotor_episode_id":"","cover_image":"","cover_image_id":"","duration":"","filesize":"","filesize_raw":"","date_recorded":"","explicit":"","block":"","itunes_episode_number":"","itunes_title":"","itunes_season_number":"","itunes_episode_type":"","footnotes":""},"categories":[],"tags":[],"class_list":["post-128","page","type-page","status-publish","hentry"],"acf":[],"publishpress_future_action":{"enabled":false,"date":"2026-05-11 14:06:44","action":"change-status","newStatus":"draft","terms":[],"taxonomy":"category","extraData":[]},"publishpress_future_workflow_manual_trigger":{"enabledWorkflows":[]},"_links":{"self":[{"href":"https:\/\/www.oaxaca.gob.mx\/csneo\/wp-json\/wp\/v2\/pages\/128","targetHints":{"allow":["GET"]}}],"collection":[{"href":"https:\/\/www.oaxaca.gob.mx\/csneo\/wp-json\/wp\/v2\/pages"}],"about":[{"href":"https:\/\/www.oaxaca.gob.mx\/csneo\/wp-json\/wp\/v2\/types\/page"}],"author":[{"embeddable":true,"href":"https:\/\/www.oaxaca.gob.mx\/csneo\/wp-json\/wp\/v2\/users\/1"}],"replies":[{"embeddable":true,"href":"https:\/\/www.oaxaca.gob.mx\/csneo\/wp-json\/wp\/v2\/comments?post=128"}],"version-history":[{"count":2,"href":"https:\/\/www.oaxaca.gob.mx\/csneo\/wp-json\/wp\/v2\/pages\/128\/revisions"}],"predecessor-version":[{"id":3310,"href":"https:\/\/www.oaxaca.gob.mx\/csneo\/wp-json\/wp\/v2\/pages\/128\/revisions\/3310"}],"wp:attachment":[{"href":"https:\/\/www.oaxaca.gob.mx\/csneo\/wp-json\/wp\/v2\/media?parent=128"}],"wp:term":[{"taxonomy":"category","embeddable":true,"href":"https:\/\/www.oaxaca.gob.mx\/csneo\/wp-json\/wp\/v2\/categories?post=128"},{"taxonomy":"post_tag","embeddable":true,"href":"https:\/\/www.oaxaca.gob.mx\/csneo\/wp-json\/wp\/v2\/tags?post=128"}],"curies":[{"name":"wp","href":"https:\/\/api.w.org\/{rel}","templated":true}]}}