{"id":714,"date":"2016-06-25T13:46:27","date_gmt":"2016-06-25T19:46:27","guid":{"rendered":"http:\/\/www.cortv.oaxaca.gob.mx\/?page_id=714"},"modified":"2023-09-19T17:02:17","modified_gmt":"2023-09-19T23:02:17","slug":"respuestas","status":"publish","type":"page","link":"https:\/\/www.oaxaca.gob.mx\/cortv\/respuestas\/","title":{"rendered":"Respuestas"},"content":{"rendered":"<div class=\"card mb-3\">\n<div class=\"card-body\">\n<p>&nbsp;<\/p>\n<table style=\"height: 73px\" width=\"512\">\n<tbody>\n<tr>\n<td>MES<\/td>\n<td>Recomendaci\u00f3n:<\/td>\n<\/tr>\n<tr>\n<td>AGOSTO 2020<\/td>\n<td>Recomendaci\u00f3n sobre los cambios en la Programaci\u00f3n de los contenidos en CORTV.<\/td>\n<\/tr>\n<\/tbody>\n<\/table>\n<a href=\"https:\/\/www.oaxaca.gob.mx\/cortv\/wp-content\/uploads\/sites\/79\/2020\/08\/OF121-Informe-de-cambios-en-la-programaci\u00f3n.pdf\" class=\"pdfemb-viewer\" style=\"\" data-width=\"max\" data-height=\"max\" data-toolbar=\"top\" data-toolbar-fixed=\"on\">OF121-Informe-de-cambios-en-la-programaci\u00f3n<\/a>\n<p><strong>Respuesta <\/strong><br \/>\n<a href=\"https:\/\/www.oaxaca.gob.mx\/cortv\/wp-content\/uploads\/sites\/79\/2020\/05\/Oficio-DA117-Respuesta-al-Consejo.pdf\" class=\"pdfemb-viewer\" style=\"\" data-width=\"max\" data-height=\"max\" data-toolbar=\"top\" data-toolbar-fixed=\"on\">Oficio-DA117-Respuesta-al-Consejo<\/a>\n<p><strong>Respuesta <\/strong><br \/>\n<a href=\"https:\/\/www.oaxaca.gob.mx\/cortv\/wp-content\/uploads\/sites\/79\/2020\/05\/Oficio-DA116-Respuesta-al-Consejo.pdf\" class=\"pdfemb-viewer\" style=\"\" data-width=\"max\" data-height=\"max\" data-toolbar=\"top\" data-toolbar-fixed=\"on\">Oficio-DA116-Respuesta-al-Consejo<\/a>\n<p><strong>Respuesta <\/strong><br \/>\n<a href=\"https:\/\/www.oaxaca.gob.mx\/cortv\/wp-content\/uploads\/sites\/79\/2020\/05\/Oficio-DA114-a-publicar.pdf\" class=\"pdfemb-viewer\" style=\"\" data-width=\"max\" data-height=\"max\" data-toolbar=\"top\" data-toolbar-fixed=\"on\">Oficio-DA114-a-publicar<\/a>\n<p><strong>Respuesta <\/strong><br \/>\n<a href=\"https:\/\/www.oaxaca.gob.mx\/cortv\/wp-content\/uploads\/sites\/79\/2020\/04\/DA103-Respuesta-10.pdf\" class=\"pdfemb-viewer\" style=\"\" data-width=\"max\" data-height=\"max\" data-toolbar=\"top\" data-toolbar-fixed=\"on\">DA103-Respuesta-10<\/a>\n<p><strong>Respuesta <\/strong><br \/>\n<a href=\"https:\/\/www.oaxaca.gob.mx\/cortv\/wp-content\/uploads\/sites\/79\/2020\/04\/DA98-Respuesta-9.pdf\" class=\"pdfemb-viewer\" style=\"\" data-width=\"max\" data-height=\"max\" data-toolbar=\"top\" data-toolbar-fixed=\"on\">DA98-Respuesta-9<\/a>\n<p><strong>Respuesta <\/strong><br \/>\n<a href=\"https:\/\/www.oaxaca.gob.mx\/cortv\/wp-content\/uploads\/sites\/79\/2020\/04\/DA88-Respuesta-8.pdf\" class=\"pdfemb-viewer\" style=\"\" data-width=\"max\" data-height=\"max\" data-toolbar=\"top\" data-toolbar-fixed=\"on\">DA88-Respuesta-8<\/a>\n<p><strong>Respuesta <\/strong><br \/>\n<a href=\"https:\/\/www.oaxaca.gob.mx\/cortv\/wp-content\/uploads\/sites\/79\/2020\/04\/DA48-Respuesta-7.pdf\" class=\"pdfemb-viewer\" style=\"\" data-width=\"max\" data-height=\"max\" data-toolbar=\"top\" data-toolbar-fixed=\"on\">DA48-Respuesta-7<\/a>\n<table style=\"height: 73px\" width=\"512\">\n<tbody>\n<tr>\n<td>MES<\/td>\n<td>RESPUESTA A LA SOLICITUD<\/td>\n<\/tr>\n<tr>\n<td>MARZO 2019<\/td>\n<td>respuesta al oficio \u201csolicitudes para el programa La Nave de Tik Tak\u201d<\/td>\n<\/tr>\n<\/tbody>\n<\/table>\n<p><strong>Respuesta <\/strong><br \/>\n<a href=\"https:\/\/www.oaxaca.gob.mx\/cortv\/wp-content\/uploads\/sites\/79\/2019\/03\/OF44-Respuesta-a-la-audiencia-6.pdf\" class=\"pdfemb-viewer\" style=\"\" data-width=\"max\" data-height=\"max\" data-toolbar=\"top\" data-toolbar-fixed=\"on\">OF44-Respuesta-a-la-audiencia-6<\/a>\n<\/div>\n<\/div>\n<div class=\"card mb-3\">\n<div class=\"card-body\">\n<table style=\"height: 73px\" width=\"512\">\n<tbody>\n<tr>\n<td>MES<\/td>\n<td>RESPUESTA A LA SOLICITUD<\/td>\n<\/tr>\n<tr>\n<td>JUNIO<\/td>\n<td>6 DE JUNIO DE 2016<br \/>\n<a href=\"http:\/\/[supsystic-show-popup id=106]\">C. RUB\u00c9N PABLO RAM\u00cdREZ<\/a><\/td>\n<\/tr>\n<\/tbody>\n<\/table>\n<p><strong>Respuesta Octubre<\/strong><br \/>\n<a href=\"https:\/\/www.oaxaca.gob.mx\/cortv\/wp-content\/uploads\/sites\/79\/2016\/10\/defensoria-de-las-audenciasRespuesta2.pdf\" class=\"pdfemb-viewer\" style=\"\" data-width=\"max\" data-height=\"max\" data-toolbar=\"top\" data-toolbar-fixed=\"on\">defensoria-de-las-audenciasRespuesta2<\/a>\n<\/div>\n<\/div>\n<div class=\"card mb-3\">\n<div class=\"card-body\">\n<table width=\"512\">\n<tbody>\n<tr>\n<td>MES<\/td>\n<td>RESPUESTA A LA QUEJA<\/td>\n<\/tr>\n<tr>\n<td>JUNIO<\/td>\n<td>C. JORGE ALBERTO BURCIAGA ACOSTA<\/td>\n<\/tr>\n<\/tbody>\n<\/table>\n<p><strong>Respuesta Octubre <\/strong><br \/>\n<a href=\"https:\/\/www.oaxaca.gob.mx\/cortv\/wp-content\/uploads\/sites\/79\/2017\/02\/DEFENSORIA-3.pdf\" class=\"pdfemb-viewer\" style=\"\" data-width=\"max\" data-height=\"max\" data-toolbar=\"top\" data-toolbar-fixed=\"on\">DEFENSORIA-3<\/a>\n<\/div>\n<\/div>\n<div class=\"card mb-3\">\n<div class=\"card-body\">\n<table style=\"height: 73px\" width=\"512\">\n<tbody>\n<tr>\n<td>MES<\/td>\n<td>RESPUESTA A LA SOLICITUD<\/td>\n<\/tr>\n<tr>\n<td>JUNIO<\/td>\n<td>C. RUB\u00c9N PABLO RAM\u00cdREZ<\/td>\n<\/tr>\n<\/tbody>\n<\/table>\n<p><strong>Respuesta Enero<\/strong><br \/>\n<a href=\"https:\/\/www.oaxaca.gob.mx\/cortv\/wp-content\/uploads\/sites\/79\/2017\/02\/RESPUESTA-DEFENSORIA.pdf\" class=\"pdfemb-viewer\" style=\"\" data-width=\"max\" data-height=\"max\" data-toolbar=\"top\" data-toolbar-fixed=\"on\">RESPUESTA-DEFENSORIA<\/a>\n<\/div>\n<\/div>\n<div class=\"card mb-3\">\n<div class=\"card-body\">\n<table style=\"height: 73px\" width=\"512\">\n<tbody>\n<tr>\n<td>MES<\/td>\n<td>RECOMENDACI\u00d3N<\/td>\n<\/tr>\n<tr>\n<td>Enero<\/td>\n<td>CORTV<\/td>\n<\/tr>\n<\/tbody>\n<\/table>\n<p><strong>Recomendaci\u00f3n Enero<\/strong><br \/>\n<a href=\"https:\/\/www.oaxaca.gob.mx\/cortv\/wp-content\/uploads\/sites\/79\/2017\/02\/DEFENSORIA-2.pdf\" class=\"pdfemb-viewer\" style=\"\" data-width=\"max\" data-height=\"max\" data-toolbar=\"top\" data-toolbar-fixed=\"on\">DEFENSORIA-2<\/a>\n<\/div>\n<\/div>\n<div class=\"card mb-3\">\n<div class=\"card-body\">\n<table style=\"height: 73px\" width=\"512\">\n<tbody>\n<tr>\n<td>MES<\/td>\n<td>RESPUESTA A SOLICITUD<\/td>\n<\/tr>\n<tr>\n<td>Julio 2017<\/td>\n<td>C. AHTZALAM BAUTISTA<\/td>\n<\/tr>\n<\/tbody>\n<\/table>\n<p><strong>Recomendaci\u00f3n Enero<\/strong><br \/>\n<a href=\"https:\/\/www.oaxaca.gob.mx\/cortv\/wp-content\/uploads\/sites\/79\/2017\/07\/OFICIO-21-Respuesta-Defensoria.pdf\" class=\"pdfemb-viewer\" style=\"\" data-width=\"max\" data-height=\"max\" data-toolbar=\"top\" data-toolbar-fixed=\"on\">OFICIO-21-Respuesta-Defensoria<\/a>\n<\/div>\n<\/div>\n<div class=\"card mb-3\">\n<div class=\"card-body\">\n<table style=\"height: 73px\" width=\"512\">\n<tbody>\n<tr>\n<td>MES<\/td>\n<td>RESPUESTA A SOLICITUD<\/td>\n<\/tr>\n<tr>\n<td>septiembre 2017<\/td>\n<td><\/td>\n<\/tr>\n<\/tbody>\n<\/table>\n<p><strong>Respuesta a sugerencia<\/strong><br \/>\n<a href=\"https:\/\/www.oaxaca.gob.mx\/cortv\/wp-content\/uploads\/sites\/79\/2017\/10\/RESP-AUDIENCIA-OF-DA-31-PAG-1.pdf\" class=\"pdfemb-viewer\" style=\"\" data-width=\"max\" data-height=\"max\" data-toolbar=\"top\" data-toolbar-fixed=\"on\">RESP-AUDIENCIA-OF-DA-31-PAG-1<\/a>\n<\/div>\n<\/div>\n<div class=\"card mb-3\">\n<div class=\"card-body\">\n<table style=\"height: 73px\" width=\"512\">\n<tbody>\n<tr>\n<td>MES<\/td>\n<td>RESPUESTA A SOLICITUD<\/td>\n<\/tr>\n<tr>\n<td>septiembre 2017<\/td>\n<td><\/td>\n<\/tr>\n<\/tbody>\n<\/table>\n<p><strong>Respuesta a sugerencia<\/strong><br \/>\n<a href=\"https:\/\/www.oaxaca.gob.mx\/cortv\/wp-content\/uploads\/sites\/79\/2017\/10\/RESP-AUDIENCIA-OF-DA-32-PAG-1.pdf\" class=\"pdfemb-viewer\" style=\"\" data-width=\"max\" data-height=\"max\" data-toolbar=\"top\" data-toolbar-fixed=\"on\">RESP-AUDIENCIA-OF-DA-32-PAG-1<\/a>\n<\/div>\n<\/div>\n<div class=\"card mb-3\">\n<div class=\"card-body\">\n<table style=\"height: 73px\" width=\"512\">\n<tbody>\n<tr>\n<td>MES<\/td>\n<td>RESPUESTA A SOLICITUD<\/td>\n<\/tr>\n<tr>\n<td>septiembre 2017<\/td>\n<td><\/td>\n<\/tr>\n<\/tbody>\n<\/table>\n<p><strong>Respuesta a comentario<\/strong><br \/>\n<a href=\"https:\/\/www.oaxaca.gob.mx\/cortv\/wp-content\/uploads\/sites\/79\/2017\/10\/RESP-AUDIENCIA-OF-DA-33-PAG-1.pdf\" class=\"pdfemb-viewer\" style=\"\" data-width=\"max\" data-height=\"max\" data-toolbar=\"top\" data-toolbar-fixed=\"on\">RESP-AUDIENCIA-OF-DA-33-PAG-1<\/a>\n<\/div>\n<\/div>\n<div class=\"card mb-3\">\n<div class=\"card-body\">\n<table style=\"height: 73px\" width=\"512\">\n<tbody>\n<tr>\n<td>MES<\/td>\n<td>RESPUESTA A SOLICITUD<\/td>\n<\/tr>\n<tr>\n<td>septiembre 2017<\/td>\n<td><\/td>\n<\/tr>\n<\/tbody>\n<\/table>\n<p><strong>Respuesta a Solicitud de Informaci\u00f3n<\/strong><br \/>\n<a href=\"https:\/\/www.oaxaca.gob.mx\/cortv\/wp-content\/uploads\/sites\/79\/2017\/10\/RESP-AUDIENCIA-OF-DA-34-PAG-1.pdf\" class=\"pdfemb-viewer\" style=\"\" data-width=\"max\" data-height=\"max\" data-toolbar=\"top\" data-toolbar-fixed=\"on\">RESP-AUDIENCIA-OF-DA-34-PAG-1<\/a>\n<\/div>\n<\/div>\n<div class=\"card mb-3\">\n<div class=\"card-body\">\n<table width=\"512\">\n<tbody>\n<tr>\n<td>MES<\/td>\n<td>RECOMENDACI\u00d3N A CORTV<\/td>\n<\/tr>\n<tr>\n<td>marzo 2018<\/td>\n<td><\/td>\n<\/tr>\n<\/tbody>\n<\/table>\n<p><strong>Recomendaci\u00f3n a CORTV<br \/>\n<\/strong><a href=\"https:\/\/www.oaxaca.gob.mx\/cortv\/wp-content\/uploads\/sites\/79\/2018\/03\/Recomendacion-a-CORTV-2018.pdf\" class=\"pdfemb-viewer\" style=\"\" data-width=\"max\" data-height=\"max\" data-toolbar=\"top\" data-toolbar-fixed=\"on\">Recomendacion-a-CORTV-2018<\/a>\n<\/div>\n<\/div>\n<div class=\"card mb-3\">\n<div class=\"card-body\">\n<table width=\"512\">\n<tbody>\n<tr>\n<td><strong>MES<\/strong><\/td>\n<td><strong>RECOMENDACI\u00d3N A CORTV<\/strong><\/td>\n<\/tr>\n<tr>\n<td><strong>Noviembre 2018<\/strong><\/td>\n<td><strong> OF35 Respuesta a la audiencia 1a<\/strong><\/td>\n<\/tr>\n<\/tbody>\n<\/table>\n<p><strong>Recomendaci\u00f3n a CORTV<br \/>\n<\/strong><a href=\"https:\/\/www.oaxaca.gob.mx\/cortv\/wp-content\/uploads\/sites\/79\/2018\/11\/OF35-Respuesta-a-la-audiencia-1a.pdf\" class=\"pdfemb-viewer\" style=\"\" data-width=\"max\" data-height=\"max\" data-toolbar=\"top\" data-toolbar-fixed=\"on\">OF35-Respuesta-a-la-audiencia-1a<\/a>\n<\/div>\n<\/div>\n<div class=\"card mb-3\">\n<div class=\"card-body\">\n<table width=\"512\">\n<tbody>\n<tr>\n<td><strong>MES<\/strong><\/td>\n<td><strong>RECOMENDACI\u00d3N A CORTV<\/strong><\/td>\n<\/tr>\n<tr>\n<td><strong>Noviembre 2018<\/strong><\/td>\n<td><strong>OF36 Respuesta a la audiencia 2a<\/strong><\/td>\n<\/tr>\n<\/tbody>\n<\/table>\n<a href=\"https:\/\/www.oaxaca.gob.mx\/cortv\/wp-content\/uploads\/sites\/79\/2018\/11\/OF36-Respuesta-a-la-audiencia-2a.pdf\" class=\"pdfemb-viewer\" style=\"\" data-width=\"max\" data-height=\"max\" data-toolbar=\"top\" data-toolbar-fixed=\"on\">OF36-Respuesta-a-la-audiencia-2a<\/a>\n<\/div>\n<\/div>\n<div class=\"card mb-3\">\n<div class=\"card-body\">\n<table width=\"512\">\n<tbody>\n<tr>\n<td><strong>MES<\/strong><\/td>\n<td><strong>RECOMENDACI\u00d3N A CORTV<\/strong><\/td>\n<\/tr>\n<tr>\n<td><strong>Noviembre 2018<\/strong><\/td>\n<td><strong>OF37 Respuesta a la audiencia 3a<\/strong><\/td>\n<\/tr>\n<\/tbody>\n<\/table>\n<a href=\"https:\/\/www.oaxaca.gob.mx\/cortv\/wp-content\/uploads\/sites\/79\/2018\/11\/OF37-Respuesta-a-la-audiencia-3a.pdf\" class=\"pdfemb-viewer\" style=\"\" data-width=\"max\" data-height=\"max\" data-toolbar=\"top\" data-toolbar-fixed=\"on\">OF37-Respuesta-a-la-audiencia-3a<\/a>\n<\/div>\n<\/div>\n<div class=\"card mb-3\">\n<div class=\"card-body\">\n<table width=\"512\">\n<tbody>\n<tr>\n<td><strong>MES<\/strong><\/td>\n<td><strong>RECOMENDACI\u00d3N A CORTV<\/strong><\/td>\n<\/tr>\n<tr>\n<td><strong>Noviembre 2018<\/strong><\/td>\n<td><strong>OF39 Respuesta a la audiencia 5a<\/strong><\/td>\n<\/tr>\n<\/tbody>\n<\/table>\n<a href=\"https:\/\/www.oaxaca.gob.mx\/cortv\/wp-content\/uploads\/sites\/79\/2018\/11\/OF39-Respuesta-a-la-audiencia-4.pdf\" class=\"pdfemb-viewer\" style=\"\" data-width=\"max\" data-height=\"max\" data-toolbar=\"top\" data-toolbar-fixed=\"on\">OF39-Respuesta-a-la-audiencia-4<\/a>\n<\/div>\n<\/div>\n<div class=\"card mb-3\">\n<div class=\"card-body\">\n<table width=\"512\">\n<tbody>\n<tr>\n<td><strong>MES<\/strong><\/td>\n<td><strong>RECOMENDACI\u00d3N A CORTV<\/strong><\/td>\n<\/tr>\n<tr>\n<td><strong>Noviembre 2018<\/strong><\/td>\n<td><strong>OF40 Respuesta a la audiencia 6a<\/strong><\/td>\n<\/tr>\n<\/tbody>\n<\/table>\n<a href=\"https:\/\/www.oaxaca.gob.mx\/cortv\/wp-content\/uploads\/sites\/79\/2018\/11\/OF40-Respuesta-a-la-audiencia-5.pdf\" class=\"pdfemb-viewer\" style=\"\" data-width=\"max\" data-height=\"max\" data-toolbar=\"top\" data-toolbar-fixed=\"on\">OF40-Respuesta-a-la-audiencia-5<\/a>\n<\/div>\n<\/div>\n","protected":false},"excerpt":{"rendered":"<p>&nbsp; MES Recomendaci\u00f3n: AGOSTO 2020 Recomendaci\u00f3n sobre los cambios en la Programaci\u00f3n de los contenidos en CORTV. Respuesta Respuesta Respuesta Respuesta Respuesta Respuesta Respuesta MES RESPUESTA A LA SOLICITUD MARZO 2019 respuesta al oficio \u201csolicitudes para el programa La Nave de Tik Tak\u201d Respuesta MES RESPUESTA A LA SOLICITUD JUNIO 6 DE JUNIO DE 2016 [&hellip;]<\/p>\n","protected":false},"author":1,"featured_media":0,"parent":0,"menu_order":0,"comment_status":"closed","ping_status":"closed","template":"","meta":{"episode_type":"","audio_file":"","podmotor_file_id":"","podmotor_episode_id":"","cover_image":"","cover_image_id":"","duration":"","filesize":"","filesize_raw":"","date_recorded":"","explicit":"","block":"","itunes_episode_number":"","itunes_title":"","itunes_season_number":"","itunes_episode_type":"","footnotes":""},"categories":[],"tags":[],"class_list":["post-714","page","type-page","status-publish","hentry"],"acf":[],"publishpress_future_action":{"enabled":false,"date":"2026-05-21 20:46:11","action":"change-status","newStatus":"draft","terms":[],"taxonomy":"category","extraData":[]},"publishpress_future_workflow_manual_trigger":{"enabledWorkflows":[]},"_links":{"self":[{"href":"https:\/\/www.oaxaca.gob.mx\/cortv\/wp-json\/wp\/v2\/pages\/714","targetHints":{"allow":["GET"]}}],"collection":[{"href":"https:\/\/www.oaxaca.gob.mx\/cortv\/wp-json\/wp\/v2\/pages"}],"about":[{"href":"https:\/\/www.oaxaca.gob.mx\/cortv\/wp-json\/wp\/v2\/types\/page"}],"author":[{"embeddable":true,"href":"https:\/\/www.oaxaca.gob.mx\/cortv\/wp-json\/wp\/v2\/users\/1"}],"replies":[{"embeddable":true,"href":"https:\/\/www.oaxaca.gob.mx\/cortv\/wp-json\/wp\/v2\/comments?post=714"}],"version-history":[{"count":3,"href":"https:\/\/www.oaxaca.gob.mx\/cortv\/wp-json\/wp\/v2\/pages\/714\/revisions"}],"predecessor-version":[{"id":10653,"href":"https:\/\/www.oaxaca.gob.mx\/cortv\/wp-json\/wp\/v2\/pages\/714\/revisions\/10653"}],"wp:attachment":[{"href":"https:\/\/www.oaxaca.gob.mx\/cortv\/wp-json\/wp\/v2\/media?parent=714"}],"wp:term":[{"taxonomy":"category","embeddable":true,"href":"https:\/\/www.oaxaca.gob.mx\/cortv\/wp-json\/wp\/v2\/categories?post=714"},{"taxonomy":"post_tag","embeddable":true,"href":"https:\/\/www.oaxaca.gob.mx\/cortv\/wp-json\/wp\/v2\/tags?post=714"}],"curies":[{"name":"wp","href":"https:\/\/api.w.org\/{rel}","templated":true}]}}