{"id":678,"date":"2016-06-13T15:35:57","date_gmt":"2016-06-13T21:35:57","guid":{"rendered":"http:\/\/www.cortv.oaxaca.gob.mx\/?page_id=678"},"modified":"2023-02-03T18:19:45","modified_gmt":"2023-02-04T00:19:45","slug":"pruebas","status":"publish","type":"page","link":"https:\/\/www.oaxaca.gob.mx\/cortv\/Comitedeetica","title":{"rendered":"COMIT\u00c9 DE \u00c9TICA Y DE PREVENCI\u00d3N DE CONFLICTO DE INTER\u00c9S DE LA CORPORACI\u00d3N OAXAQUE\u00d1A DE RADIO Y TELEVISI\u00d3N (CORTV)"},"content":{"rendered":"<table width=\"100%\">\n<tbody>\n<tr>\n<td><strong>LIC. EULOGIO DANIEL HERN\u00c1NDEZ JU\u00c1REZ<\/strong><\/p>\n<p><strong>PRESIDENTE<\/strong><\/p>\n<p>&nbsp;<\/p>\n<table width=\"100%\">\n<tbody>\n<tr>\n<td><strong>LIC. \u00c9DGAR ANTONIO MART\u00cdNEZ SANTIAGO<\/strong><\/p>\n<p><strong>SUPLENTE DEL PRESIDENTE<\/strong><\/p>\n<p>&nbsp;<\/td>\n<\/tr>\n<\/tbody>\n<\/table>\n<p><strong>LIC. OLIVIA SANTAELLA PINELO<\/strong><\/p>\n<p><strong>SECRETARIA EJECUTIVA<\/strong><\/p>\n<p>&nbsp;<\/td>\n<\/tr>\n<\/tbody>\n<\/table>\n<table width=\"100%\">\n<tbody>\n<tr>\n<td><strong>ING. JOCELYN JARQUIN CORTES<\/strong><\/p>\n<p><strong>SUPLENTE DE SECRETARIA EJECUTIVA<\/strong><\/p>\n<p>&nbsp;<\/td>\n<\/tr>\n<\/tbody>\n<\/table>\n<table width=\"100%\">\n<tbody>\n<tr>\n<td><strong>LIC. DIANA ISIS MOLINA DOM\u00cdNGUEZ<\/strong><\/p>\n<p><strong>VOCAL A <\/strong><\/p>\n<p>&nbsp;<\/td>\n<\/tr>\n<\/tbody>\n<\/table>\n<table width=\"100%\">\n<tbody>\n<tr>\n<td><strong>M.A. RODOLFO S\u00c1NCHEZ DE LE\u00d3N<\/strong><\/p>\n<p><strong>SUPLENTE VOCAL A <\/strong><\/p>\n<p>&nbsp;<\/td>\n<\/tr>\n<\/tbody>\n<\/table>\n<table width=\"100%\">\n<tbody>\n<tr>\n<td><strong>ING. NOEL ZAMORA S\u00c1NCHEZ <\/strong><\/p>\n<p><strong>VOCAL B <\/strong><\/p>\n<p>&nbsp;<\/td>\n<\/tr>\n<\/tbody>\n<\/table>\n<table width=\"100%\">\n<tbody>\n<tr>\n<td><strong>C. FRANCISCO L\u00c1ZARO C\u00d3RDOVA RU\u00cdZ <\/strong><\/p>\n<p><strong>SUPLENTE VOCAL B<\/strong><\/p>\n<p>&nbsp;<\/td>\n<\/tr>\n<\/tbody>\n<\/table>\n<table width=\"100%\">\n<tbody>\n<tr>\n<td><strong>LIC. MACLOVIO CRUZ GONZ\u00c1LEZ <\/strong><\/p>\n<p><strong>VOCAL C <\/strong><\/p>\n<p>&nbsp;<\/td>\n<\/tr>\n<\/tbody>\n<\/table>\n<table width=\"100%\">\n<tbody>\n<tr>\n<td><strong>LIC. VER\u00d3NICA RU\u00cdZ SOLANO<\/strong><\/p>\n<p><strong>SUPLENTE VOCAL C <\/strong><\/p>\n<p>&nbsp;<\/td>\n<\/tr>\n<\/tbody>\n<\/table>\n<table width=\"100%\">\n<tbody>\n<tr>\n<td><strong>LIC. MAR\u00cdA LAURA MIJANGOS JIM\u00c9NEZ<\/strong><\/p>\n<p><strong>VOCAL D <\/strong><\/p>\n<p>&nbsp;<\/td>\n<\/tr>\n<\/tbody>\n<\/table>\n<table width=\"100%\">\n<tbody>\n<tr>\n<td><strong>C. \u00c1NGEL EZEQUIEL LUNA MELCHOR<\/strong><\/p>\n<p><strong>SUPLENTE VOCAL D<\/strong><\/p>\n<p>&nbsp;<\/td>\n<\/tr>\n<\/tbody>\n<\/table>\n<table width=\"100%\">\n<tbody>\n<tr>\n<td><strong>C.P. SERGIO H\u00c9CTOR VALENCIA JIM\u00c9NEZ <\/strong><\/p>\n<p><strong>VOCAL E <\/strong><\/p>\n<p>&nbsp;<\/td>\n<\/tr>\n<\/tbody>\n<\/table>\n<table width=\"100%\">\n<tbody>\n<tr>\n<td><strong>ING. SAMUEL REYES RAM\u00cdREZ <\/strong><\/p>\n<p><strong>SUPLENTE VOCAL E <\/strong><\/p>\n<p>&nbsp;<\/td>\n<\/tr>\n<\/tbody>\n<\/table>\n<table width=\"100%\">\n<tbody>\n<tr>\n<td><strong>ING. MAR\u00cdA DE JES\u00daS L\u00d3PEZ GARC\u00cdA<\/strong><\/p>\n<p><strong>VOCAL F <\/strong><\/p>\n<p>&nbsp;<\/td>\n<\/tr>\n<\/tbody>\n<\/table>\n<table width=\"100%\">\n<tbody>\n<tr>\n<td><strong>LIC. MARIBEL MENDOZA RAM\u00cdREZ<\/strong><\/p>\n<p><strong>SUPLENTE VOCAL F <\/strong><\/p>\n<p>&nbsp;<\/td>\n<\/tr>\n<\/tbody>\n<\/table>\n<table width=\"100%\">\n<tbody>\n<tr>\n<td><strong>LIC. EMMA YARASETH SILVA GONZ\u00c1LEZ<\/strong><\/p>\n<p><strong>VOCAL G <\/strong><\/p>\n<p>&nbsp;<\/td>\n<\/tr>\n<\/tbody>\n<\/table>\n<table width=\"100%\">\n<tbody>\n<tr>\n<td><strong>ING. ALINA VENTURA HERN\u00c1NDEZ <\/strong><\/p>\n<p><strong>SUPLENTE VOCAL G<\/strong><\/p>\n<p>&nbsp;<\/td>\n<\/tr>\n<\/tbody>\n<\/table>\n","protected":false},"excerpt":{"rendered":"<p>LIC. EULOGIO DANIEL HERN\u00c1NDEZ JU\u00c1REZ PRESIDENTE &nbsp; LIC. \u00c9DGAR ANTONIO MART\u00cdNEZ SANTIAGO SUPLENTE DEL PRESIDENTE &nbsp; LIC. OLIVIA SANTAELLA PINELO SECRETARIA EJECUTIVA &nbsp; ING. JOCELYN JARQUIN CORTES SUPLENTE DE SECRETARIA EJECUTIVA &nbsp; LIC. DIANA ISIS MOLINA DOM\u00cdNGUEZ VOCAL A &nbsp; M.A. RODOLFO S\u00c1NCHEZ DE LE\u00d3N SUPLENTE VOCAL A &nbsp; ING. NOEL ZAMORA S\u00c1NCHEZ VOCAL B [&hellip;]<\/p>\n","protected":false},"author":1,"featured_media":0,"parent":0,"menu_order":0,"comment_status":"closed","ping_status":"closed","template":"","meta":{"episode_type":"","audio_file":"","podmotor_file_id":"","podmotor_episode_id":"","cover_image":"","cover_image_id":"","duration":"","filesize":"","filesize_raw":"","date_recorded":"","explicit":"","block":"","itunes_episode_number":"","itunes_title":"","itunes_season_number":"","itunes_episode_type":"","footnotes":""},"categories":[],"tags":[],"class_list":["post-678","page","type-page","status-publish","hentry"],"acf":[],"publishpress_future_action":{"enabled":false,"date":"2026-05-21 22:13:28","action":"change-status","newStatus":"draft","terms":[],"taxonomy":"category","extraData":[]},"publishpress_future_workflow_manual_trigger":{"enabledWorkflows":[]},"_links":{"self":[{"href":"https:\/\/www.oaxaca.gob.mx\/cortv\/wp-json\/wp\/v2\/pages\/678","targetHints":{"allow":["GET"]}}],"collection":[{"href":"https:\/\/www.oaxaca.gob.mx\/cortv\/wp-json\/wp\/v2\/pages"}],"about":[{"href":"https:\/\/www.oaxaca.gob.mx\/cortv\/wp-json\/wp\/v2\/types\/page"}],"author":[{"embeddable":true,"href":"https:\/\/www.oaxaca.gob.mx\/cortv\/wp-json\/wp\/v2\/users\/1"}],"replies":[{"embeddable":true,"href":"https:\/\/www.oaxaca.gob.mx\/cortv\/wp-json\/wp\/v2\/comments?post=678"}],"version-history":[{"count":5,"href":"https:\/\/www.oaxaca.gob.mx\/cortv\/wp-json\/wp\/v2\/pages\/678\/revisions"}],"predecessor-version":[{"id":9903,"href":"https:\/\/www.oaxaca.gob.mx\/cortv\/wp-json\/wp\/v2\/pages\/678\/revisions\/9903"}],"wp:attachment":[{"href":"https:\/\/www.oaxaca.gob.mx\/cortv\/wp-json\/wp\/v2\/media?parent=678"}],"wp:term":[{"taxonomy":"category","embeddable":true,"href":"https:\/\/www.oaxaca.gob.mx\/cortv\/wp-json\/wp\/v2\/categories?post=678"},{"taxonomy":"post_tag","embeddable":true,"href":"https:\/\/www.oaxaca.gob.mx\/cortv\/wp-json\/wp\/v2\/tags?post=678"}],"curies":[{"name":"wp","href":"https:\/\/api.w.org\/{rel}","templated":true}]}}