{"id":15810,"date":"2026-01-29T16:24:14","date_gmt":"2026-01-29T22:24:14","guid":{"rendered":"https:\/\/www.oaxaca.gob.mx\/cortv\/?page_id=15810"},"modified":"2026-03-03T14:30:17","modified_gmt":"2026-03-03T20:30:17","slug":"actas-de-sesiones","status":"publish","type":"page","link":"https:\/\/www.oaxaca.gob.mx\/cortv\/actas-de-sesiones\/","title":{"rendered":"Actas de sesiones"},"content":{"rendered":"<h1><span style=\"color: #800000\">Tercera Sesi\u00f3n Ordinaria del Consejo de Participaci\u00f3n Ciudadana<\/span><\/h1>\n<hr \/>\n<a href=\"https:\/\/www.oaxaca.gob.mx\/cortv\/wp-content\/uploads\/sites\/79\/2026\/03\/Tercera-Sesion-Ordinaria-del-Consejo-de-Participacion-Ciudadana.pdf\" class=\"pdfemb-viewer\" style=\"\" data-width=\"max\" data-height=\"max\" data-toolbar=\"top\" data-toolbar-fixed=\"on\">Tercera-Sesion-Ordinaria-del-Consejo-de-Participacion-Ciudadana<\/a>\n<h1><span style=\"color: #800000\">Segunda Sesi\u00f3n Ordinaria del Consejo de Participaci\u00f3n Ciudadana<\/span><\/h1>\n<hr \/>\n<a href=\"https:\/\/www.oaxaca.gob.mx\/cortv\/wp-content\/uploads\/sites\/79\/2026\/02\/Segunda-Sesion-Ordinaria-del-Consejo-de-Participacion-Ciudadana.pdf\" class=\"pdfemb-viewer\" style=\"\" data-width=\"max\" data-height=\"max\" data-toolbar=\"top\" data-toolbar-fixed=\"on\">Segunda-Sesion-Ordinaria-del-Consejo-de-Participacion-Ciudadana<\/a>\n<h1><span style=\"color: #800000\">ACTA DE PRIMERA SESI\u00d3N ORDINARIA 2025<\/span><\/h1>\n<hr \/>\n<a href=\"https:\/\/www.oaxaca.gob.mx\/cortv\/wp-content\/uploads\/sites\/79\/2026\/01\/ACTA-PRIMERA-SESION-ORDINARIA-04-DE-JULIO-2025.pdf\" class=\"pdfemb-viewer\" style=\"\" data-width=\"max\" data-height=\"max\" data-toolbar=\"top\" data-toolbar-fixed=\"on\">ACTA PRIMERA SESI\u00d3N ORDINARIA 04 DE JULIO 2025<\/a>\n","protected":false},"excerpt":{"rendered":"<p>Tercera Sesi\u00f3n Ordinaria del Consejo de Participaci\u00f3n Ciudadana Segunda Sesi\u00f3n Ordinaria del Consejo de Participaci\u00f3n Ciudadana ACTA DE PRIMERA SESI\u00d3N ORDINARIA 2025<\/p>\n","protected":false},"author":97,"featured_media":0,"parent":0,"menu_order":0,"comment_status":"closed","ping_status":"closed","template":"","meta":{"episode_type":"","audio_file":"","podmotor_file_id":"","podmotor_episode_id":"","cover_image":"","cover_image_id":"","duration":"","filesize":"","filesize_raw":"","date_recorded":"","explicit":"","block":"","itunes_episode_number":"","itunes_title":"","itunes_season_number":"","itunes_episode_type":"","footnotes":""},"categories":[],"tags":[],"class_list":["post-15810","page","type-page","status-publish","hentry"],"acf":[],"publishpress_future_action":{"enabled":false,"date":"2026-04-23 21:11:41","action":"change-status","newStatus":"draft","terms":[],"taxonomy":"category","extraData":[]},"publishpress_future_workflow_manual_trigger":{"enabledWorkflows":[]},"_links":{"self":[{"href":"https:\/\/www.oaxaca.gob.mx\/cortv\/wp-json\/wp\/v2\/pages\/15810","targetHints":{"allow":["GET"]}}],"collection":[{"href":"https:\/\/www.oaxaca.gob.mx\/cortv\/wp-json\/wp\/v2\/pages"}],"about":[{"href":"https:\/\/www.oaxaca.gob.mx\/cortv\/wp-json\/wp\/v2\/types\/page"}],"author":[{"embeddable":true,"href":"https:\/\/www.oaxaca.gob.mx\/cortv\/wp-json\/wp\/v2\/users\/97"}],"replies":[{"embeddable":true,"href":"https:\/\/www.oaxaca.gob.mx\/cortv\/wp-json\/wp\/v2\/comments?post=15810"}],"version-history":[{"count":3,"href":"https:\/\/www.oaxaca.gob.mx\/cortv\/wp-json\/wp\/v2\/pages\/15810\/revisions"}],"predecessor-version":[{"id":15900,"href":"https:\/\/www.oaxaca.gob.mx\/cortv\/wp-json\/wp\/v2\/pages\/15810\/revisions\/15900"}],"wp:attachment":[{"href":"https:\/\/www.oaxaca.gob.mx\/cortv\/wp-json\/wp\/v2\/media?parent=15810"}],"wp:term":[{"taxonomy":"category","embeddable":true,"href":"https:\/\/www.oaxaca.gob.mx\/cortv\/wp-json\/wp\/v2\/categories?post=15810"},{"taxonomy":"post_tag","embeddable":true,"href":"https:\/\/www.oaxaca.gob.mx\/cortv\/wp-json\/wp\/v2\/tags?post=15810"}],"curies":[{"name":"wp","href":"https:\/\/api.w.org\/{rel}","templated":true}]}}