{"id":960,"date":"2019-04-04T00:50:55","date_gmt":"2019-04-03T22:50:55","guid":{"rendered":"https:\/\/www.oaxaca.gob.mx\/coreturo\/?page_id=960"},"modified":"2019-04-04T00:50:55","modified_gmt":"2019-04-03T22:50:55","slug":"marco-juridico","status":"publish","type":"page","link":"https:\/\/www.oaxaca.gob.mx\/coreturo\/marco-juridico\/","title":{"rendered":"Marco Jur\u00eddico"},"content":{"rendered":"\n<table id=\"tablepress-marc-juridico\" class=\"tablepress tablepress-id-marc-juridico\">\n<thead>\n<tr class=\"row-1\">\n\t<th class=\"column-1\">Documento<\/th><th class=\"column-2\">Descarga<\/th>\n<\/tr>\n<\/thead>\n<tbody class=\"row-striping row-hover\">\n<tr class=\"row-2\">\n\t<td class=\"column-1\">CONSTITUCI\u00d3N POL\u00cdTICA DE LOS ESTADOS UNIDOS MEXICANOS<\/td><td class=\"column-2\"><a href=\"https:\/\/drive.google.com\/open?id=1_cWbIFTWYbQsXyZfLLKB-RbrRjDkxH0L\" target=\"_blank\" rel=\"noopener noreferrer\"><i class=\"fab fa-google-drive fa-2x\">\u00a0<\/i><\/a><\/td>\n<\/tr>\n<tr class=\"row-3\">\n\t<td class=\"column-1\">LEY FEDERAL DEL TRABAJO<\/td><td class=\"column-2\"><a href=\"https:\/\/drive.google.com\/open?id=1TGhq3zNd1DzpDY4soVR_lPt7wFvP84Ha\" target=\"_blank\" rel=\"noopener noreferrer\"><i class=\"fab fa-google-drive fa-2x\">\u00a0<\/i><\/a><\/td>\n<\/tr>\n<tr class=\"row-4\">\n\t<td class=\"column-1\">LEY GENERAL DE TRANSPARENCIA Y ACCESO A LA INFORMACI\u00d3N P\u00daBLICA<\/td><td class=\"column-2\"><a href=\"https:\/\/drive.google.com\/open?id=16ARpRyQDsJRILXjQ3zlM6pqG-rwIQ7sg\" target=\"_blank\" rel=\"noopener noreferrer\"><i class=\"fab fa-google-drive fa-2x\">\u00a0<\/i><\/a><\/td>\n<\/tr>\n<tr class=\"row-5\">\n\t<td class=\"column-1\">LEY GENERAL DE PROTECCI\u00d3N DE DATOS PERSONALES EN POSESI\u00d3N DE SUJETOS OBLIGADOS<\/td><td class=\"column-2\"><a href=\"https:\/\/drive.google.com\/open?id=1k5vCpJO3Ntdty4GPRw_3yMoecMnwi086\"><i class=\"fab fa-google-drive fa-2x\">\u00a0<\/i><\/a><\/td>\n<\/tr>\n<tr class=\"row-6\">\n\t<td class=\"column-1\">CONSTITUCI\u00d3N POL\u00cdTICA DEL ESTADO LIBRE Y SOBERANO DE OAXACA<\/td><td class=\"column-2\"><a href=\"https:\/\/drive.google.com\/open?id=1hsXT9HGxcQO_hDBp3EMxW66uLWTwY3Rl\" target=\"_blank\" rel=\"noopener noreferrer\"><i class=\"fab fa-google-drive fa-2x\">\u00a0<\/i><\/a><\/td>\n<\/tr>\n<tr class=\"row-7\">\n\t<td class=\"column-1\">LEY ORG\u00c1NICA DEL PODER EJECUTIVO DEL ESTADO DE OAXACA<\/td><td class=\"column-2\"><a href=\"https:\/\/drive.google.com\/open?id=1VJwBLtUqGm86fV72AaTlVlWvMlvVAvuj\" target=\"_blank\" rel=\"noopener noreferrer\"><i class=\"fab fa-google-drive fa-2x\">\u00a0<\/i><\/a><\/td>\n<\/tr>\n<tr class=\"row-8\">\n\t<td class=\"column-1\">LEY DE ENTIDADES PARAESTATALES DEL ESTADO DE OAXACA<\/td><td class=\"column-2\"><a href=\"https:\/\/drive.google.com\/open?id=1RJMqkZpFTcCRL_fcHcKHKZCuAiuAP0Jj\" target=\"_blank\" rel=\"noopener noreferrer\"><i class=\"fab fa-google-drive fa-2x\">\u00a0<\/i><\/a><\/td>\n<\/tr>\n<tr class=\"row-9\">\n\t<td class=\"column-1\">LEY  QUE  CREA  EL  INSTITUTO  DE  LA FUNCI\u00d3N REGISTRAL DEL ESTADO DE OAXACA<\/td><td class=\"column-2\"><a href=\"https:\/\/drive.google.com\/open?id=1g9cadcb1O3F_Z8K_oMjc5FLA2nWMAjdw\" target=\"_blank\" rel=\"noopener noreferrer\"><i class=\"fab fa-google-drive fa-2x\">\u00a0<\/i><\/a><\/td>\n<\/tr>\n<tr class=\"row-10\">\n\t<td class=\"column-1\">LEY DE CATASTRO PARA EL ESTADO DE OAXACA<\/td><td class=\"column-2\"><a href=\"https:\/\/drive.google.com\/open?id=1V_0vqMOrKp5f2tyxWpI_15SBK3904pd2\" target=\"_blank\" rel=\"noopener noreferrer\"><i class=\"fab fa-google-drive fa-2x\">\u00a0<\/i><\/a><\/td>\n<\/tr>\n<tr class=\"row-11\">\n\t<td class=\"column-1\">LEY DE TRANSPARENCIA Y ACCESO A LA INFORMACI\u00d3N P\u00daBLICA PARA EL ESTADO DE OAXACA<\/td><td class=\"column-2\"><a href=\"https:\/\/drive.google.com\/open?id=1Rkuhx0wlB1WrFgakPFwYKmj4b7A4OH1f\" target=\"_blank\" rel=\"noopener noreferrer\"><i class=\"fab fa-google-drive fa-2x\">\u00a0<\/i><\/a><\/td>\n<\/tr>\n<tr class=\"row-12\">\n\t<td class=\"column-1\">LEY DE PROTECCI\u00d3N DE DATOS PERSONALES EN POSESI\u00d3N DE SUJETOS OBLIGADOS DEL ESTADO DE OAXACA<\/td><td class=\"column-2\"><a href=\"https:\/\/drive.google.com\/open?id=1U1eT7nX02sCJmP2gxufrodVEGXL-SYmZ\" target=\"_blank\" rel=\"noopener noreferrer\"><i class=\"fab fa-google-drive fa-2x\">\u00a0<\/i><\/a><\/td>\n<\/tr>\n<tr class=\"row-13\">\n\t<td class=\"column-1\">CODIGO CIVIL PARA EL ESTADO DE OAXACA<\/td><td class=\"column-2\"><a href=\"https:\/\/drive.google.com\/open?id=1aRG1E9U3yiTdF1bYzvxkS2xkS_pGWzcs\" target=\"_blank\" rel=\"noopener noreferrer\"><i class=\"fab fa-google-drive fa-2x\">\u00a0<\/i><\/a><\/td>\n<\/tr>\n<tr class=\"row-14\">\n\t<td class=\"column-1\">CODIGO DE PROCEDIMIENTOS CIVILES PARA EL ESTADO DE OAXACA<\/td><td class=\"column-2\"><a href=\"https:\/\/drive.google.com\/open?id=1fjHu0xz82VWxblxYGK1ylkCp9BtLJgnZ\" target=\"_blank\" rel=\"noopener noreferrer\"><i class=\"fab fa-google-drive fa-2x\">\u00a0<\/i><\/a><\/td>\n<\/tr>\n<tr class=\"row-15\">\n\t<td class=\"column-1\">DECRETO POR EL QUE SE CREA EL ORGANISMO P\u00daBLICO DESCENTRALIZADO DENOMINADO \"COMISI\u00d3N PARA LA REGULARIZACI\u00d3N DE LA TENENCIA DE LA TIERRA URBANA DEL ESTADO DE OAXACA\"<\/td><td class=\"column-2\"><a href=\"https:\/\/drive.google.com\/open?id=1dVbp1VnU6baN_g9mvR5uEeDTDnmrtVR0\" target=\"_blank\" rel=\"noopener noreferrer\"><i class=\"fab fa-google-drive fa-2x\">\u00a0<\/i><\/a><\/td>\n<\/tr>\n<tr class=\"row-16\">\n\t<td class=\"column-1\">REGLAMENTO INTERNO DE LA COMISI\u00d3N PARA LA REGULARIZACI\u00d3N DE LA TENENCIA DE LA MTIERRA URBANA DEL ESTADO DE OAXACA<\/td><td class=\"column-2\"><a href=\"https:\/\/drive.google.com\/open?id=1ycsPse390mcgz5BHx3UuEbFyf5Q5jnvv\" target=\"_blank\" rel=\"noopener noreferrer\"><i class=\"fab fa-google-drive fa-2x\">\u00a0<\/i><\/a><\/td>\n<\/tr>\n<tr class=\"row-17\">\n\t<td class=\"column-1\">MANUAL DE ORGANIZACI\u00d3N DE LA COMISI\u00d3N PARA LA REGULARIZACI\u00d3N DE LA TENENCIA DE LA TIERRA URBANA DEL ESTADO DE OAXACA<\/td><td class=\"column-2\"><a href=\"https:\/\/drive.google.com\/open?id=1t3bqP-hnpoB8wqS3eLfEpPtavBcOQ1km\" target=\"_blank\" rel=\"noopener noreferrer\"><i class=\"fab fa-google-drive fa-2x\">\u00a0<\/i><\/a><\/td>\n<\/tr>\n<tr class=\"row-18\">\n\t<td class=\"column-1\">MANUAL DE PROCEDIMIENTOS DE LA COMISI\u00d3N PARA LA REGULARIZACI\u00d3N DE LA TENENCIA DE LA TIERRA URBANA DEL ESTADO DE OAXACA.<\/td><td class=\"column-2\"><a href=\"https:\/\/drive.google.com\/open?id=1bF9NYR6sF9OCUl0nh0-Wm5HaDTzixL9Y\" target=\"_blank\" rel=\"noopener noreferrer\"><i class=\"fab fa-google-drive fa-2x\">\u00a0<\/i><\/a><\/td>\n<\/tr>\n<tr class=\"row-19\">\n\t<td class=\"column-1\">ACUERDO DE SECTORIZACI\u00d3N DE LAS ENTIDADES DE LA ADMINISTRACI\u00d3N P\u00daBLICA PARAESTATAL DEL ESTADO DE OAXACA<\/td><td class=\"column-2\"><a href=\"https:\/\/drive.google.com\/open?id=1Qgl0RJcoKsNLMJHK9Q-B7Aq_ymJJo4MG\" target=\"_blank\" rel=\"noopener noreferrer\"><i class=\"fab fa-google-drive fa-2x\">\u00a0<\/i><\/a><\/td>\n<\/tr>\n<\/tbody>\n<\/table>\n<!-- #tablepress-marc-juridico from cache -->\n","protected":false},"excerpt":{"rendered":"","protected":false},"author":1,"featured_media":0,"parent":0,"menu_order":0,"comment_status":"closed","ping_status":"closed","template":"","meta":{"episode_type":"","audio_file":"","podmotor_file_id":"","podmotor_episode_id":"","cover_image":"","cover_image_id":"","duration":"","filesize":"","filesize_raw":"","date_recorded":"","explicit":"","block":"","itunes_episode_number":"","itunes_title":"","itunes_season_number":"","itunes_episode_type":"","footnotes":""},"categories":[],"tags":[],"class_list":["post-960","page","type-page","status-publish","hentry"],"acf":[],"publishpress_future_action":{"enabled":false,"date":"2026-05-14 07:27:31","action":"change-status","newStatus":"draft","terms":[],"taxonomy":"category","extraData":[]},"publishpress_future_workflow_manual_trigger":{"enabledWorkflows":[]},"_links":{"self":[{"href":"https:\/\/www.oaxaca.gob.mx\/coreturo\/wp-json\/wp\/v2\/pages\/960","targetHints":{"allow":["GET"]}}],"collection":[{"href":"https:\/\/www.oaxaca.gob.mx\/coreturo\/wp-json\/wp\/v2\/pages"}],"about":[{"href":"https:\/\/www.oaxaca.gob.mx\/coreturo\/wp-json\/wp\/v2\/types\/page"}],"author":[{"embeddable":true,"href":"https:\/\/www.oaxaca.gob.mx\/coreturo\/wp-json\/wp\/v2\/users\/1"}],"replies":[{"embeddable":true,"href":"https:\/\/www.oaxaca.gob.mx\/coreturo\/wp-json\/wp\/v2\/comments?post=960"}],"version-history":[{"count":0,"href":"https:\/\/www.oaxaca.gob.mx\/coreturo\/wp-json\/wp\/v2\/pages\/960\/revisions"}],"wp:attachment":[{"href":"https:\/\/www.oaxaca.gob.mx\/coreturo\/wp-json\/wp\/v2\/media?parent=960"}],"wp:term":[{"taxonomy":"category","embeddable":true,"href":"https:\/\/www.oaxaca.gob.mx\/coreturo\/wp-json\/wp\/v2\/categories?post=960"},{"taxonomy":"post_tag","embeddable":true,"href":"https:\/\/www.oaxaca.gob.mx\/coreturo\/wp-json\/wp\/v2\/tags?post=960"}],"curies":[{"name":"wp","href":"https:\/\/api.w.org\/{rel}","templated":true}]}}