{"id":953,"date":"2019-04-04T00:48:27","date_gmt":"2019-04-03T22:48:27","guid":{"rendered":"https:\/\/www.oaxaca.gob.mx\/coreturo\/?page_id=953"},"modified":"2019-04-04T00:48:27","modified_gmt":"2019-04-03T22:48:27","slug":"acerca-de","status":"publish","type":"page","link":"https:\/\/www.oaxaca.gob.mx\/coreturo\/acerca-de\/","title":{"rendered":"Funciones"},"content":{"rendered":"<ul class=\"listas-geo\">\n<li>Regularizar la tenencia de la tierra en donde existan asentamientos humanos irregulares, en bienes de propiedad Particular, estatal o municipal, cuando lo soliciten expresamente los Ayuntamientos, y en bienes propiedad de la federaci\u00f3n cuando exista convenio con esta.<\/li>\n<li>Promover ante las autoridades competentes la incorporaci\u00f3n de las \u00e1reas regularizadas a fundo legal.<\/li>\n<li>Incorporar tierras o predios para propiciar el desarrollo urbano ordenado.<\/li>\n<li>Certificar para los efectos administrativos la posesi\u00f3n de los lotes sujetos a proceso de regularizaci\u00f3n. <\/li>\n<li>Otorgar, cuando as\u00ed proceda los t\u00edtulos de propiedad de los predios del Estado, en los que se reconozca Ia titularidad de los particulares, en virtud de la regularizaci\u00f3n efectuada. As\u00ed mismo, autorizar aquellas operaciones mediante las que se legitime la tenencia de la tierra entre propietarios y poseedores o entre \u00e9stos \u00faltimos y las autoridades municipales o federales.<\/li>\n<li>Coordinarse mediante la celebraci\u00f3n de convenios con las entidades de la Administraci\u00f3n Federal, Estatal y Municipal cuyas finalidades sean similares a las de <strong>CORETURO<\/strong>.<\/li>\n<li>Promover la conciliaci\u00f3n entre poseedores y propietarios en los procedimientos de regularizaci\u00f3n de la tenencia de la tierra y cuando \u00e9sta no so consiga, promover los actos jur\u00eddicos y materiales necesarios para la instauraci\u00f3n de los procedimientos de expropiaci\u00f3n.<\/li>\n<li>Intervenir en los casos de ocupaci\u00f3n ilegal de predios destinados o susceptibles de serlo, para habitaci\u00f3n popular u otros fines de desarrollo urbano proporcionando, a solicitud de la autoridad correspondiente, los elementos t\u00e9cnicos para obtener el desalojo mediante el ejercicio de las acciones judiciales y administrativas que proceden en contra de quienes induzcan a la formaci\u00f3n irregular de asentamientos humanos o a la ocupaci\u00f3n de predios.<\/li>\n<li>Promover las acciones judiciales o administrativas que procedan en contra de las personas, las hagan v\u00edctimas de explotaci\u00f3n, las induzcan a la comisi\u00f3n de delitos o impidan soluciones legales en ocupaciones irregulares o il\u00edcitas de predios.<\/li>\n<li>Promover y desarrollar programas de bienestar social, en el \u00e1rea de su competencia, as\u00ed como proponer y ejecutar, en su caso, los programas de regeneraci\u00f3n urbana.<\/li>\n<li>Promover la declaraci\u00f3n de reservas territoriales para su regularizaci\u00f3n.<\/li>\n<li>Recuperar los gastos de regularizaci\u00f3n, y con ello crear un fondo para ser utilizado en la adquisici\u00f3n de bienes necesario, gastos operativos de CORETURO, asi como para el pago de indemnizaciones y enajenaciones.<\/li>\n<li>Los dem\u00e1s que se establezcan en la normatividad vigente.<\/li>\n<\/ul>\n","protected":false},"excerpt":{"rendered":"<p>Regularizar la tenencia de la tierra en donde existan asentamientos humanos irregulares, en bienes de propiedad Particular, estatal o municipal, cuando lo soliciten expresamente los Ayuntamientos, y en bienes propiedad de la federaci\u00f3n cuando exista convenio con esta. Promover ante las autoridades competentes la incorporaci\u00f3n de las \u00e1reas regularizadas a fundo legal. Incorporar tierras o [&hellip;]<\/p>\n","protected":false},"author":1,"featured_media":0,"parent":0,"menu_order":0,"comment_status":"closed","ping_status":"closed","template":"","meta":{"episode_type":"","audio_file":"","podmotor_file_id":"","podmotor_episode_id":"","cover_image":"","cover_image_id":"","duration":"","filesize":"","filesize_raw":"","date_recorded":"","explicit":"","block":"","itunes_episode_number":"","itunes_title":"","itunes_season_number":"","itunes_episode_type":"","footnotes":""},"categories":[],"tags":[],"class_list":["post-953","page","type-page","status-publish","hentry"],"acf":[],"publishpress_future_action":{"enabled":false,"date":"2026-04-23 13:55:25","action":"change-status","newStatus":"draft","terms":[],"taxonomy":"category","extraData":[]},"publishpress_future_workflow_manual_trigger":{"enabledWorkflows":[]},"_links":{"self":[{"href":"https:\/\/www.oaxaca.gob.mx\/coreturo\/wp-json\/wp\/v2\/pages\/953","targetHints":{"allow":["GET"]}}],"collection":[{"href":"https:\/\/www.oaxaca.gob.mx\/coreturo\/wp-json\/wp\/v2\/pages"}],"about":[{"href":"https:\/\/www.oaxaca.gob.mx\/coreturo\/wp-json\/wp\/v2\/types\/page"}],"author":[{"embeddable":true,"href":"https:\/\/www.oaxaca.gob.mx\/coreturo\/wp-json\/wp\/v2\/users\/1"}],"replies":[{"embeddable":true,"href":"https:\/\/www.oaxaca.gob.mx\/coreturo\/wp-json\/wp\/v2\/comments?post=953"}],"version-history":[{"count":0,"href":"https:\/\/www.oaxaca.gob.mx\/coreturo\/wp-json\/wp\/v2\/pages\/953\/revisions"}],"wp:attachment":[{"href":"https:\/\/www.oaxaca.gob.mx\/coreturo\/wp-json\/wp\/v2\/media?parent=953"}],"wp:term":[{"taxonomy":"category","embeddable":true,"href":"https:\/\/www.oaxaca.gob.mx\/coreturo\/wp-json\/wp\/v2\/categories?post=953"},{"taxonomy":"post_tag","embeddable":true,"href":"https:\/\/www.oaxaca.gob.mx\/coreturo\/wp-json\/wp\/v2\/tags?post=953"}],"curies":[{"name":"wp","href":"https:\/\/api.w.org\/{rel}","templated":true}]}}