{"id":3519,"date":"2022-06-29T10:47:18","date_gmt":"2022-06-29T15:47:18","guid":{"rendered":"https:\/\/www.oaxaca.gob.mx\/copeval\/?page_id=3519"},"modified":"2022-06-29T10:53:52","modified_gmt":"2022-06-29T15:53:52","slug":"aviso-integral-de-privacidad","status":"publish","type":"page","link":"https:\/\/www.oaxaca.gob.mx\/copeval\/aviso-integral-de-privacidad\/","title":{"rendered":"AVISO INTEGRAL DE PRIVACIDAD"},"content":{"rendered":"<h2 style=\"font-weight: 400;text-align: center\"><span style=\"color: #0000ff\"><strong>AVISO INTEGRAL DE PRIVACIDAD<\/strong><\/span><\/h2>\n<p style=\"font-weight: 400;text-align: justify\">La Coordinacio\u0301n de Planeacio\u0301n y Evaluacio\u0301n para el Desarrollo Social de Oaxaca, COPEVAL, con domicilio en Calzada Porfirio Di\u0301az 318-A, Colonia Reforma, Oaxaca de Jua\u0301rez, Oaxaca, CP. 68050, Oaxaca, Me\u0301xico, es la responsable del tratamiento de los datos personales que nos proporcione, los cuales sera\u0301n protegidos conforme a lo dispuesto por la Ley General de Proteccio\u0301n de Datos Personales en Posesio\u0301n de Sujetos Obligados; Ley de Proteccio\u0301n de Datos Personales en Posesio\u0301n de Sujetos Obligados del Estado de Oaxaca y dema\u0301s normatividad que resulte aplicable.<\/p>\n<h3 style=\"font-weight: 400\"><strong><span style=\"color: #0000ff\">\u00bfQue\u0301 datos personales solicitamos y para que\u0301 fines?<\/span><\/strong><\/h3>\n<p style=\"font-weight: 400\">Los datos personales que recabemos los utilizaremos para las siguientes finalidades:<\/p>\n<ol>\n<li>Tra\u0301mite para solicitud de capacitacio\u0301n.<\/li>\n<li>Registro de asistentes a capacitaciones, talleres, conferencias, generacio\u0301n de estadi\u0301sticas e informes con motivo de las actividades anteriores.<\/li>\n<li>Generar constancias de asistencia o participacio\u0301n<\/li>\n<li>Elaboracio\u0301n de Convenios, Actas o Contratos.<\/li>\n<li>Designacio\u0301n de enlace para inicio de digitalizacio\u0301n y captura de informacio\u0301n en materia de desarrollo social.<\/li>\n<li>Integracio\u0301n del Padro\u0301n U\u0301nico de Beneficiarios del Estado de Oaxaca.<\/li>\n<li>Designacio\u0301n de enlace para la actualizacio\u0301n del Padro\u0301n de Beneficiarios en el Sistema SGPS.<\/li>\n<li>Tra\u0301mite para la publicacio\u0301n de la Revista Sostenibilidad o de Investigaciones en Materia de Desarrollo Social.<\/li>\n<li>Procedimiento de seleccio\u0301n e integracio\u0301n de expedientes del personal, elaboracio\u0301n del contrato o nombramiento respectivo, generar comprobantes de no\u0301mina y pago vi\u0301a transferencia bancaria, tra\u0301mite de tarjeta bancaria, registro ante el Instituto Mexicano del Seguro Social, para el tra\u0301mite de seguros de vida, publicacio\u0301n de informacio\u0301n curricular.<\/li>\n<li>Para asistencia me\u0301dica en caso de emergencia.<\/li>\n<li>Para el registro de entrada y salida a la COPEVAL.<\/li>\n<li>Para la adquisicio\u0301n de bienes y servicios con proveedores.<\/li>\n<li>Para la atencio\u0301n de quejas y\/o sugerencias en las plataformas digitales.<\/li>\n<\/ol>\n<p>&nbsp;<\/p>\n<p style=\"font-weight: 400\">Para las finalidades anteriores antes mencionadas, se solicitara\u0301n los siguientes datos personales:<\/p>\n<ol>\n<li><strong><em>Tra\u0301mite a Solicitud de Capacitacio\u0301<\/em><\/strong><em>n \u00b7 <\/em>Nombre, tele\u0301fono, correo electro\u0301nico.<\/li>\n<li><strong><em>Registro de asistentes a capacitaciones, talleres, conferencias, generacio\u0301n de estadi\u0301sticas e informes con motivo de las actividades anteriores<\/em><\/strong> Nombre completo, nu\u0301mero telefo\u0301nico, sexo, grupo e\u0301tnico, si habla alguna lengua indi\u0301gena, Sujeto Obligado del que forma parte, cargo que ocupa, si se encuentra adscrito a la Unidad de Transparencia o forma parte del Comite\u0301 de Transparencia, tele\u0301fono y correo electro\u0301nico oficiales, firma.<\/li>\n<li><strong><em>Generar constancias de asistencia o participacio\u0301n<\/em><\/strong> Nombre y asistencia a la capacitacio\u0301n.<\/li>\n<li><strong><em>Elaboracio\u0301n de Convenios y contratos<\/em><\/strong> Domicilio particular, RFC, CURP, datos generales de identificacio\u0301n.<\/li>\n<li><strong><em>Designacio\u0301n de enlace para inicio de digitalizacio\u0301n y captura de informacio\u0301n en materia de desarrollo social <\/em><\/strong> Nombre, tele\u0301fono, correo oficial y\/o correo personal.<\/li>\n<li><strong><em>Tra\u0301mite para la publicacio\u0301n de la Revista Sostenibilidad o de Investigaciones en Materia de Desarrollo Social<\/em><\/strong> Nombre, correo electro\u0301nico y nu\u0301mero de contacto.<\/li>\n<li><strong><em>Procedimiento de seleccio\u0301n e integracio\u0301n de expedientes del personal , elaboracio\u0301n del contrato o nombramiento respectivo, generar comprobantes de no\u0301mina y pago vi\u0301a transferencia bancaria, tra\u0301mite de tarjeta bancaria, registro ante el Instituto Mexicano del Seguro Social, para el tra\u0301mite de seguros de vida, publicacio\u0301n de informacio\u0301n curricular<\/em><\/strong> Fotografi\u0301a, domicilio particular, tele\u0301fono personal, correo electro\u0301nico personal, firma, RFC, CURP, fecha de nacimiento, acta de nacimiento, edad, nacionalidad, estado civil, datos acade\u0301micos, cuenta bancaria.<\/li>\n<li><strong><em>Para asistencia me\u0301dica en caso de emergenci<\/em><\/strong><em>a \u00b7 <\/em>Estado de salud y tipo de sangre.<\/li>\n<li><strong><em>Para el registro de entrada y salida a la COPEVAL<\/em><\/strong> Huella digital trata\u0301ndose de servidores pu\u0301blicos; nombre y firma trata\u0301ndose de cualquier persona que ingrese a las instalaciones.<\/li>\n<li><strong><em>Para la adquisicio\u0301n de bienes y servicios con proveedore<\/em><\/strong><em>s \u00b7 <\/em>Nombre de persona fi\u0301sica, domicilio fiscal, tele\u0301fono, correo electro\u0301nico, firma, RFC, nacionalidad, CURP y cuenta bancaria.<\/li>\n<li><strong><em>Para la atencio\u0301n de quejas y\/o sugerencias en las plataformas digitales<\/em><\/strong> Nombre y correo electro\u0301nico.<\/li>\n<\/ol>\n<h3><\/h3>\n<h3 style=\"font-weight: 400\"><strong><span style=\"color: #0000ff\">\u00bfCua\u0301l es el fundamento para el tratamiento de datos personales?<\/span><\/strong><\/h3>\n<p style=\"font-weight: 400;text-align: justify\">Arti\u0301culos 16,17, 18, 25 y 26 de la Ley General de Proteccio\u0301n de Datos Personales en Posesio\u0301n de Sujetos Obligados; 9, 10, 11, 14 y 19 de la Ley de Proteccio\u0301n de Datos Personales en Posesio\u0301n de Sujetos Obligados del Estado de Oaxaca; 4 y 5 del Decreto que crea la Coordinacio\u0301n de Planeacio\u0301n y Evaluacio\u0301n para el Desarrollo Social de Oaxaca y 21 del Reglamento Interno de la Coordinacio\u0301n de Planeacio\u0301n y Evaluacio\u0301n para el Desarrollo Social de Oaxaca.<\/p>\n<h3 style=\"font-weight: 400\"><strong><span style=\"color: #0000ff\">\u00bfCon quie\u0301n compartimos su informacio\u0301n personal y para que\u0301 fines?<\/span><\/strong><\/h3>\n<p style=\"font-weight: 400;text-align: justify\">Se informa que se realizara\u0301n transferencias de datos personales, respecto al \u201cProcedimiento de seleccio\u0301n e integracio\u0301n de expedientes del personal, elaboracio\u0301n del contrato o nombramiento respectivo, generar comprobantes de no\u0301mina y pago vi\u0301a transferencia bancaria, tra\u0301mite de tarjeta bancaria, registro ante el Instituto Mexicano del Seguro Social, para el tra\u0301mite de seguros de vida, publicacio\u0301n de informacio\u0301n curricular\u201d.<\/p>\n<p style=\"font-weight: 400;text-align: justify\">La transferencia se realizara\u0301 con la Secretari\u0301a de Bienestar del Estado de Oaxaca (SEBIEN), ya que al ser la Coordinacio\u0301n de Planeacio\u0301n y Evaluacio\u0301n para el Desarrollo Social de Oaxaca un o\u0301rgano desconcentrado de dicha Secretari\u0301a, depende del presupuesto que se le asigne a la misma, por lo que, al ser la Secretari\u0301a unidad responsable y ejecutora del gasto, es la responsable de dar tra\u0301mite a las finalidades antes descritas. No se realizara\u0301n transferencias adicionales, salvo aque\u0301llas que sean necesarias para atender requerimientos de informacio\u0301n de una autoridad competente, que este\u0301n debidamente fundados y motivados.<\/p>\n<h3 style=\"font-weight: 400\"><strong><span style=\"color: #0000ff\">\u00bfDo\u0301nde puedo ejercer mis derechos ARCO?<\/span><\/strong><\/h3>\n<p style=\"font-weight: 400;text-align: justify\">Usted podra\u0301 presentar su solicitud para el ejercicio de los derechos de acceso, rectificacio\u0301n, cancelacio\u0301n u oposicio\u0301n de sus datos personales (derechos ARCO) directamente ante nuestra Unidad de Transparencia, cuyos datos de contacto son los siguientes:<\/p>\n<p style=\"font-weight: 400\"><strong><em>Nombre de su titular<\/em><\/strong><em> \u00b7 <\/em>Maribel Herrera Herna\u0301ndez.<br \/>\n<strong><em>Domicilio<\/em><\/strong><em> \u00b7 <\/em>Calzada Porfirio Di\u0301az 318-A, Colonia Reforma, Oaxaca de Jua\u0301rez, Oaxaca, CP. 68050, Oaxaca, Me\u0301xico, nivel 2. <em>Horario de atencio\u0301n \u00b7 <\/em>Lunes a viernes de 09:00 a 17:00 horas, en di\u0301as ha\u0301biles.<br \/>\n<strong><em>Correo electro\u0301nico<\/em><\/strong><em> \u00b7 <\/em>transparencia.copeval@gmail.com<br \/>\n<strong><em>Nu\u0301mero telefo\u0301nico<\/em><\/strong><em> \u00b7 <\/em>6887055<br \/>\n<strong><em>Otro dato de contacto<\/em><\/strong><em> \u00b7 <\/em>transparencia.copeval@oaxaca.gob.mx<\/p>\n<p style=\"font-weight: 400\">Asimismo, podra\u0301 presentar una solicitud de ejercicio de derechos ARCO a trave\u0301s de la Plataforma Nacional de Transparencia, disponible en <a href=\"http:\/\/www.plataformadetransparencia.org.mx\/\">http:\/\/www.plataformadetransparencia.org.mx<\/a>.<\/p>\n<h3 style=\"font-weight: 400\"><strong><span style=\"color: #0000ff\">\u00bfCo\u0301mo puede conocer los cambios en este aviso de privacidad?<\/span><\/strong><\/h3>\n<p style=\"font-weight: 400\">El presente aviso de privacidad puede sufrir modificaciones, cambios o actualizaciones derivadas de nuevos requerimientos legales o por otras causas. Nos comprometemos a mantenerlo informado sobre los cambios que pueda sufrir el presente aviso de privacidad, a trave\u0301s de:<\/p>\n<p style=\"font-weight: 400;padding-left: 40px\"><strong><em>Portal institucional<\/em><\/strong><em> \u00b7 <\/em><a href=\"https:\/\/www.oaxaca.gob.mx\/copeval\/\">https:\/\/www.oaxaca.gob.mx\/copeval\/<\/a><\/p>\n<p style=\"font-weight: 400;padding-left: 40px\">Entrada de acceso a la COPEVAL.<\/p>\n<p style=\"font-weight: 400;text-align: right\"><em>Fecha de elaboraci\u00f3n o \u00faltima actualizaci\u00f3n: 04 de abril de 2022 <\/em><\/p>\n<p style=\"font-weight: 400;text-align: right\"><em>Calzada Porfirio Di\u0301az 318-A Col. Reforma C.P. 68050<\/em><\/p>\n<p style=\"font-weight: 400;text-align: right\"><em>Tel. 68 87 055 <\/em><\/p>\n<p style=\"font-weight: 400\">\n","protected":false},"excerpt":{"rendered":"<p>AVISO INTEGRAL DE PRIVACIDAD La Coordinacio\u0301n de Planeacio\u0301n y Evaluacio\u0301n para el Desarrollo Social de Oaxaca, COPEVAL, con domicilio en Calzada Porfirio Di\u0301az 318-A, Colonia Reforma, Oaxaca de Jua\u0301rez, Oaxaca, CP. 68050, Oaxaca, Me\u0301xico, es la responsable del tratamiento de los datos personales que nos proporcione, los cuales sera\u0301n protegidos conforme a lo dispuesto por [&hellip;]<\/p>\n","protected":false},"author":80,"featured_media":0,"parent":0,"menu_order":0,"comment_status":"closed","ping_status":"closed","template":"","meta":{"episode_type":"","audio_file":"","podmotor_file_id":"","podmotor_episode_id":"","cover_image":"","cover_image_id":"","duration":"","filesize":"","filesize_raw":"","date_recorded":"","explicit":"","block":"","itunes_episode_number":"","itunes_title":"","itunes_season_number":"","itunes_episode_type":"","footnotes":""},"categories":[],"tags":[],"class_list":["post-3519","page","type-page","status-publish","hentry"],"acf":[],"publishpress_future_action":{"enabled":false,"date":"2026-05-07 15:16:12","action":"change-status","newStatus":"draft","terms":[],"taxonomy":"category","extraData":[]},"publishpress_future_workflow_manual_trigger":{"enabledWorkflows":[]},"_links":{"self":[{"href":"https:\/\/www.oaxaca.gob.mx\/copeval\/wp-json\/wp\/v2\/pages\/3519","targetHints":{"allow":["GET"]}}],"collection":[{"href":"https:\/\/www.oaxaca.gob.mx\/copeval\/wp-json\/wp\/v2\/pages"}],"about":[{"href":"https:\/\/www.oaxaca.gob.mx\/copeval\/wp-json\/wp\/v2\/types\/page"}],"author":[{"embeddable":true,"href":"https:\/\/www.oaxaca.gob.mx\/copeval\/wp-json\/wp\/v2\/users\/80"}],"replies":[{"embeddable":true,"href":"https:\/\/www.oaxaca.gob.mx\/copeval\/wp-json\/wp\/v2\/comments?post=3519"}],"version-history":[{"count":9,"href":"https:\/\/www.oaxaca.gob.mx\/copeval\/wp-json\/wp\/v2\/pages\/3519\/revisions"}],"predecessor-version":[{"id":3528,"href":"https:\/\/www.oaxaca.gob.mx\/copeval\/wp-json\/wp\/v2\/pages\/3519\/revisions\/3528"}],"wp:attachment":[{"href":"https:\/\/www.oaxaca.gob.mx\/copeval\/wp-json\/wp\/v2\/media?parent=3519"}],"wp:term":[{"taxonomy":"category","embeddable":true,"href":"https:\/\/www.oaxaca.gob.mx\/copeval\/wp-json\/wp\/v2\/categories?post=3519"},{"taxonomy":"post_tag","embeddable":true,"href":"https:\/\/www.oaxaca.gob.mx\/copeval\/wp-json\/wp\/v2\/tags?post=3519"}],"curies":[{"name":"wp","href":"https:\/\/api.w.org\/{rel}","templated":true}]}}