{"id":890,"date":"2019-04-05T10:49:55","date_gmt":"2019-04-05T16:49:55","guid":{"rendered":"https:\/\/www.oaxaca.gob.mx\/consejeriajuridica\/?page_id=890"},"modified":"2024-10-15T14:50:52","modified_gmt":"2024-10-15T20:50:52","slug":"marco-juridico","status":"publish","type":"page","link":"https:\/\/www.oaxaca.gob.mx\/consejeriajuridica\/quienes-somos\/marco-juridico\/","title":{"rendered":"Marco Jur\u00eddico"},"content":{"rendered":"\n<table id=\"tablepress-marco_juridico\" class=\"tablepress tablepress-id-marco_juridico\">\n<thead>\n<tr class=\"row-1\">\n\t<th class=\"column-1\">DISPOSICI\u00d3N JUR\u00cdDICA<\/th><th class=\"column-2\">DISPONIBILIDAD DE DESCARGA<\/th><th class=\"column-3\">DESCARGAR<\/th>\n<\/tr>\n<\/thead>\n<tbody class=\"row-striping row-hover\">\n<tr class=\"row-2\">\n\t<td class=\"column-1\">CONSTITUCI\u00d3N POL\u00cdTICA DEL ESTADO LIBRE Y SOBERANO DE OAXACA<\/td><td class=\"column-2\">    <a href=\"\/consejeriajuridica\/wp-content\/uploads\/sites\/19\/2019\/03\/CONSTITUCI\u00d3N-POL\u00cdTICA-DEL-ESTADO-LIBRE-Y-SOBERANO-DE-OAXACA.docx\"><i class=\"far fa-file-word fa-2x\">\u00a0<\/i><\/a><br \/>\n  <\/td><td class=\"column-3\">    <a target=\"_blank\" href=\"\/consejeriajuridica\/wp-content\/uploads\/sites\/19\/2019\/03\/CONSTITUCI\u00d3N-POL\u00cdTICA-DEL-ESTADO-LIBRE-Y-SOBERANO-DE-OAXACA.pdf\" rel=\"noopener\"><i class=\"far fa-file-pdf fa-2x\">\u00a0<\/i><\/a><\/td>\n<\/tr>\n<tr class=\"row-3\">\n\t<td class=\"column-1\">LEY ORG\u00c1NICA DEL PODER EJECUTIVO DEL ESTADO DE OAXACA<\/td><td class=\"column-2\">    <a href=\"\/consejeriajuridica\/wp-content\/uploads\/sites\/19\/2019\/03\/LEY-ORGANICA-DEL-PODER-EJECUTIVO-DEL-ESTADO-DE-OAXACA.docx\"><i class=\"far fa-file-word fa-2x\">\u00a0<\/i><\/a><br \/>\n  <\/td><td class=\"column-3\">    <a target=\"_blank\" href=\"\/consejeriajuridica\/wp-content\/uploads\/sites\/19\/2019\/03\/LEY-ORGANICA-DEL-PODER-EJECUTIVO-DEL-ESTADO-DE-OAXACA.pdf\" rel=\"noopener\"><i class=\"far fa-file-pdf fa-2x\">\u00a0<\/i><\/a><\/td>\n<\/tr>\n<tr class=\"row-4\">\n\t<td class=\"column-1\">C\u00d3DIGO DE \u00c9TICA PARA LAS PERSONAS<br \/>\nSERVIDORAS P\u00daBLICAS DE LA ADMINISTRACI\u00d3N P\u00daBLICA ESTATAL.<\/td><td class=\"column-2\"><\/td><td class=\"column-3\"><a target=\"_blank\" href=\"https:\/\/sig.oaxaca.gob.mx\/prontuario\/file\/1092.pdf\" rel=\"noopener\"><i class=\"far fa-file-pdf fa-2x\">\u00a0<\/a><\/td>\n<\/tr>\n<tr class=\"row-5\">\n\t<td class=\"column-1\">ACUERDO POR EL QUE SE EXPIDEN LOS LINEAMIENTOS GENERALES PARA LA INTEGRACI\u00d3N Y FUNCIONAMIENTO DE LOS COMIT\u00c9S DE \u00c9TICA  Y DE PREVENCI\u00d3N DE CONFLICTO DE INTER\u00c9S EN LA ADMINISTRACI\u00d3N P\u00daBLICA ESTATAL<\/td><td class=\"column-2\"><\/td><td class=\"column-3\"><a target=\"_blank\" href=\"https:\/\/sig.oaxaca.gob.mx\/prontuario\/file\/1069.pdf\" rel=\"noopener\"><i class=\"far fa-file-pdf fa-2x\">\u00a0<\/a><\/td>\n<\/tr>\n<tr class=\"row-6\">\n\t<td class=\"column-1\">MODELO ESTATAL DEL MARCO INTEGRADO DE CONTROL INTERNO PARA LA ADMINISTRACI\u00d3N P\u00daBLICA DEL PODER EJECUTIVO DEL ESTADO DE OAXACA<\/td><td class=\"column-2\">    <a href=\"\/consejeriajuridica\/wp-content\/uploads\/sites\/19\/2019\/03\/MODELO-ESTATAL-DEL-MARCO-INTEGRADO-DE-CONTROL-INTERNO-PARA-LA-ADMINISTRACI\u00d3N-P\u00daBLICA-DEL-PODER-EJECUTIVO-DEL-ESTADO-DE-OAXACA.docx\"><i class=\"far fa-file-word fa-2x\">\u00a0<\/i><\/a><br \/>\n  <\/td><td class=\"column-3\">    <a target=\"_blank\" href=\"\/consejeriajuridica\/wp-content\/uploads\/sites\/19\/2019\/03\/MODELO-ESTATAL-DEL-MARCO-INTEGRADO-DE-CONTROL-INTERNO-PARA-LA-ADMINISTRACI\u00d3N-P\u00daBLICA-DEL-PODER-EJECUTIVO-DEL-ESTADO-DE-OAXACA.pdf\" rel=\"noopener\"><i class=\"far fa-file-pdf fa-2x\">\u00a0<\/i><\/a><\/td>\n<\/tr>\n<tr class=\"row-7\">\n\t<td class=\"column-1\">ACUERDO POR EL QUE SE EMITEN LAS DISPOSICIONES Y EL MANUAL ADMINISTRATIVO DE APLICACI\u00d3N GENERAL EN MATERIA DE CONTROL INTERNO PARA LA ADMINISTRACI\u00d3N P\u00daBLICA ESTATAL<\/td><td class=\"column-2\"><a href=\"https:\/\/www.oaxaca.gob.mx\/consejeriajuridica\/wp-content\/uploads\/sites\/19\/2019\/09\/Manual-Administrativo-COCOI1.docx\"><i class=\"far fa-file-word fa-2x\">\u00a0<\/i><\/a><br \/>\n  <\/td><td class=\"column-3\">  <a target=\"_blank\" href=\"https:\/\/www.oaxaca.gob.mx\/consejeriajuridica\/wp-content\/uploads\/sites\/19\/2019\/09\/PUBLICACI\u00d3N-POGEO-Manual-080619.pdf\" rel=\"noopener\"><i class=\"far fa-file-pdf fa-2x\">\u00a0<\/i><\/a><\/td>\n<\/tr>\n<tr class=\"row-8\">\n\t<td class=\"column-1\">ACUERDO GENERAL POR EL QUE SE ESTABLECE EL SISTEMA DE CONTROL INTERNO DE LA ADMINISTRACI\u00d3N P\u00daBLICA ESTATAL<\/td><td class=\"column-2\">  <\/td><td class=\"column-3\">    <a target=\"_blank\" href=\"\/consejeriajuridica\/wp-content\/uploads\/sites\/19\/2019\/03\/ACUERDO-POR-EL-QUE-SE-EMITE-EL-MODELO-ESTATAL-DEL-MARCO-INTEGRADO-2.pdf\" rel=\"noopener\"><i class=\"far fa-file-pdf fa-2x\">\u00a0<\/i><\/a><\/td>\n<\/tr>\n<tr class=\"row-9\">\n\t<td class=\"column-1\">REGLAMENTO INTERNO DE LA CONSEJER\u00cdA JUR\u00cdDICA Y ASISTENCIA LEGAL DE GOBIERNO DEL ESTADO<\/td><td class=\"column-2\"><\/td><td class=\"column-3\"><a target=\"_blank\" href=\"http:\/\/www.periodicooficial.oaxaca.gob.mx\/files\/2024\/07\/EXT-REGCONSEJERIA-2024-07-25.pdf\" rel=\"noopener\"><i class=\"far fa-file-pdf fa-2x\">\u00a0<\/a><\/td>\n<\/tr>\n<tr class=\"row-10\">\n\t<td class=\"column-1\"> LINEAMIENTOS GENERALES DEL PROCEDIMIENTO DE APOSTILLA DE FIRMAS Y LEGALIZACI\u00d3N DE DOCUMENTOS P\u00daBLICOS DEL ESTADO DE OAXACA<\/td><td class=\"column-2\"><\/td><td class=\"column-3\"><a target=\"_blank\" href=\"http:\/\/www.periodicooficial.oaxaca.gob.mx\/files\/2024\/06\/EXT-LINAPOS-2024-06-03.pdf\" rel=\"noopener\"><i class=\"far fa-file-pdf fa-2x\">\u00a0<\/a><\/td>\n<\/tr>\n<tr class=\"row-11\">\n\t<td class=\"column-1\">LINEAMIENTOS GENERALES PARA LA SIMPLIFICACI\u00d3N DE TR\u00c1MITES Y SERVICIOS ADMINISTRATIVOS DE LAS DEPENDENCIAS Y ENTIDADES DEL PODER EJECUTIVO DEL ESTADO DE OAXACA.<\/td><td class=\"column-2\"><\/td><td class=\"column-3\"><a target=\"_blank\" href=\"http:\/\/www.periodicooficial.oaxaca.gob.mx\/files\/2023\/11\/EXT-GOBLINEAMIENTOS-2023-11-17.pdf\" rel=\"noopener\"><i class=\"far fa-file-pdf fa-2x\">\u00a0<\/a><\/td>\n<\/tr>\n<tr class=\"row-12\">\n\t<td class=\"column-1\">LINEAMIENTOS PARA LA ELABORACI\u00d3N DE REGLAMENTOS INTERNOS DE LAS DEPENDENCIAS Y ENTIDADES DEL PODER EJECUTIVO DEL ESTADO DE OAXACA<\/td><td class=\"column-2\"><\/td><td class=\"column-3\"><a target=\"_blank\" href=\"http:\/\/www.periodicooficial.oaxaca.gob.mx\/files\/2024\/07\/EXT-LINREG-2024-07-15.pdf\" rel=\"noopener\"><i class=\"far fa-file-pdf fa-2x\">\u00a0<\/a><\/td>\n<\/tr>\n<tr class=\"row-13\">\n\t<td class=\"column-1\">DECRETO POR EL QUE SE CREA LA COMISI\u00d3N DE ESTUDIOS JUR\u00cdDICOS DEL GOBIERNO DEL ESTADO DE OAXACA<\/td><td class=\"column-2\"><\/td><td class=\"column-3\"><a target=\"_blank\" href=\"http:\/\/www.periodicooficial.oaxaca.gob.mx\/files\/2011\/01\/ORD01-2011-01-01.pdf\" rel=\"noopener\"><i class=\"far fa-file-pdf fa-2x\">\u00a0<\/a><\/td>\n<\/tr>\n<\/tbody>\n<\/table>\n<!-- #tablepress-marco_juridico from cache -->\n","protected":false},"excerpt":{"rendered":"","protected":false},"author":1,"featured_media":0,"parent":6,"menu_order":0,"comment_status":"closed","ping_status":"closed","template":"","meta":{"episode_type":"","audio_file":"","podmotor_file_id":"","podmotor_episode_id":"","cover_image":"","cover_image_id":"","duration":"","filesize":"","filesize_raw":"","date_recorded":"","explicit":"","block":"","itunes_episode_number":"","itunes_title":"","itunes_season_number":"","itunes_episode_type":"","footnotes":""},"categories":[],"tags":[],"class_list":["post-890","page","type-page","status-publish","hentry"],"acf":[],"publishpress_future_action":{"enabled":false,"date":"2026-05-20 03:11:19","action":"change-status","newStatus":"draft","terms":[],"taxonomy":"category","extraData":[]},"publishpress_future_workflow_manual_trigger":{"enabledWorkflows":[]},"_links":{"self":[{"href":"https:\/\/www.oaxaca.gob.mx\/consejeriajuridica\/wp-json\/wp\/v2\/pages\/890","targetHints":{"allow":["GET"]}}],"collection":[{"href":"https:\/\/www.oaxaca.gob.mx\/consejeriajuridica\/wp-json\/wp\/v2\/pages"}],"about":[{"href":"https:\/\/www.oaxaca.gob.mx\/consejeriajuridica\/wp-json\/wp\/v2\/types\/page"}],"author":[{"embeddable":true,"href":"https:\/\/www.oaxaca.gob.mx\/consejeriajuridica\/wp-json\/wp\/v2\/users\/1"}],"replies":[{"embeddable":true,"href":"https:\/\/www.oaxaca.gob.mx\/consejeriajuridica\/wp-json\/wp\/v2\/comments?post=890"}],"version-history":[{"count":1,"href":"https:\/\/www.oaxaca.gob.mx\/consejeriajuridica\/wp-json\/wp\/v2\/pages\/890\/revisions"}],"predecessor-version":[{"id":1487,"href":"https:\/\/www.oaxaca.gob.mx\/consejeriajuridica\/wp-json\/wp\/v2\/pages\/890\/revisions\/1487"}],"up":[{"embeddable":true,"href":"https:\/\/www.oaxaca.gob.mx\/consejeriajuridica\/wp-json\/wp\/v2\/pages\/6"}],"wp:attachment":[{"href":"https:\/\/www.oaxaca.gob.mx\/consejeriajuridica\/wp-json\/wp\/v2\/media?parent=890"}],"wp:term":[{"taxonomy":"category","embeddable":true,"href":"https:\/\/www.oaxaca.gob.mx\/consejeriajuridica\/wp-json\/wp\/v2\/categories?post=890"},{"taxonomy":"post_tag","embeddable":true,"href":"https:\/\/www.oaxaca.gob.mx\/consejeriajuridica\/wp-json\/wp\/v2\/tags?post=890"}],"curies":[{"name":"wp","href":"https:\/\/api.w.org\/{rel}","templated":true}]}}