{"id":99741,"date":"2023-05-26T20:19:04","date_gmt":"2023-05-27T02:19:04","guid":{"rendered":"https:\/\/www.oaxaca.gob.mx\/comunicacion\/?page_id=99741"},"modified":"2023-05-26T20:48:06","modified_gmt":"2023-05-27T02:48:06","slug":"titular-de-la-dependencia","status":"publish","type":"page","link":"https:\/\/www.oaxaca.gob.mx\/comunicacion\/titular-de-la-dependencia\/","title":{"rendered":"Titular de la dependencia"},"content":{"rendered":"<h4 style=\"text-align: center\">COORDINADOR DE COMUNICACI\u00d3N SOCIAL DEL GOBIERNO DEL ESTADO<\/h4>\n<div style=\"background-image: url(https:\/\/www.oaxaca.gob.mx\/cabien\/wp-content\/uploads\/sites\/90\/2023\/03\/liston-valles.png);\n background-repeat: no-repeat;\n background-position: center center;\n background-size: contain;\n background-attachment: scroll;\n \twidth: 100%;\n \theight: 100%\"><\/p>\n<div style=\"display: flex;\n   justify-content: center;\"> <\/p>\n<div style=\"float: center;\n     width: 330px;\n     height: 350px;\n     margin: 10px;\n     background: #9D2449\"><\/p>\n<div style=\"text-align: center;padding: 10px\">\n<p> <img decoding=\"async\" style=\"max-width: 300px;max-height: 300px\" src=\"https:\/\/www.oaxaca.gob.mx\/comunicacion\/wp-content\/uploads\/sites\/28\/2026\/03\/eulogio-daniel-hernandez-juarez.jpeg\"><\/div>\n<\/p><\/div>\n<\/p><\/div>\n<\/p><\/div>\n<h3 style=\"text-align: center;padding: 10px\"><span>Eulogio Daniel Hern\u00e1ndez Ju\u00e1rez<\/span><\/h3>\n","protected":false},"excerpt":{"rendered":"<p>COORDINADOR DE COMUNICACI\u00d3N SOCIAL DEL GOBIERNO DEL ESTADO Eulogio Daniel Hern\u00e1ndez Ju\u00e1rez<\/p>\n","protected":false},"author":1,"featured_media":0,"parent":0,"menu_order":0,"comment_status":"closed","ping_status":"closed","template":"","meta":{"episode_type":"","audio_file":"","podmotor_file_id":"","podmotor_episode_id":"","cover_image":"","cover_image_id":"","duration":"","filesize":"","filesize_raw":"","date_recorded":"","explicit":"","block":"","itunes_episode_number":"","itunes_title":"","itunes_season_number":"","itunes_episode_type":"","footnotes":""},"categories":[],"tags":[],"class_list":["post-99741","page","type-page","status-publish","hentry"],"acf":[],"publishpress_future_action":{"enabled":false,"date":"2026-05-05 16:57:03","action":"change-status","newStatus":"draft","terms":[],"taxonomy":"category","extraData":[]},"publishpress_future_workflow_manual_trigger":{"enabledWorkflows":[]},"_links":{"self":[{"href":"https:\/\/www.oaxaca.gob.mx\/comunicacion\/wp-json\/wp\/v2\/pages\/99741","targetHints":{"allow":["GET"]}}],"collection":[{"href":"https:\/\/www.oaxaca.gob.mx\/comunicacion\/wp-json\/wp\/v2\/pages"}],"about":[{"href":"https:\/\/www.oaxaca.gob.mx\/comunicacion\/wp-json\/wp\/v2\/types\/page"}],"author":[{"embeddable":true,"href":"https:\/\/www.oaxaca.gob.mx\/comunicacion\/wp-json\/wp\/v2\/users\/1"}],"replies":[{"embeddable":true,"href":"https:\/\/www.oaxaca.gob.mx\/comunicacion\/wp-json\/wp\/v2\/comments?post=99741"}],"version-history":[{"count":3,"href":"https:\/\/www.oaxaca.gob.mx\/comunicacion\/wp-json\/wp\/v2\/pages\/99741\/revisions"}],"predecessor-version":[{"id":99745,"href":"https:\/\/www.oaxaca.gob.mx\/comunicacion\/wp-json\/wp\/v2\/pages\/99741\/revisions\/99745"}],"wp:attachment":[{"href":"https:\/\/www.oaxaca.gob.mx\/comunicacion\/wp-json\/wp\/v2\/media?parent=99741"}],"wp:term":[{"taxonomy":"category","embeddable":true,"href":"https:\/\/www.oaxaca.gob.mx\/comunicacion\/wp-json\/wp\/v2\/categories?post=99741"},{"taxonomy":"post_tag","embeddable":true,"href":"https:\/\/www.oaxaca.gob.mx\/comunicacion\/wp-json\/wp\/v2\/tags?post=99741"}],"curies":[{"name":"wp","href":"https:\/\/api.w.org\/{rel}","templated":true}]}}

<h4 style="text-align: center">COORDINADOR DE COMUNICACIÓN SOCIAL DEL GOBIERNO DEL ESTADO</h4>
<div style="background-image: url(https://www.oaxaca.gob.mx/cabien/wp-content/uploads/sites/90/2023/03/liston-valles.png);
 background-repeat: no-repeat;
 background-position: center center;
 background-size: contain;
 background-attachment: scroll;
 	width: 100%;
 	height: 100%"></p>
<div style="display: flex;
   justify-content: center;"> </p>
<div style="float: center;
     width: 330px;
     height: 350px;
     margin: 10px;
     background: #9D2449"></p>
<div style="text-align: center;padding: 10px">
<p> <img decoding="async" style="max-width: 300px;max-height: 300px" src="https://www.oaxaca.gob.mx/comunicacion/wp-content/uploads/sites/28/2026/03/eulogio-daniel-hernandez-juarez.jpeg"></div>
</p></div>
</p></div>
</p></div>
<h3 style="text-align: center;padding: 10px"><span>Eulogio Daniel Hernández Juárez</span></h3>

<p>COORDINADOR DE COMUNICACIÓN SOCIAL DEL GOBIERNO DEL ESTADO Eulogio Daniel Hernández Juárez</p>
