{"id":32707,"date":"2019-04-06T00:09:57","date_gmt":"2019-04-05T22:09:57","guid":{"rendered":"https:\/\/www.oaxaca.gob.mx\/comunicacion\/?page_id=32707"},"modified":"2026-03-24T13:58:50","modified_gmt":"2026-03-24T19:58:50","slug":"estructura-organica-u-organigrama","status":"publish","type":"page","link":"https:\/\/www.oaxaca.gob.mx\/comunicacion\/estructura-organica-u-organigrama\/","title":{"rendered":"Estructura org\u00e1nica u organigrama"},"content":{"rendered":"<a href=\"https:\/\/www.oaxaca.gob.mx\/comunicacion\/wp-content\/uploads\/sites\/28\/2024\/10\/ORGANIGRAMA-FEBRERO-2023.pdf\" class=\"pdfemb-viewer\" style=\"\" data-width=\"max\" data-height=\"max\" data-toolbar=\"top\" data-toolbar-fixed=\"on\">ORGANIGRAMA<\/a>\n<p>&nbsp;<\/p>\n<p>&nbsp;<\/p>\n<h3 style=\"text-align: center\"><em><strong>COORDINACI\u00d3N DE COMUNICACI\u00d3N SOCIAL<\/strong><\/em><\/h3>\n<p><strong>COORDINACI\u00d3N GENERAL<\/strong><\/p>\n<ul>\n<li>DEPARTAMENTO DE INFORM\u00c1TICA Y TECNOLOG\u00cdA<\/li>\n<li>DEPARTAMENTO JURIDICO<\/li>\n<li>DEPARTAMENTO DE PAUTAS INSTITUCIONALES<\/li>\n<\/ul>\n<p><strong>DIRECCI\u00d3N ADMINISTRATIVA<\/strong><\/p>\n<ul>\n<li>DEPARTAMENTO DE RECURSOS HUMANOS<\/li>\n<li>DEPARTAMENTO DE RECURSOS FINANCIEROS<\/li>\n<li>DEPARTAMENTO DE RECURSOS MATERIALES Y SERVICIOS GENERALES<\/li>\n<\/ul>\n<p><strong>DIRECCI\u00d3N DE IMAGEN Y PRODUCCI\u00d3N<\/strong><\/p>\n<ul>\n<li>DEPARTAMENTO DE PRODUCCI\u00d3N AUDIOVISUAL<\/li>\n<li>DEPARTAMENTO DE CONTENIDO CREATIVO<\/li>\n<li>DEPARTAMENTO DE FOTOGRAF\u00cdA<\/li>\n<li>DEPARTAMENTO DE EDICI\u00d3N<\/li>\n<li>DEPARTAMENTO DE DISE\u00d1O GRAFICO<\/li>\n<\/ul>\n<p><strong>DIRECCI\u00d3N DE PRENSA Y COMUNICACI\u00d3N SOCIAL<\/strong><\/p>\n<ul>\n<li>DEPARTAMENTO DE ATENCI\u00d3N A MEDIOS<\/li>\n<li>DEPARTAMENTO DE ATENCI\u00d3N A MEDIOS NACIONALES<\/li>\n<li>DEPARTAMENTO DE PRENSA ESCRITA<\/li>\n<li>DEPARTAMENTO DE PRENSA DIGITAL<\/li>\n<li>DEPARTAMENTO DE RADIO Y TELEVISI\u00d3N<\/li>\n<li>DEPARTAMENTO DE MONITOREO DE PRENSA<\/li>\n<\/ul>\n<p><strong>DIRECCI\u00d3N DE COMUNICACI\u00d3N DIGITAL<\/strong><\/p>\n<ul>\n<li>DEPARTAMENTO DE REDES INSTITUCIONALES<\/li>\n<li>DEPARTAMENTO DE PLATAFORMAS Y SITIOS WEB<\/li>\n<li>DEPARTAMENTO DE PUBLICACI\u00d3N DIGITAL<\/li>\n<\/ul>\n<p><strong>DIRECCI\u00d3N DE AN\u00c1LISIS, POL\u00cdTICAS P\u00daBLICAS Y DISCURSO<\/strong><\/p>\n<ul>\n<li>DEPARTAMENTO DE MONITOREO DE LA OPINI\u00d3N P\u00daBLICA<\/li>\n<li>DEPARTAMENTO DE COMUNICACI\u00d3N DE LAS POL\u00cdTICAS P\u00daBLICAS<\/li>\n<li>DEPARTAMENTO DE DISCURSO<\/li>\n<\/ul>\n<p><strong>DIRECCI\u00d3N DE VINCULACI\u00d3N Y ENLACE INSTITUCIONAL<\/strong><\/p>\n<ul>\n<li>DEPARTAMENTO DE ENLACE CON EL GOBIERNO FEDERAL<\/li>\n<li>DEPARTAMENTO DE ENLACE INTERINSTITUCIONAL<\/li>\n<li>DEPARTAMENTO DE EVENTOS ESPECIALES<\/li>\n<\/ul>\n","protected":false},"excerpt":{"rendered":"<p>&nbsp; &nbsp; COORDINACI\u00d3N DE COMUNICACI\u00d3N SOCIAL COORDINACI\u00d3N GENERAL DEPARTAMENTO DE INFORM\u00c1TICA Y TECNOLOG\u00cdA DEPARTAMENTO JURIDICO DEPARTAMENTO DE PAUTAS INSTITUCIONALES DIRECCI\u00d3N ADMINISTRATIVA DEPARTAMENTO DE RECURSOS HUMANOS DEPARTAMENTO DE RECURSOS FINANCIEROS DEPARTAMENTO DE RECURSOS MATERIALES Y SERVICIOS GENERALES DIRECCI\u00d3N DE IMAGEN Y PRODUCCI\u00d3N DEPARTAMENTO DE PRODUCCI\u00d3N AUDIOVISUAL DEPARTAMENTO DE CONTENIDO CREATIVO DEPARTAMENTO DE FOTOGRAF\u00cdA DEPARTAMENTO DE EDICI\u00d3N [&hellip;]<\/p>\n","protected":false},"author":1,"featured_media":0,"parent":0,"menu_order":0,"comment_status":"closed","ping_status":"closed","template":"","meta":{"episode_type":"","audio_file":"","podmotor_file_id":"","podmotor_episode_id":"","cover_image":"","cover_image_id":"","duration":"","filesize":"","filesize_raw":"","date_recorded":"","explicit":"","block":"","itunes_episode_number":"","itunes_title":"","itunes_season_number":"","itunes_episode_type":"","footnotes":""},"categories":[],"tags":[],"class_list":["post-32707","page","type-page","status-publish","hentry"],"acf":[],"publishpress_future_action":{"enabled":false,"date":"2026-05-16 23:51:11","action":"change-status","newStatus":"draft","terms":[],"taxonomy":"category","extraData":[]},"publishpress_future_workflow_manual_trigger":{"enabledWorkflows":[]},"_links":{"self":[{"href":"https:\/\/www.oaxaca.gob.mx\/comunicacion\/wp-json\/wp\/v2\/pages\/32707","targetHints":{"allow":["GET"]}}],"collection":[{"href":"https:\/\/www.oaxaca.gob.mx\/comunicacion\/wp-json\/wp\/v2\/pages"}],"about":[{"href":"https:\/\/www.oaxaca.gob.mx\/comunicacion\/wp-json\/wp\/v2\/types\/page"}],"author":[{"embeddable":true,"href":"https:\/\/www.oaxaca.gob.mx\/comunicacion\/wp-json\/wp\/v2\/users\/1"}],"replies":[{"embeddable":true,"href":"https:\/\/www.oaxaca.gob.mx\/comunicacion\/wp-json\/wp\/v2\/comments?post=32707"}],"version-history":[{"count":4,"href":"https:\/\/www.oaxaca.gob.mx\/comunicacion\/wp-json\/wp\/v2\/pages\/32707\/revisions"}],"predecessor-version":[{"id":175160,"href":"https:\/\/www.oaxaca.gob.mx\/comunicacion\/wp-json\/wp\/v2\/pages\/32707\/revisions\/175160"}],"wp:attachment":[{"href":"https:\/\/www.oaxaca.gob.mx\/comunicacion\/wp-json\/wp\/v2\/media?parent=32707"}],"wp:term":[{"taxonomy":"category","embeddable":true,"href":"https:\/\/www.oaxaca.gob.mx\/comunicacion\/wp-json\/wp\/v2\/categories?post=32707"},{"taxonomy":"post_tag","embeddable":true,"href":"https:\/\/www.oaxaca.gob.mx\/comunicacion\/wp-json\/wp\/v2\/tags?post=32707"}],"curies":[{"name":"wp","href":"https:\/\/api.w.org\/{rel}","templated":true}]}}