{"id":32701,"date":"2019-04-06T00:09:12","date_gmt":"2019-04-05T22:09:12","guid":{"rendered":"https:\/\/www.oaxaca.gob.mx\/comunicacion\/?page_id=32701"},"modified":"2023-09-06T16:08:19","modified_gmt":"2023-09-06T22:08:19","slug":"mision-vision-y-objetivos","status":"publish","type":"page","link":"https:\/\/www.oaxaca.gob.mx\/comunicacion\/mision-vision-y-objetivos\/","title":{"rendered":"Misi\u00f3n, Visi\u00f3n y Objetivos"},"content":{"rendered":"<p><strong>MISI\u00d3N:<\/strong><\/p>\n<p>Ser v\u00ednculo de comunicaci\u00f3n entre la ciudadan\u00eda y el Gobierno del Estado, contribuyendo con la obligaci\u00f3n gubernamental, de mantener informada a la ciudadan\u00eda sobre los acontecimientos de inter\u00e9s p\u00fablico; as\u00ed como las acciones gubernamentales, apuntalando la gobernabilidad democr\u00e1tica, con base en la informaci\u00f3n veraz, clara oportuna y eficaz.<\/p>\n<p><strong>VISI\u00d3N:<\/strong><\/p>\n<p>Ser referente a nivel nacional en materia de eficiencia, oportunidad y transparencia de la informaci\u00f3n gubernamental, vertida a la ciudadan\u00eda sobre el quehacer y las acciones relativas al desarrollo de las pol\u00edticas, programas y acciones que el Gobierno del Estado de Oaxaca lleve acabo para impulsar y fortalecer el desarrollo equilibrado de las ocho regiones de nuestra Entidad.<\/p>\n<p><strong>OBJETIVO:<\/strong><\/p>\n<p>Informar a la poblaci\u00f3n en general, del quehacer gubernamental mediante la apropiada difusi\u00f3n de las diversas actividades realizadas mediante las Secretar\u00edas, Dependencias y de m\u00e1s Organismos gubernamentales que ejecutan los programas y pol\u00edticas implementadas para la atenci\u00f3n de las necesidades de la poblaci\u00f3n Oaxaque\u00f1a.<\/p>\n","protected":false},"excerpt":{"rendered":"<p>MISI\u00d3N: Ser v\u00ednculo de comunicaci\u00f3n entre la ciudadan\u00eda y el Gobierno del Estado, contribuyendo con la obligaci\u00f3n gubernamental, de mantener informada a la ciudadan\u00eda sobre los acontecimientos de inter\u00e9s p\u00fablico; as\u00ed como las acciones gubernamentales, apuntalando la gobernabilidad democr\u00e1tica, con base en la informaci\u00f3n veraz, clara oportuna y eficaz. VISI\u00d3N: Ser referente a nivel nacional [&hellip;]<\/p>\n","protected":false},"author":1,"featured_media":0,"parent":0,"menu_order":0,"comment_status":"closed","ping_status":"closed","template":"","meta":{"episode_type":"","audio_file":"","podmotor_file_id":"","podmotor_episode_id":"","cover_image":"","cover_image_id":"","duration":"","filesize":"","filesize_raw":"","date_recorded":"","explicit":"","block":"","itunes_episode_number":"","itunes_title":"","itunes_season_number":"","itunes_episode_type":"","footnotes":""},"categories":[],"tags":[],"class_list":["post-32701","page","type-page","status-publish","hentry"],"acf":[],"publishpress_future_action":{"enabled":false,"date":"2026-04-16 05:23:14","action":"change-status","newStatus":"draft","terms":[],"taxonomy":"category","extraData":[]},"publishpress_future_workflow_manual_trigger":{"enabledWorkflows":[]},"_links":{"self":[{"href":"https:\/\/www.oaxaca.gob.mx\/comunicacion\/wp-json\/wp\/v2\/pages\/32701","targetHints":{"allow":["GET"]}}],"collection":[{"href":"https:\/\/www.oaxaca.gob.mx\/comunicacion\/wp-json\/wp\/v2\/pages"}],"about":[{"href":"https:\/\/www.oaxaca.gob.mx\/comunicacion\/wp-json\/wp\/v2\/types\/page"}],"author":[{"embeddable":true,"href":"https:\/\/www.oaxaca.gob.mx\/comunicacion\/wp-json\/wp\/v2\/users\/1"}],"replies":[{"embeddable":true,"href":"https:\/\/www.oaxaca.gob.mx\/comunicacion\/wp-json\/wp\/v2\/comments?post=32701"}],"version-history":[{"count":3,"href":"https:\/\/www.oaxaca.gob.mx\/comunicacion\/wp-json\/wp\/v2\/pages\/32701\/revisions"}],"predecessor-version":[{"id":108629,"href":"https:\/\/www.oaxaca.gob.mx\/comunicacion\/wp-json\/wp\/v2\/pages\/32701\/revisions\/108629"}],"wp:attachment":[{"href":"https:\/\/www.oaxaca.gob.mx\/comunicacion\/wp-json\/wp\/v2\/media?parent=32701"}],"wp:term":[{"taxonomy":"category","embeddable":true,"href":"https:\/\/www.oaxaca.gob.mx\/comunicacion\/wp-json\/wp\/v2\/categories?post=32701"},{"taxonomy":"post_tag","embeddable":true,"href":"https:\/\/www.oaxaca.gob.mx\/comunicacion\/wp-json\/wp\/v2\/tags?post=32701"}],"curies":[{"name":"wp","href":"https:\/\/api.w.org\/{rel}","templated":true}]}}