{"id":148331,"date":"2025-03-07T14:24:25","date_gmt":"2025-03-07T20:24:25","guid":{"rendered":"https:\/\/www.oaxaca.gob.mx\/comunicacion\/?page_id=148331"},"modified":"2025-04-04T12:57:35","modified_gmt":"2025-04-04T18:57:35","slug":"inventarios-documentales","status":"publish","type":"page","link":"https:\/\/www.oaxaca.gob.mx\/comunicacion\/inventarios-documentales\/","title":{"rendered":"Inventarios Documentales"},"content":{"rendered":"<div class=\"su-tabs su-tabs-style-default su-tabs-mobile-stack\" data-active=\"2\" data-scroll-offset=\"0\" data-anchor-in-url=\"no\"><div class=\"su-tabs-nav\"><span class=\"\" data-url=\"\" data-target=\"blank\" tabindex=\"0\" role=\"button\">Inventarios Documentales<\/span><\/div><div class=\"su-tabs-panes\"><div class=\"su-tabs-pane su-u-clearfix su-u-trim\" data-title=\"Inventarios Documentales\">\n\n<p>INVENTARIOS DEL ARCHIVO DE TRAMITE <\/p>\n<p><a href=\"https:\/\/www.oaxaca.gob.mx\/comunicacion\/wp-content\/uploads\/sites\/28\/2024\/07\/INVENTARIO-DEl-ARCHIVO-DE-TRAMITE-DE-LA-DIRECCION-ADMINISTRATIVA.pdf\">INVENTARIO DEL ARCHIVO DE TR\u00c1MITE DE LA DIRECCI\u00d3N ADMINISTRATIVA<\/a><\/p>\n<p><a href=\"https:\/\/www.oaxaca.gob.mx\/comunicacion\/wp-content\/uploads\/sites\/28\/2024\/07\/INVENTARIO-DEL-ARCHIVO-DE-TRAMITE-DEL-DEPARTAMENTO-DE-PAUTAS-INSTITUCIONES.pdf\">INVENTARIO DEL ARCHIVO DE TR\u00c1MITE DEL DEPARTAMENTO DE PAUTAS INSTITUCIONES<\/a><\/p>\n<p><a href=\"https:\/\/www.oaxaca.gob.mx\/comunicacion\/wp-content\/uploads\/sites\/28\/2024\/07\/INVENTARIO-DEL-ARCHIVO-DE-TRAMITE-DEL-DEPARTAMENTO-DE-RECURSOS-FINANCIEROS.pdf\">INVENTARIO DEL ARCHIVO DE TR\u00c1MITE DEL DEPARTAMENTO DE RECURSOS FINANCIEROS<\/a><\/p>\n<p><a href=\"https:\/\/www.oaxaca.gob.mx\/comunicacion\/wp-content\/uploads\/sites\/28\/2024\/07\/INVENTARIO-DEL-ARCHIVO-DE-TRAMITE-DEL-DEPARTAMENTO-DE-RECURSOS-MATERIALES-Y-SERVICIOS-GENERALES.pdf\">INVENTARIO DEL ARCHIVO DE TR\u00c1MITE DEL DEPARTAMENTO DE RECURSOS MATERIALES Y SERVICIOS GENERALES<\/a><\/p>\n<p><a href=\"https:\/\/www.oaxaca.gob.mx\/comunicacion\/wp-content\/uploads\/sites\/28\/2024\/07\/INVENTARIO-DEL-ARCHIVO-DE-TRAMITE-DEL-DEPARTAMENTO-JURIDICO.pdf\">INVENTARIO DEL ARCHIVO DE TRAMITE DEL DEPARTAMENTO JUR\u00cdDICO<\/a><\/p>\n<p><a href=\"https:\/\/www.oaxaca.gob.mx\/comunicacion\/wp-content\/uploads\/sites\/28\/2024\/07\/INVENTARIO-DE-ARCHIVO-DE-TRAMITE-DEPARTAMENTO-DE-RECURSOS-HUMANOS.pdf\">INVENTARIO DE ARCHIVO DE TRAMITE DEPARTAMENTO DE RECURSOS HUMANOS<\/a><\/p>\n<p>INVENTARIO DE TRANSFERENCIA PRIMARIA<\/p>\n<p><a href=\"https:\/\/www.oaxaca.gob.mx\/comunicacion\/wp-content\/uploads\/sites\/28\/2024\/07\/INVENTARIO-DE-TRANSFERENCIA-PRIMARIA-DEL-DEPARTAMENTO-DE-INFORMATICA-Y-TECNOLOGIA.pdf\">INVENTARIO DE TRANSFERENCIA PRIMARIA DEL DEPARTAMENTO DE INFORM\u00c1TICA Y TECNOLOG\u00cdA<\/a><\/p>\n<p><a href=\"https:\/\/www.oaxaca.gob.mx\/comunicacion\/wp-content\/uploads\/sites\/28\/2025\/04\/INVENTARIO-DE-TRANSFERENCIA-PRIMARIA-DEL-DEPARTAMENTO-DE-RECURSOS-FINANCIEROS-2.pdf\">INVENTARIO DE TRANSFERENCIA PRIMARIA DEL DEPARTAMENTO DE RECURSOS FINANCIEROS<\/a><\/p>\n<p><a href=\"https:\/\/www.oaxaca.gob.mx\/comunicacion\/wp-content\/uploads\/sites\/28\/2025\/04\/INVENTARIO-DE-TRANSFERENCIA-PRIMARIA-DEL-DEPARTAMENTO-DE-RECURSOS-HUMANOS.pdf\">INVENTARIO DE TRANSFERENCIA PRIMARIA DEL DEPARTAMENTO DE RECURSOS HUMANOS<\/a><\/p>\n<p><a href=\"https:\/\/www.oaxaca.gob.mx\/comunicacion\/wp-content\/uploads\/sites\/28\/2025\/04\/INVENTARIO-DE-TRANSFERENCIA-PRIMARIA-DEL-DEPARTAMENTO-DE-RECURSOS-MATERIALES-Y-SERVICIOS-GENERALES.pdf\">INVENTARIO DE TRANSFERENCIA PRIMARIA DEL DEPARTAMENTO DE RECURSOS MATERIALES Y SERVICIOS GENERALES<\/a><\/p>\n<p>INVENTARIO DEL ARCHIVO DE CONCENTRACI\u00d3N<\/p>\n<p><a href=\"https:\/\/www.oaxaca.gob.mx\/comunicacion\/wp-content\/uploads\/sites\/28\/2024\/07\/INVENTARIO-DE-ARCHIVO-DE-CONCENTRACION-DEL-DEPARTAMENTO-DE-INFORMATICA-Y-TECNOLOGIA.pdf\">INVENTARIO DE ARCHIVO DE CONCENTRACI\u00d3N DEL DEPARTAMENTO DE INFORM\u00c1TICA Y TECNOLOG\u00cdA<\/a><\/p>\n<p><a href=\"https:\/\/www.oaxaca.gob.mx\/comunicacion\/wp-content\/uploads\/sites\/28\/2025\/04\/INVENTARIO-DEL-ARCHIVO-DE-CONCENTRACION-DEL-DEPARTAMENTO-DE-RECURSOS-FINANCIEROS.pdf\">INVENTARIO DEL ARCHIVO DE CONCENTRACION DEL DEPARTAMENTO DE RECURSOS FINANCIEROS<\/a><\/p>\n<p><a href=\"https:\/\/www.oaxaca.gob.mx\/comunicacion\/wp-content\/uploads\/sites\/28\/2025\/04\/INVENTARIO-DEL-ARCHIVO-DE-CONCENTRACION-DEL-DEPARTAMENTO-DE-RECURSOS-HUMANOS.pdf\">INVENTARIO DEL ARCHIVO DE CONCENTRACION DEL DEPARTAMENTO DE RECURSOS HUMANOS<\/a><\/p>\n<p><a href=\"https:\/\/www.oaxaca.gob.mx\/comunicacion\/wp-content\/uploads\/sites\/28\/2025\/04\/INVENTARIO-DEL-ARCHIVO-DE-CONCENTRACION-DEL-DEPARTAMENTO-DE-RECURSOS-MATERIALES-Y-SERVICIOS-GENERALES.pdf\">INVENTARIO DEL ARCHIVO DE CONCENTRACION DEL DEPARTAMENTO DE RECURSOS MATERIALES Y SERVICIOS GENERALES<\/a><\/p>\n<\/div><\/div><\/div>\n","protected":false},"excerpt":{"rendered":"","protected":false},"author":29,"featured_media":0,"parent":0,"menu_order":0,"comment_status":"closed","ping_status":"closed","template":"","meta":{"episode_type":"","audio_file":"","podmotor_file_id":"","podmotor_episode_id":"","cover_image":"","cover_image_id":"","duration":"","filesize":"","filesize_raw":"","date_recorded":"","explicit":"","block":"","itunes_episode_number":"","itunes_title":"","itunes_season_number":"","itunes_episode_type":"","footnotes":""},"categories":[],"tags":[],"class_list":["post-148331","page","type-page","status-publish","hentry"],"acf":[],"publishpress_future_action":{"enabled":false,"date":"2026-04-14 23:02:01","action":"change-status","newStatus":"draft","terms":[],"taxonomy":"category","extraData":[]},"publishpress_future_workflow_manual_trigger":{"enabledWorkflows":[]},"_links":{"self":[{"href":"https:\/\/www.oaxaca.gob.mx\/comunicacion\/wp-json\/wp\/v2\/pages\/148331","targetHints":{"allow":["GET"]}}],"collection":[{"href":"https:\/\/www.oaxaca.gob.mx\/comunicacion\/wp-json\/wp\/v2\/pages"}],"about":[{"href":"https:\/\/www.oaxaca.gob.mx\/comunicacion\/wp-json\/wp\/v2\/types\/page"}],"author":[{"embeddable":true,"href":"https:\/\/www.oaxaca.gob.mx\/comunicacion\/wp-json\/wp\/v2\/users\/29"}],"replies":[{"embeddable":true,"href":"https:\/\/www.oaxaca.gob.mx\/comunicacion\/wp-json\/wp\/v2\/comments?post=148331"}],"version-history":[{"count":2,"href":"https:\/\/www.oaxaca.gob.mx\/comunicacion\/wp-json\/wp\/v2\/pages\/148331\/revisions"}],"predecessor-version":[{"id":150883,"href":"https:\/\/www.oaxaca.gob.mx\/comunicacion\/wp-json\/wp\/v2\/pages\/148331\/revisions\/150883"}],"wp:attachment":[{"href":"https:\/\/www.oaxaca.gob.mx\/comunicacion\/wp-json\/wp\/v2\/media?parent=148331"}],"wp:term":[{"taxonomy":"category","embeddable":true,"href":"https:\/\/www.oaxaca.gob.mx\/comunicacion\/wp-json\/wp\/v2\/categories?post=148331"},{"taxonomy":"post_tag","embeddable":true,"href":"https:\/\/www.oaxaca.gob.mx\/comunicacion\/wp-json\/wp\/v2\/tags?post=148331"}],"curies":[{"name":"wp","href":"https:\/\/api.w.org\/{rel}","templated":true}]}}