{"id":139810,"date":"2024-11-11T11:07:02","date_gmt":"2024-11-11T17:07:02","guid":{"rendered":"https:\/\/www.oaxaca.gob.mx\/comunicacion\/?page_id=139810"},"modified":"2025-05-26T15:04:38","modified_gmt":"2025-05-26T21:04:38","slug":"plan-institucional-de-tecnologias","status":"publish","type":"page","link":"https:\/\/www.oaxaca.gob.mx\/comunicacion\/plan-institucional-de-tecnologias\/","title":{"rendered":"Plan Institucional de Tecnolog\u00edas"},"content":{"rendered":"<p><a href=\"https:\/\/www.oaxaca.gob.mx\/comunicacion\/wp-content\/uploads\/sites\/28\/2025\/05\/PLAN-INSTITUCIONAL-DE-TECNOLOGIAS-DE-LA-COORDINACION-DE-COMUNICACION-SOCIAL-25.pdf\">PLAN INSTITUCIONAL DE TECNOLOGIAS DE LA INFORMACI\u00d3N Y COMUNICACI\u00d3N DE LA COORDINACI\u00d3N DE COMUNICACI\u00d3N SOCIAL 2025.<\/a><\/p>\n","protected":false},"excerpt":{"rendered":"<p>PLAN INSTITUCIONAL DE TECNOLOGIAS DE LA INFORMACI\u00d3N Y COMUNICACI\u00d3N DE LA COORDINACI\u00d3N DE COMUNICACI\u00d3N SOCIAL 2025.<\/p>\n","protected":false},"author":29,"featured_media":0,"parent":0,"menu_order":0,"comment_status":"closed","ping_status":"closed","template":"","meta":{"episode_type":"","audio_file":"","podmotor_file_id":"","podmotor_episode_id":"","cover_image":"","cover_image_id":"","duration":"","filesize":"","filesize_raw":"","date_recorded":"","explicit":"","block":"","itunes_episode_number":"","itunes_title":"","itunes_season_number":"","itunes_episode_type":"","footnotes":""},"categories":[],"tags":[],"class_list":["post-139810","page","type-page","status-publish","hentry"],"acf":[],"publishpress_future_action":{"enabled":false,"date":"2026-05-06 19:19:27","action":"change-status","newStatus":"draft","terms":[],"taxonomy":"category","extraData":[]},"publishpress_future_workflow_manual_trigger":{"enabledWorkflows":[]},"_links":{"self":[{"href":"https:\/\/www.oaxaca.gob.mx\/comunicacion\/wp-json\/wp\/v2\/pages\/139810","targetHints":{"allow":["GET"]}}],"collection":[{"href":"https:\/\/www.oaxaca.gob.mx\/comunicacion\/wp-json\/wp\/v2\/pages"}],"about":[{"href":"https:\/\/www.oaxaca.gob.mx\/comunicacion\/wp-json\/wp\/v2\/types\/page"}],"author":[{"embeddable":true,"href":"https:\/\/www.oaxaca.gob.mx\/comunicacion\/wp-json\/wp\/v2\/users\/29"}],"replies":[{"embeddable":true,"href":"https:\/\/www.oaxaca.gob.mx\/comunicacion\/wp-json\/wp\/v2\/comments?post=139810"}],"version-history":[{"count":2,"href":"https:\/\/www.oaxaca.gob.mx\/comunicacion\/wp-json\/wp\/v2\/pages\/139810\/revisions"}],"predecessor-version":[{"id":155674,"href":"https:\/\/www.oaxaca.gob.mx\/comunicacion\/wp-json\/wp\/v2\/pages\/139810\/revisions\/155674"}],"wp:attachment":[{"href":"https:\/\/www.oaxaca.gob.mx\/comunicacion\/wp-json\/wp\/v2\/media?parent=139810"}],"wp:term":[{"taxonomy":"category","embeddable":true,"href":"https:\/\/www.oaxaca.gob.mx\/comunicacion\/wp-json\/wp\/v2\/categories?post=139810"},{"taxonomy":"post_tag","embeddable":true,"href":"https:\/\/www.oaxaca.gob.mx\/comunicacion\/wp-json\/wp\/v2\/tags?post=139810"}],"curies":[{"name":"wp","href":"https:\/\/api.w.org\/{rel}","templated":true}]}}

Plan Institucional de Tecnologías

<p><a href="https://www.oaxaca.gob.mx/comunicacion/wp-content/uploads/sites/28/2025/05/PLAN-INSTITUCIONAL-DE-TECNOLOGIAS-DE-LA-COORDINACION-DE-COMUNICACION-SOCIAL-25.pdf">PLAN INSTITUCIONAL DE TECNOLOGIAS DE LA INFORMACIÓN Y COMUNICACIÓN DE LA COORDINACIÓN DE COMUNICACIÓN SOCIAL 2025.</a></p>

<p>PLAN INSTITUCIONAL DE TECNOLOGIAS DE LA INFORMACIÓN Y COMUNICACIÓN DE LA COORDINACIÓN DE COMUNICACIÓN SOCIAL 2025.</p>
