{"id":473,"date":"2015-09-18T09:41:26","date_gmt":"2015-09-18T15:41:26","guid":{"rendered":"https:\/\/www.oaxaca.gob.mx\/coesida\/?page_id=473"},"modified":"2015-09-18T09:41:26","modified_gmt":"2015-09-18T15:41:26","slug":"asuntos-juridicos-y-eticos","status":"publish","type":"page","link":"https:\/\/www.oaxaca.gob.mx\/coesida\/asuntos-juridicos-y-eticos\/","title":{"rendered":"Objetivo"},"content":{"rendered":"<p>\t\t\t\tEl Departamento Jur\u00eddico del Consejo Estatal para la Prevenci\u00f3n y Control del Sida, tiene a cargo la funci\u00f3n de coordinaci\u00f3n del Comit\u00e9 de Asuntos Jur\u00eddicos y \u00c9ticos que tiene como objetivo promover el respeto de los derechos humanos de las personas que viven con VIH a trav\u00e9s del empoderamiento, informaci\u00f3n y sensibilizaci\u00f3n, buscando una cultura de educaci\u00f3n para la salud y eliminar actitudes discriminatorias. Sus metas son las de impartir capacitaci\u00f3n continua a los representantes del Comit\u00e9 sobre temas del VIH\/Sida y derechos humanos, as\u00ed como la implementaci\u00f3n de diversos talleres y la divulgaci\u00f3n de informaci\u00f3n sobre estos temas, siendo la principal herramienta para lograrlo la colaboraci\u00f3n institucional entre los integrantes de este Comit\u00e9, en materia de asesor\u00eda, canalizaci\u00f3n y atenci\u00f3n jur\u00eddica en diversos \u00e1mbitos.<\/p>\n<p><strong>Fundamento<\/strong><\/p>\n<p>El fundamento de este Comit\u00e9 se desprende del art\u00edculo 1\u00b0 del decreto de creaci\u00f3n del Consejo Estatal para la Prevenci\u00f3n y Control del Sida, que establece que es objeto de este Organismo P\u00fablico Promover y apoyar las acciones del Sector Salud y de los Sectores P\u00fablico y Privado tendientes a combatir el S\u00edndrome de Inmunodeficiencia Adquirida, as\u00ed como impulsar todas las medidas que sean necesarias para lograr tal cometido, as\u00ed mismo el art\u00edculo 3\u00b0 de esta disposici\u00f3n lo faculta para coordinar a las diferentes instituciones involucradas y llevar a cabo la difusi\u00f3n de todos los aspectos relacionados con el VIH\/Sida mediante mecanismos de promoci\u00f3n y educaci\u00f3n para la salud.<\/p>\n<p><strong>Integraci\u00f3n<\/strong><\/p>\n<p>Este Comit\u00e9 se integra de la siguiente manera: Un coordinador que es el Jefe del Departamento Jur\u00eddico del COESIDA y representantes de la Defensor\u00eda de los Derechos Humanos del Pueblo de Oaxaca, de los Servicios de Salud de Oaxaca, de la Delegaci\u00f3n del IMSS, de la Delegaci\u00f3n del ISSSTE, de la Procuradur\u00eda para la Defensa del Menor, la Mujer y la Familia del DIF Estatal, del Instituto Estatal de Educaci\u00f3n P\u00fablica, del Centro de Mediaci\u00f3n Judicial del H. Tribunal Superior de Justicia del Estado y del Centro de Justicia Restaurativa.<\/p>\n<p><strong>Actividades y avances<\/strong><\/p>\n<p>En el a\u00f1o 2011 se convoc\u00f3 y sesion\u00f3 tres veces. En estas reuniones se obtuvieron los siguientes logros:<\/p>\n<ul>\n<li>Implementaci\u00f3n cont\u00ednua de pl\u00e1ticas sobre temas relacionados con VIH\/Sida, estigma, discriminaci\u00f3n, homofobia etc.<\/li>\n<li>12 Canalizaciones a la Defensor\u00eda de los Derechos Humanos del Pueblo de Oaxaca.<\/li>\n<li>01 Canalizaci\u00f3n a la Agencia Especializada sobre Delitos Sexuales.<\/li>\n<li>09 Canalizaciones al Centro de Mediaci\u00f3n Judicial.<\/li>\n<li>03 Canalizaciones a la Procuradur\u00eda para la Defensa del Menor, la Mujer y la Familia.<\/li>\n<li>Entrega de informaci\u00f3n para su difusi\u00f3n al interior de sus instituciones acerca del:<\/li>\n<\/ul>\n<p>\u201cPanorama Epidemiol\u00f3gico del Estado de Oaxaca\u201d.<\/p>\n<p>\u201cInformaci\u00f3n B\u00e1sica sobre ITS y VIH\/Sida\u201d.<\/p>\n<p>Material enviado por la CONAPRED.\t\t\t\t<\/p>\n","protected":false},"excerpt":{"rendered":"<p>El Departamento Jur\u00eddico del Consejo Estatal para la Prevenci\u00f3n y Control del Sida, tiene a cargo la funci\u00f3n de coordinaci\u00f3n del Comit\u00e9 de Asuntos Jur\u00eddicos y \u00c9ticos que tiene como objetivo promover el respeto de los derechos humanos de las personas que viven con VIH a trav\u00e9s del empoderamiento, informaci\u00f3n y sensibilizaci\u00f3n, buscando una cultura [&hellip;]<\/p>\n","protected":false},"author":1,"featured_media":0,"parent":0,"menu_order":0,"comment_status":"closed","ping_status":"closed","template":"","meta":{"episode_type":"","audio_file":"","podmotor_file_id":"","podmotor_episode_id":"","cover_image":"","cover_image_id":"","duration":"","filesize":"","filesize_raw":"","date_recorded":"","explicit":"","block":"","footnotes":""},"categories":[],"tags":[],"class_list":["post-473","page","type-page","status-publish","hentry"],"acf":[],"publishpress_future_action":{"enabled":false,"date":"2026-05-12 15:09:23","action":"change-status","newStatus":"draft","terms":[],"taxonomy":"category","extraData":[]},"publishpress_future_workflow_manual_trigger":{"enabledWorkflows":[]},"_links":{"self":[{"href":"https:\/\/www.oaxaca.gob.mx\/coesida\/wp-json\/wp\/v2\/pages\/473","targetHints":{"allow":["GET"]}}],"collection":[{"href":"https:\/\/www.oaxaca.gob.mx\/coesida\/wp-json\/wp\/v2\/pages"}],"about":[{"href":"https:\/\/www.oaxaca.gob.mx\/coesida\/wp-json\/wp\/v2\/types\/page"}],"author":[{"embeddable":true,"href":"https:\/\/www.oaxaca.gob.mx\/coesida\/wp-json\/wp\/v2\/users\/1"}],"replies":[{"embeddable":true,"href":"https:\/\/www.oaxaca.gob.mx\/coesida\/wp-json\/wp\/v2\/comments?post=473"}],"version-history":[{"count":0,"href":"https:\/\/www.oaxaca.gob.mx\/coesida\/wp-json\/wp\/v2\/pages\/473\/revisions"}],"wp:attachment":[{"href":"https:\/\/www.oaxaca.gob.mx\/coesida\/wp-json\/wp\/v2\/media?parent=473"}],"wp:term":[{"taxonomy":"category","embeddable":true,"href":"https:\/\/www.oaxaca.gob.mx\/coesida\/wp-json\/wp\/v2\/categories?post=473"},{"taxonomy":"post_tag","embeddable":true,"href":"https:\/\/www.oaxaca.gob.mx\/coesida\/wp-json\/wp\/v2\/tags?post=473"}],"curies":[{"name":"wp","href":"https:\/\/api.w.org\/{rel}","templated":true}]}}