{"id":469,"date":"2015-09-18T09:31:07","date_gmt":"2015-09-18T15:31:07","guid":{"rendered":"https:\/\/www.oaxaca.gob.mx\/coesida\/?page_id=469"},"modified":"2015-09-18T09:31:07","modified_gmt":"2015-09-18T15:31:07","slug":"epidemiologia-2","status":"publish","type":"page","link":"https:\/\/www.oaxaca.gob.mx\/coesida\/epidemiologia-2\/","title":{"rendered":"Objetivo"},"content":{"rendered":"<p>\t\t\t\tRealiza el seguimiento de casos y defunciones asociados al Sida de la unidad, as\u00ed como el monitoreo de los pacientes con CV y CD4 en control de la unidad en coordinaci\u00f3n con el \u00e1rea m\u00e9dica; realiza el seguimiento de los comportamientos en los grupos de riesgo; elabora la evaluaci\u00f3n del Panorama Epidemiol\u00f3gico del CAPASITS en coordinaci\u00f3n con el responsable de la unidad; realiza estudios de investigaci\u00f3n epidemiol\u00f3gica con la informaci\u00f3n que se genera en la unidad; participa en los talleres de adherencia, prevenci\u00f3n primaria y prevenci\u00f3n positiva, entre otras actividades.\t\t\t\t<\/p>\n","protected":false},"excerpt":{"rendered":"<p>Realiza el seguimiento de casos y defunciones asociados al Sida de la unidad, as\u00ed como el monitoreo de los pacientes con CV y CD4 en control de la unidad en coordinaci\u00f3n con el \u00e1rea m\u00e9dica; realiza el seguimiento de los comportamientos en los grupos de riesgo; elabora la evaluaci\u00f3n del Panorama Epidemiol\u00f3gico del CAPASITS en [&hellip;]<\/p>\n","protected":false},"author":1,"featured_media":0,"parent":0,"menu_order":0,"comment_status":"closed","ping_status":"closed","template":"","meta":{"episode_type":"","audio_file":"","podmotor_file_id":"","podmotor_episode_id":"","cover_image":"","cover_image_id":"","duration":"","filesize":"","filesize_raw":"","date_recorded":"","explicit":"","block":"","footnotes":""},"categories":[],"tags":[],"class_list":["post-469","page","type-page","status-publish","hentry"],"acf":[],"publishpress_future_action":{"enabled":false,"date":"2026-05-12 12:08:08","action":"change-status","newStatus":"draft","terms":[],"taxonomy":"category","extraData":[]},"publishpress_future_workflow_manual_trigger":{"enabledWorkflows":[]},"_links":{"self":[{"href":"https:\/\/www.oaxaca.gob.mx\/coesida\/wp-json\/wp\/v2\/pages\/469","targetHints":{"allow":["GET"]}}],"collection":[{"href":"https:\/\/www.oaxaca.gob.mx\/coesida\/wp-json\/wp\/v2\/pages"}],"about":[{"href":"https:\/\/www.oaxaca.gob.mx\/coesida\/wp-json\/wp\/v2\/types\/page"}],"author":[{"embeddable":true,"href":"https:\/\/www.oaxaca.gob.mx\/coesida\/wp-json\/wp\/v2\/users\/1"}],"replies":[{"embeddable":true,"href":"https:\/\/www.oaxaca.gob.mx\/coesida\/wp-json\/wp\/v2\/comments?post=469"}],"version-history":[{"count":0,"href":"https:\/\/www.oaxaca.gob.mx\/coesida\/wp-json\/wp\/v2\/pages\/469\/revisions"}],"wp:attachment":[{"href":"https:\/\/www.oaxaca.gob.mx\/coesida\/wp-json\/wp\/v2\/media?parent=469"}],"wp:term":[{"taxonomy":"category","embeddable":true,"href":"https:\/\/www.oaxaca.gob.mx\/coesida\/wp-json\/wp\/v2\/categories?post=469"},{"taxonomy":"post_tag","embeddable":true,"href":"https:\/\/www.oaxaca.gob.mx\/coesida\/wp-json\/wp\/v2\/tags?post=469"}],"curies":[{"name":"wp","href":"https:\/\/api.w.org\/{rel}","templated":true}]}}