{"id":449,"date":"2015-09-18T09:11:25","date_gmt":"2015-09-18T15:11:25","guid":{"rendered":"https:\/\/www.oaxaca.gob.mx\/coesida\/?page_id=449"},"modified":"2015-09-18T09:11:25","modified_gmt":"2015-09-18T15:11:25","slug":"nutricion-2","status":"publish","type":"page","link":"https:\/\/www.oaxaca.gob.mx\/coesida\/nutricion-2\/","title":{"rendered":"Objetivo"},"content":{"rendered":"<p>\t\t\t\tTiene como objetivo proporcionar orientaci\u00f3n nutricional a las personas con VIH\/Sida como apoyo al m\u00e9dico para controlar los des\u00f3rdenes metab\u00f3licos asociados a la infecci\u00f3n por el VIH y a los medicamentos utilizados para su tratamiento. Entre sus funciones se encuentra proporcionar apoyo nutricional a los usuarios con VIH\/Sida; participar en el sistema de informaci\u00f3n en salud; elaborar la historia nutricia a los pacientes que refiera el m\u00e9dico; proporcionar consultas de control y seguimiento a los pacientes que le sean referidos hasta que se resuelva la patolog\u00eda nutricional; valorar el estado nutricio de los usuarios por medio del estudio antropom\u00e9trico, cl\u00ednico y de laboratorio; elaborar el plan de alimentaci\u00f3n \u00fanico para usuarios con VIH\/Sida y vigilar el apego al mismo; entre otras.\t\t\t\t<\/p>\n","protected":false},"excerpt":{"rendered":"<p>Tiene como objetivo proporcionar orientaci\u00f3n nutricional a las personas con VIH\/Sida como apoyo al m\u00e9dico para controlar los des\u00f3rdenes metab\u00f3licos asociados a la infecci\u00f3n por el VIH y a los medicamentos utilizados para su tratamiento. Entre sus funciones se encuentra proporcionar apoyo nutricional a los usuarios con VIH\/Sida; participar en el sistema de informaci\u00f3n en [&hellip;]<\/p>\n","protected":false},"author":1,"featured_media":0,"parent":0,"menu_order":0,"comment_status":"closed","ping_status":"closed","template":"","meta":{"episode_type":"","audio_file":"","podmotor_file_id":"","podmotor_episode_id":"","cover_image":"","cover_image_id":"","duration":"","filesize":"","filesize_raw":"","date_recorded":"","explicit":"","block":"","footnotes":""},"categories":[],"tags":[],"class_list":["post-449","page","type-page","status-publish","hentry"],"acf":[],"publishpress_future_action":{"enabled":false,"date":"2026-05-12 12:07:30","action":"change-status","newStatus":"draft","terms":[],"taxonomy":"category","extraData":[]},"publishpress_future_workflow_manual_trigger":{"enabledWorkflows":[]},"_links":{"self":[{"href":"https:\/\/www.oaxaca.gob.mx\/coesida\/wp-json\/wp\/v2\/pages\/449","targetHints":{"allow":["GET"]}}],"collection":[{"href":"https:\/\/www.oaxaca.gob.mx\/coesida\/wp-json\/wp\/v2\/pages"}],"about":[{"href":"https:\/\/www.oaxaca.gob.mx\/coesida\/wp-json\/wp\/v2\/types\/page"}],"author":[{"embeddable":true,"href":"https:\/\/www.oaxaca.gob.mx\/coesida\/wp-json\/wp\/v2\/users\/1"}],"replies":[{"embeddable":true,"href":"https:\/\/www.oaxaca.gob.mx\/coesida\/wp-json\/wp\/v2\/comments?post=449"}],"version-history":[{"count":0,"href":"https:\/\/www.oaxaca.gob.mx\/coesida\/wp-json\/wp\/v2\/pages\/449\/revisions"}],"wp:attachment":[{"href":"https:\/\/www.oaxaca.gob.mx\/coesida\/wp-json\/wp\/v2\/media?parent=449"}],"wp:term":[{"taxonomy":"category","embeddable":true,"href":"https:\/\/www.oaxaca.gob.mx\/coesida\/wp-json\/wp\/v2\/categories?post=449"},{"taxonomy":"post_tag","embeddable":true,"href":"https:\/\/www.oaxaca.gob.mx\/coesida\/wp-json\/wp\/v2\/tags?post=449"}],"curies":[{"name":"wp","href":"https:\/\/api.w.org\/{rel}","templated":true}]}}