{"id":420,"date":"2015-09-18T08:40:20","date_gmt":"2015-09-18T14:40:20","guid":{"rendered":"https:\/\/www.oaxaca.gob.mx\/coesida\/?page_id=420"},"modified":"2015-09-18T08:40:20","modified_gmt":"2015-09-18T14:40:20","slug":"departamento-de-difusion","status":"publish","type":"page","link":"https:\/\/www.oaxaca.gob.mx\/coesida\/departamento-de-difusion\/","title":{"rendered":"Objetivo"},"content":{"rendered":"<p>\t\t\t\tEl Departamento de Difusi\u00f3n tiene como objetivo operar un sistema de informaci\u00f3n, orientado a difundir en diferentes medios de comunicaci\u00f3n medidas de prevenci\u00f3n del VIH\/Sida e ITS, desarrollo de programas, prestaci\u00f3n de servicios y actividades ejecutadas por el COESIDA-CAPASITS Oaxaca.\t\t\t\t<\/p>\n","protected":false},"excerpt":{"rendered":"<p>El Departamento de Difusi\u00f3n tiene como objetivo operar un sistema de informaci\u00f3n, orientado a difundir en diferentes medios de comunicaci\u00f3n medidas de prevenci\u00f3n del VIH\/Sida e ITS, desarrollo de programas, prestaci\u00f3n de servicios y actividades ejecutadas por el COESIDA-CAPASITS Oaxaca.<\/p>\n","protected":false},"author":1,"featured_media":0,"parent":0,"menu_order":0,"comment_status":"closed","ping_status":"closed","template":"","meta":{"episode_type":"","audio_file":"","podmotor_file_id":"","podmotor_episode_id":"","cover_image":"","cover_image_id":"","duration":"","filesize":"","filesize_raw":"","date_recorded":"","explicit":"","block":"","footnotes":""},"categories":[],"tags":[],"class_list":["post-420","page","type-page","status-publish","hentry"],"acf":[],"publishpress_future_action":{"enabled":false,"date":"2026-05-12 13:41:20","action":"change-status","newStatus":"draft","terms":[],"taxonomy":"category","extraData":[]},"publishpress_future_workflow_manual_trigger":{"enabledWorkflows":[]},"_links":{"self":[{"href":"https:\/\/www.oaxaca.gob.mx\/coesida\/wp-json\/wp\/v2\/pages\/420","targetHints":{"allow":["GET"]}}],"collection":[{"href":"https:\/\/www.oaxaca.gob.mx\/coesida\/wp-json\/wp\/v2\/pages"}],"about":[{"href":"https:\/\/www.oaxaca.gob.mx\/coesida\/wp-json\/wp\/v2\/types\/page"}],"author":[{"embeddable":true,"href":"https:\/\/www.oaxaca.gob.mx\/coesida\/wp-json\/wp\/v2\/users\/1"}],"replies":[{"embeddable":true,"href":"https:\/\/www.oaxaca.gob.mx\/coesida\/wp-json\/wp\/v2\/comments?post=420"}],"version-history":[{"count":0,"href":"https:\/\/www.oaxaca.gob.mx\/coesida\/wp-json\/wp\/v2\/pages\/420\/revisions"}],"wp:attachment":[{"href":"https:\/\/www.oaxaca.gob.mx\/coesida\/wp-json\/wp\/v2\/media?parent=420"}],"wp:term":[{"taxonomy":"category","embeddable":true,"href":"https:\/\/www.oaxaca.gob.mx\/coesida\/wp-json\/wp\/v2\/categories?post=420"},{"taxonomy":"post_tag","embeddable":true,"href":"https:\/\/www.oaxaca.gob.mx\/coesida\/wp-json\/wp\/v2\/tags?post=420"}],"curies":[{"name":"wp","href":"https:\/\/api.w.org\/{rel}","templated":true}]}}