{"id":38,"date":"2015-09-03T14:30:21","date_gmt":"2015-09-03T20:30:21","guid":{"rendered":"https:\/\/www.oaxaca.gob.mx\/coesida\/?page_id=38"},"modified":"2015-09-03T14:30:21","modified_gmt":"2015-09-03T20:30:21","slug":"breve-historia","status":"publish","type":"page","link":"https:\/\/www.oaxaca.gob.mx\/coesida\/breve-historia\/","title":{"rendered":"Breve historia"},"content":{"rendered":"<p style=\"text-align: justify\"><strong>1989<\/strong><\/p>\n<p style=\"text-align: justify\">En enero de 1989 se forma el Comit\u00e9 Estatal para la Prevenci\u00f3n y Control del sida preservando las siglas Coesida como un Organismo coordinador de los esfuerzos que desarrollan para disminuir la infecci\u00f3n por el VIH y sida en la poblaci\u00f3n las diversas Instituciones del Sector Salud, otras Instituciones Gubernamentales como la Cruz Roja Mexicana, Universidades, Tecnol\u00f3gicos y Asociaciones Civiles.<\/p>\n<p style=\"text-align: justify\"><strong>1992<\/strong><\/p>\n<p style=\"text-align: justify\">En abril de 1992 con el apoyo del H. Ayuntamiento de la Ciudad de Oaxaca se forma el Frente Com\u00fan Contra el sida como un Organismo integrado a las actividades de prevenci\u00f3n e informaci\u00f3n del Comit\u00e9 Estatal (Coesida).<\/p>\n<p style=\"text-align: justify\"><strong>1993<\/strong><\/p>\n<p style=\"text-align: justify\">En agosto de 1993 mediante acta constitutiva y con la participaci\u00f3n del Gobierno del Estado, a este Comit\u00e9 se le da la categor\u00eda de Consejo Estatal para la Prevenci\u00f3n y Control del sida.<\/p>\n<p style=\"text-align: justify\"><strong>1994<\/strong><\/p>\n<p style=\"text-align: justify\">El primero de marzo de 1994 las Autoridades Gubernamentales Estatales mediante un acuerdo de coordinaci\u00f3n intersectorial celebrado con Instituciones y Organismos del Sector P\u00fablico y Privado del Estado crean el Consejo Estatal para la Prevenci\u00f3n y Control del sida.<\/p>\n<p style=\"text-align: justify\"><strong>1998<\/strong><\/p>\n<p style=\"text-align: justify\">Por Decreto Ejecutivo fechado el d\u00eda 2 de junio de 1998 publicado en el ejemplar n\u00famero 27 del Peri\u00f3dico Oficial del Gobierno del Estado el 4 de julio del mismo a\u00f1o, se crea el Organismo P\u00fablico Descentralizado denominado \u00abConsejo Estatal para la Prevenci\u00f3n y Control del sida\u00bb.<\/p>\n<p style=\"text-align: justify\"><strong>2000<\/strong><\/p>\n<p style=\"text-align: justify\">En junio de 2000, mediante el Convenio celebrado con los Servicios de Salud de Oaxaca y el Consejo Estatal para la Prevenci\u00f3n y Control del sida, se brinda un Servicio Especializado de Atenci\u00f3n Integral (SEAI) a personas que viven con VIH y sida, por lo que se unen recursos humanos, materiales y financieros para su funcionamiento.<\/p>\n<p style=\"text-align: justify\"><strong>2003<\/strong><\/p>\n<p style=\"text-align: justify\">A nivel nacional se constituyen los CAPASITS, esto como respuesta a la necesidad de garantizar un trato adecuado, abatir las desigualdades en la atenci\u00f3n m\u00e9dica y mejorar las condiciones de salud de las personas que viven con VIH o sida, por tal motivo se conforma el CAPASITS OAXACA, que es el Centro Ambulatorio para la Prevenci\u00f3n y Atenci\u00f3n del sida e Infecciones de Transmisi\u00f3n Sexual como una unidad operativa de las pol\u00edticas p\u00fablicas, programas de prevenci\u00f3n, atenci\u00f3n m\u00e9dica, promoci\u00f3n social, ejecuci\u00f3n de recursos y vigilancia epidemiol\u00f3gica del VIH e ITS, que ofrece promoci\u00f3n de la salud sexual, mejora el acceso a los servicios ofreciendo atenci\u00f3n integral a las personas que viven con VIH e ITS, mismos que conllevan la necesidad de incluir aspectos psicol\u00f3gicos, sociales, culturales y \u00e9tnicos, dicho centro se encuentra ubicado en el Municipio de San Bartolo Coyotepec, Oaxaca; de igual manera, los Servicios de Salud de Oaxaca y el Coesida, contin\u00faan uniendo recursos humanos, materiales y financieros para un excelente funcionamiento.<\/p>\n","protected":false},"excerpt":{"rendered":"<p>1989 En enero de 1989 se forma el Comit\u00e9 Estatal para la Prevenci\u00f3n y Control del sida preservando las siglas Coesida como un Organismo coordinador de los esfuerzos que desarrollan para disminuir la infecci\u00f3n por el VIH y sida en la poblaci\u00f3n las diversas Instituciones del Sector Salud, otras Instituciones Gubernamentales como la Cruz Roja [&hellip;]<\/p>\n","protected":false},"author":1,"featured_media":0,"parent":0,"menu_order":0,"comment_status":"closed","ping_status":"closed","template":"","meta":{"episode_type":"","audio_file":"","podmotor_file_id":"","podmotor_episode_id":"","cover_image":"","cover_image_id":"","duration":"","filesize":"","filesize_raw":"","date_recorded":"","explicit":"","block":"","footnotes":""},"categories":[],"tags":[],"class_list":["post-38","page","type-page","status-publish","hentry"],"acf":[],"publishpress_future_action":{"enabled":false,"date":"2026-05-06 13:51:43","action":"change-status","newStatus":"draft","terms":[],"taxonomy":"category","extraData":[]},"publishpress_future_workflow_manual_trigger":{"enabledWorkflows":[]},"_links":{"self":[{"href":"https:\/\/www.oaxaca.gob.mx\/coesida\/wp-json\/wp\/v2\/pages\/38","targetHints":{"allow":["GET"]}}],"collection":[{"href":"https:\/\/www.oaxaca.gob.mx\/coesida\/wp-json\/wp\/v2\/pages"}],"about":[{"href":"https:\/\/www.oaxaca.gob.mx\/coesida\/wp-json\/wp\/v2\/types\/page"}],"author":[{"embeddable":true,"href":"https:\/\/www.oaxaca.gob.mx\/coesida\/wp-json\/wp\/v2\/users\/1"}],"replies":[{"embeddable":true,"href":"https:\/\/www.oaxaca.gob.mx\/coesida\/wp-json\/wp\/v2\/comments?post=38"}],"version-history":[{"count":0,"href":"https:\/\/www.oaxaca.gob.mx\/coesida\/wp-json\/wp\/v2\/pages\/38\/revisions"}],"wp:attachment":[{"href":"https:\/\/www.oaxaca.gob.mx\/coesida\/wp-json\/wp\/v2\/media?parent=38"}],"wp:term":[{"taxonomy":"category","embeddable":true,"href":"https:\/\/www.oaxaca.gob.mx\/coesida\/wp-json\/wp\/v2\/categories?post=38"},{"taxonomy":"post_tag","embeddable":true,"href":"https:\/\/www.oaxaca.gob.mx\/coesida\/wp-json\/wp\/v2\/tags?post=38"}],"curies":[{"name":"wp","href":"https:\/\/api.w.org\/{rel}","templated":true}]}}

<p style="text-align: justify"><strong>1989</strong></p>
<p style="text-align: justify">En enero de 1989 se forma el Comité Estatal para la Prevención y Control del sida preservando las siglas Coesida como un Organismo coordinador de los esfuerzos que desarrollan para disminuir la infección por el VIH y sida en la población las diversas Instituciones del Sector Salud, otras Instituciones Gubernamentales como la Cruz Roja Mexicana, Universidades, Tecnológicos y Asociaciones Civiles.</p>
<p style="text-align: justify"><strong>1992</strong></p>
<p style="text-align: justify">En abril de 1992 con el apoyo del H. Ayuntamiento de la Ciudad de Oaxaca se forma el Frente Común Contra el sida como un Organismo integrado a las actividades de prevención e información del Comité Estatal (Coesida).</p>
<p style="text-align: justify"><strong>1993</strong></p>
<p style="text-align: justify">En agosto de 1993 mediante acta constitutiva y con la participación del Gobierno del Estado, a este Comité se le da la categoría de Consejo Estatal para la Prevención y Control del sida.</p>
<p style="text-align: justify"><strong>1994</strong></p>
<p style="text-align: justify">El primero de marzo de 1994 las Autoridades Gubernamentales Estatales mediante un acuerdo de coordinación intersectorial celebrado con Instituciones y Organismos del Sector Público y Privado del Estado crean el Consejo Estatal para la Prevención y Control del sida.</p>
<p style="text-align: justify"><strong>1998</strong></p>
<p style="text-align: justify">Por Decreto Ejecutivo fechado el día 2 de junio de 1998 publicado en el ejemplar número 27 del Periódico Oficial del Gobierno del Estado el 4 de julio del mismo año, se crea el Organismo Público Descentralizado denominado «Consejo Estatal para la Prevención y Control del sida».</p>
<p style="text-align: justify"><strong>2000</strong></p>
<p style="text-align: justify">En junio de 2000, mediante el Convenio celebrado con los Servicios de Salud de Oaxaca y el Consejo Estatal para la Prevención y Control del sida, se brinda un Servicio Especializado de Atención Integral (SEAI) a personas que viven con VIH y sida, por lo que se unen recursos humanos, materiales y financieros para su funcionamiento.</p>
<p style="text-align: justify"><strong>2003</strong></p>
<p style="text-align: justify">A nivel nacional se constituyen los CAPASITS, esto como respuesta a la necesidad de garantizar un trato adecuado, abatir las desigualdades en la atención médica y mejorar las condiciones de salud de las personas que viven con VIH o sida, por tal motivo se conforma el CAPASITS OAXACA, que es el Centro Ambulatorio para la Prevención y Atención del sida e Infecciones de Transmisión Sexual como una unidad operativa de las políticas públicas, programas de prevención, atención médica, promoción social, ejecución de recursos y vigilancia epidemiológica del VIH e ITS, que ofrece promoción de la salud sexual, mejora el acceso a los servicios ofreciendo atención integral a las personas que viven con VIH e ITS, mismos que conllevan la necesidad de incluir aspectos psicológicos, sociales, culturales y étnicos, dicho centro se encuentra ubicado en el Municipio de San Bartolo Coyotepec, Oaxaca; de igual manera, los Servicios de Salud de Oaxaca y el Coesida, continúan uniendo recursos humanos, materiales y financieros para un excelente funcionamiento.</p>

<p>1989 En enero de 1989 se forma el Comité Estatal para la Prevención y Control del sida preservando las siglas Coesida como un Organismo coordinador de los esfuerzos que desarrollan para disminuir la infección por el VIH y sida en la población las diversas Instituciones del Sector Salud, otras Instituciones Gubernamentales como la Cruz Roja [&hellip;]</p>
