{"id":202,"date":"2015-09-14T10:43:04","date_gmt":"2015-09-14T16:43:04","guid":{"rendered":"https:\/\/www.oaxaca.gob.mx\/coesida\/?page_id=202"},"modified":"2015-09-14T10:43:04","modified_gmt":"2015-09-14T16:43:04","slug":"programas-de-capacitacion","status":"publish","type":"page","link":"https:\/\/www.oaxaca.gob.mx\/coesida\/programas-de-capacitacion\/","title":{"rendered":"Programas de Capacitaci\u00f3n"},"content":{"rendered":"<p>\t\t\t\tEl COESIDA\u00a0contribuye a la disminuci\u00f3n de la incidencia de la infecci\u00f3n por el VIH e ITS en la poblaci\u00f3n del Estado a\u00a0trav\u00e9s de los siguientes\u00a0programas de Capacitaci\u00f3n:<\/p>\n<ul class=\"listas-geo\">\n<li><a href=\"\/coesida\/poblacion-abierta\/\">Poblaci\u00f3n abierta<\/a><\/li>\n<li><a href=\"\/coesida\/universida\/\">UniverSida<\/a><\/li>\n<li><a href=\"\/coesida\/jovenes\/\">J\u00f3venes<\/a><\/li>\n<li><a href=\"\/coesida\/poblacion-movil-y-migrante\/\">Poblaci\u00f3n M\u00f3vil y Migrante<\/a><\/li>\n<li><a href=\"\/coesida\/mujer-y-sida\/\">Mujer y sida<\/a><\/li>\n<li><a href=\"\/coesida\/varones-que-tienen-sexo-con-otros-varones\/\">Varones que tienen Sexo con otros Varones<\/a><\/li>\n<li><a href=\"\/coesida\/actualizacion-a-trabajadores-de-la-salud\/\">Actualizaci\u00f3n a Trabajadores de la Salud<\/a><\/li>\n<\/ul>\n","protected":false},"excerpt":{"rendered":"<p>El COESIDA\u00a0contribuye a la disminuci\u00f3n de la incidencia de la infecci\u00f3n por el VIH e ITS en la poblaci\u00f3n del Estado a\u00a0trav\u00e9s de los siguientes\u00a0programas de Capacitaci\u00f3n: Poblaci\u00f3n abierta UniverSida J\u00f3venes Poblaci\u00f3n M\u00f3vil y Migrante Mujer y sida Varones que tienen Sexo con otros Varones Actualizaci\u00f3n a Trabajadores de la Salud<\/p>\n","protected":false},"author":1,"featured_media":0,"parent":0,"menu_order":0,"comment_status":"closed","ping_status":"closed","template":"","meta":{"episode_type":"","audio_file":"","podmotor_file_id":"","podmotor_episode_id":"","cover_image":"","cover_image_id":"","duration":"","filesize":"","filesize_raw":"","date_recorded":"","explicit":"","block":"","footnotes":""},"categories":[],"tags":[],"class_list":["post-202","page","type-page","status-publish","hentry"],"acf":[],"publishpress_future_action":{"enabled":false,"date":"2026-05-12 15:04:45","action":"change-status","newStatus":"draft","terms":[],"taxonomy":"category","extraData":[]},"publishpress_future_workflow_manual_trigger":{"enabledWorkflows":[]},"_links":{"self":[{"href":"https:\/\/www.oaxaca.gob.mx\/coesida\/wp-json\/wp\/v2\/pages\/202","targetHints":{"allow":["GET"]}}],"collection":[{"href":"https:\/\/www.oaxaca.gob.mx\/coesida\/wp-json\/wp\/v2\/pages"}],"about":[{"href":"https:\/\/www.oaxaca.gob.mx\/coesida\/wp-json\/wp\/v2\/types\/page"}],"author":[{"embeddable":true,"href":"https:\/\/www.oaxaca.gob.mx\/coesida\/wp-json\/wp\/v2\/users\/1"}],"replies":[{"embeddable":true,"href":"https:\/\/www.oaxaca.gob.mx\/coesida\/wp-json\/wp\/v2\/comments?post=202"}],"version-history":[{"count":0,"href":"https:\/\/www.oaxaca.gob.mx\/coesida\/wp-json\/wp\/v2\/pages\/202\/revisions"}],"wp:attachment":[{"href":"https:\/\/www.oaxaca.gob.mx\/coesida\/wp-json\/wp\/v2\/media?parent=202"}],"wp:term":[{"taxonomy":"category","embeddable":true,"href":"https:\/\/www.oaxaca.gob.mx\/coesida\/wp-json\/wp\/v2\/categories?post=202"},{"taxonomy":"post_tag","embeddable":true,"href":"https:\/\/www.oaxaca.gob.mx\/coesida\/wp-json\/wp\/v2\/tags?post=202"}],"curies":[{"name":"wp","href":"https:\/\/api.w.org\/{rel}","templated":true}]}}