{"id":194,"date":"2015-09-14T10:27:01","date_gmt":"2015-09-14T16:27:01","guid":{"rendered":"https:\/\/www.oaxaca.gob.mx\/coesida\/?page_id=194"},"modified":"2015-09-14T10:27:01","modified_gmt":"2015-09-14T16:27:01","slug":"poblacion-movil-y-migrante","status":"publish","type":"page","link":"https:\/\/www.oaxaca.gob.mx\/coesida\/poblacion-movil-y-migrante\/","title":{"rendered":"Poblaci\u00f3n M\u00f3vil y Migrante"},"content":{"rendered":"<p>\t\t\t\tNunca como ahora, la humanidad se moviliza con tanta frecuencia y velocidad, y a tan variadas distancias, de un continente a otro, de una regi\u00f3n continental a otra y al interior de un mismo pa\u00eds. Ese flujo constante y en ocasiones masivo, es un factor determinante en la diseminaci\u00f3n del VIH y las ITS.<\/p>\n<p>Este Programa est\u00e1 dirigido a dos grupos de poblaci\u00f3n (generalmente mayores de 18 a\u00f1os):<\/p>\n<p>Personas del sexo masculino que deben desplazarse constantemente debido a su profesi\u00f3n, entre los que podemos citar: conductores de taxis, autobuses urbanos y for\u00e1neos para pasajeros, veh\u00edculos para transporte de carga, distribuci\u00f3n de alimentos, bebidas embotelladas, refrescos, cervezas, etc. As\u00ed como trabajadores de empresas privadas y p\u00fablicas, vgr. CFE.<\/p>\n<p>Migrantes y sus familias, considerando que Oaxaca es una entidad de origen que tambi\u00e9n sirve de tr\u00e1nsito y destino de la poblaci\u00f3n proveniente de Estados vecinos, pa\u00edses de Centro y Sudam\u00e9rica e incluso naciones de otros continentes, existiendo un gran riesgo por las redes de tipo social que surgen entre las personas que tienen encuentros sentimentales y sexuales durante su trayectoria, independientemente de sus parejas fijas en el lugar donde radican.<\/p>\n<p>Las estrategias de prevenci\u00f3n se apoyan en:<\/p>\n<ul>\n<li>Difusi\u00f3n de la informaci\u00f3n b\u00e1sica de prevenci\u00f3n de la infecci\u00f3n por el VIH e ITS en las localidades con mayor \u00edndice de poblaci\u00f3n m\u00f3vil y migrante y m\u00f3vil, as\u00ed como en las localidades con mayor \u00edndice de casos registrados de dichas infecciones y de Sida.<\/li>\n<li>Capacitaci\u00f3n en materia de prevenci\u00f3n del VIH e ITS en las instituciones y\/o empresas, p\u00fablicas o privadas, cuyas condiciones de trabajo representan un elevado riesgo para sus trabajadores.<\/li>\n<li>Promoci\u00f3n de la cultura de prevenci\u00f3n y auto cuidado de la salud, con las instituciones de los tres niveles de gobierno y\/o empresas que tienen contacto con familiares de migrantes, para reducir los mitos, estigma y discriminaci\u00f3n.<\/li>\n<\/ul>\n","protected":false},"excerpt":{"rendered":"<p>Nunca como ahora, la humanidad se moviliza con tanta frecuencia y velocidad, y a tan variadas distancias, de un continente a otro, de una regi\u00f3n continental a otra y al interior de un mismo pa\u00eds. Ese flujo constante y en ocasiones masivo, es un factor determinante en la diseminaci\u00f3n del VIH y las ITS. Este [&hellip;]<\/p>\n","protected":false},"author":1,"featured_media":0,"parent":0,"menu_order":0,"comment_status":"closed","ping_status":"closed","template":"","meta":{"episode_type":"","audio_file":"","podmotor_file_id":"","podmotor_episode_id":"","cover_image":"","cover_image_id":"","duration":"","filesize":"","filesize_raw":"","date_recorded":"","explicit":"","block":"","footnotes":""},"categories":[],"tags":[],"class_list":["post-194","page","type-page","status-publish","hentry"],"acf":[],"publishpress_future_action":{"enabled":false,"date":"2026-05-12 15:10:56","action":"change-status","newStatus":"draft","terms":[],"taxonomy":"category","extraData":[]},"publishpress_future_workflow_manual_trigger":{"enabledWorkflows":[]},"_links":{"self":[{"href":"https:\/\/www.oaxaca.gob.mx\/coesida\/wp-json\/wp\/v2\/pages\/194","targetHints":{"allow":["GET"]}}],"collection":[{"href":"https:\/\/www.oaxaca.gob.mx\/coesida\/wp-json\/wp\/v2\/pages"}],"about":[{"href":"https:\/\/www.oaxaca.gob.mx\/coesida\/wp-json\/wp\/v2\/types\/page"}],"author":[{"embeddable":true,"href":"https:\/\/www.oaxaca.gob.mx\/coesida\/wp-json\/wp\/v2\/users\/1"}],"replies":[{"embeddable":true,"href":"https:\/\/www.oaxaca.gob.mx\/coesida\/wp-json\/wp\/v2\/comments?post=194"}],"version-history":[{"count":0,"href":"https:\/\/www.oaxaca.gob.mx\/coesida\/wp-json\/wp\/v2\/pages\/194\/revisions"}],"wp:attachment":[{"href":"https:\/\/www.oaxaca.gob.mx\/coesida\/wp-json\/wp\/v2\/media?parent=194"}],"wp:term":[{"taxonomy":"category","embeddable":true,"href":"https:\/\/www.oaxaca.gob.mx\/coesida\/wp-json\/wp\/v2\/categories?post=194"},{"taxonomy":"post_tag","embeddable":true,"href":"https:\/\/www.oaxaca.gob.mx\/coesida\/wp-json\/wp\/v2\/tags?post=194"}],"curies":[{"name":"wp","href":"https:\/\/api.w.org\/{rel}","templated":true}]}}