{"id":192,"date":"2015-09-14T10:24:24","date_gmt":"2015-09-14T16:24:24","guid":{"rendered":"https:\/\/www.oaxaca.gob.mx\/coesida\/?page_id=192"},"modified":"2015-09-14T10:24:24","modified_gmt":"2015-09-14T16:24:24","slug":"jovenes","status":"publish","type":"page","link":"https:\/\/www.oaxaca.gob.mx\/coesida\/jovenes\/","title":{"rendered":"J\u00f3venes"},"content":{"rendered":"<p>\t\t\t\tUno de los m\u00e1s importantes en materia de prevenci\u00f3n de la infecci\u00f3n por el VIH y otras ITS, ya que durante la adolescencia muchos j\u00f3venes deciden iniciar su vida sexual incrementando su riesgo a contraer la infecci\u00f3n del VIH u otras Infecciones de Transmisi\u00f3n Sexual.<\/p>\n<p>Por esto se les dota de los elementos necesarios para que puedan decidir de forma responsable y cuiden su salud en cuando a la vida sexual se refiere.<\/p>\n<p>Se trabaja con individuos de ambos sexos del grupo de edad de 13 a 18 a\u00f1os. Generalmente estudiantes de secundaria y preparatoria y\/o equivalente, de planteles p\u00fablicos y privados, involucrando incluso escuelas primarias, buscando ser asertivos en necesidades y temas relacionados con la sexualidad, que nos lleven a romper los miedos y falacias que giran en torno a las manifestaciones de amor, erotismo, genitalidad y pr\u00e1cticas coitales.<\/p>\n<p>Este programa recurre a:<\/p>\n<ul>\n<li>La atenci\u00f3n de ni\u00f1as y ni\u00f1os de 5to. y 6to. grado de primaria, desarrollando el tema de estigma y discriminaci\u00f3n, mediante la lectura del cuento \u201cMedia torta para Lupita\u201d.<\/li>\n<li>Sesiones educativas con tem\u00e1ticas de infecci\u00f3n por el VIH, Sida, ITS, talleres de sensibilizaci\u00f3n sobre la infecci\u00f3n por VIH y sexualidad desde un enfoque biopsicosocial.<\/li>\n<li>Un espacio v\u00eda correo electr\u00f3nico para tener una cercan\u00eda con j\u00f3venes e instituciones que se atienden, d\u00e1ndole seguimiento y respondiendo dudas que tengan con respecto a temas revisados en nuestras intervenciones.<\/li>\n<\/ul>\n<p>&nbsp;\t\t\t\t<\/p>\n","protected":false},"excerpt":{"rendered":"<p>Uno de los m\u00e1s importantes en materia de prevenci\u00f3n de la infecci\u00f3n por el VIH y otras ITS, ya que durante la adolescencia muchos j\u00f3venes deciden iniciar su vida sexual incrementando su riesgo a contraer la infecci\u00f3n del VIH u otras Infecciones de Transmisi\u00f3n Sexual. Por esto se les dota de los elementos necesarios para [&hellip;]<\/p>\n","protected":false},"author":1,"featured_media":0,"parent":0,"menu_order":0,"comment_status":"closed","ping_status":"closed","template":"","meta":{"episode_type":"","audio_file":"","podmotor_file_id":"","podmotor_episode_id":"","cover_image":"","cover_image_id":"","duration":"","filesize":"","filesize_raw":"","date_recorded":"","explicit":"","block":"","footnotes":""},"categories":[],"tags":[],"class_list":["post-192","page","type-page","status-publish","hentry"],"acf":[],"publishpress_future_action":{"enabled":false,"date":"2026-05-12 15:02:14","action":"change-status","newStatus":"draft","terms":[],"taxonomy":"category","extraData":[]},"publishpress_future_workflow_manual_trigger":{"enabledWorkflows":[]},"_links":{"self":[{"href":"https:\/\/www.oaxaca.gob.mx\/coesida\/wp-json\/wp\/v2\/pages\/192","targetHints":{"allow":["GET"]}}],"collection":[{"href":"https:\/\/www.oaxaca.gob.mx\/coesida\/wp-json\/wp\/v2\/pages"}],"about":[{"href":"https:\/\/www.oaxaca.gob.mx\/coesida\/wp-json\/wp\/v2\/types\/page"}],"author":[{"embeddable":true,"href":"https:\/\/www.oaxaca.gob.mx\/coesida\/wp-json\/wp\/v2\/users\/1"}],"replies":[{"embeddable":true,"href":"https:\/\/www.oaxaca.gob.mx\/coesida\/wp-json\/wp\/v2\/comments?post=192"}],"version-history":[{"count":0,"href":"https:\/\/www.oaxaca.gob.mx\/coesida\/wp-json\/wp\/v2\/pages\/192\/revisions"}],"wp:attachment":[{"href":"https:\/\/www.oaxaca.gob.mx\/coesida\/wp-json\/wp\/v2\/media?parent=192"}],"wp:term":[{"taxonomy":"category","embeddable":true,"href":"https:\/\/www.oaxaca.gob.mx\/coesida\/wp-json\/wp\/v2\/categories?post=192"},{"taxonomy":"post_tag","embeddable":true,"href":"https:\/\/www.oaxaca.gob.mx\/coesida\/wp-json\/wp\/v2\/tags?post=192"}],"curies":[{"name":"wp","href":"https:\/\/api.w.org\/{rel}","templated":true}]}}