{"id":1839,"date":"2019-04-03T19:46:06","date_gmt":"2019-04-03T17:46:06","guid":{"rendered":"https:\/\/www.oaxaca.gob.mx\/coesida\/?page_id=1839"},"modified":"2023-09-28T12:41:45","modified_gmt":"2023-09-28T18:41:45","slug":"marco-juridico","status":"publish","type":"page","link":"https:\/\/www.oaxaca.gob.mx\/coesida\/marco-juridico\/","title":{"rendered":"Marco Jur\u00eddico"},"content":{"rendered":"<ul class=\"listas-geo\">\n<li><a href=\"\/coesida\/wp-content\/uploads\/sites\/20\/2020\/03\/REGLAMENTO_INTERNO_2019.pdf\" target=\"_blank\" rel=\"noopener noreferrer\">REGLAMENTO INTERNO DEL COESIDA 2019<\/a><\/li>\n<li><a href=\"\/coesida\/wp-content\/uploads\/sites\/20\/2019\/06\/1-DECRETO-DE-CREACI\u00d3N-COESIDA-04-07-1998.pdf\" target=\"_blank\" rel=\"noopener noreferrer\">DECRETO DE CREACI\u00d3N COESIDA 04-07-1998<\/a><\/li>\n<li><a href=\"\/coesida\/wp-content\/uploads\/sites\/20\/2019\/06\/2-Primera-Reforma-al-Decreto-de-Creaci\u00f3n-del-COESIDA.pdf\" target=\"_blank\" rel=\"noopener noreferrer\">PRIMERA REFORMA AL DECRETO DE CREACI\u00d3N DEL COESIDA<\/a><\/li>\n<li><a href=\"\/coesida\/wp-content\/uploads\/sites\/20\/2019\/06\/3-SEGUNDA-REFORMA-AL-DECRETO-2010.pdf\" target=\"_blank\" rel=\"noopener noreferrer\">SEGUNDA REFORMA AL DECRETO 2010<\/a><\/li>\n<li><a href=\"http:\/\/www.coesida.oaxaca.gob.mx\/marco_juridico\/ley_de_prevencion_VIH.PDF\">LEY DE PREVENCI\u00d3N Y ATENCI\u00d3N DEL VIH<\/a><\/li>\n<li><a href=\"https:\/\/drive.google.com\/file\/d\/1mqXYlns4LNKsFSVwiesSEZV6aa-lzIAC\/view?usp=sharing\">LINEAMIENTOS DE OPERACI\u00d3N DEL GRUPO DE TRABAJO DE ADMINISTRACI\u00d3N DE RIESGOS<\/a><\/li>\n<\/ul>\n","protected":false},"excerpt":{"rendered":"<p>REGLAMENTO INTERNO DEL COESIDA 2019 DECRETO DE CREACI\u00d3N COESIDA 04-07-1998 PRIMERA REFORMA AL DECRETO DE CREACI\u00d3N DEL COESIDA SEGUNDA REFORMA AL DECRETO 2010 LEY DE PREVENCI\u00d3N Y ATENCI\u00d3N DEL VIH LINEAMIENTOS DE OPERACI\u00d3N DEL GRUPO DE TRABAJO DE ADMINISTRACI\u00d3N DE RIESGOS<\/p>\n","protected":false},"author":1,"featured_media":0,"parent":0,"menu_order":0,"comment_status":"closed","ping_status":"closed","template":"","meta":{"episode_type":"","audio_file":"","podmotor_file_id":"","podmotor_episode_id":"","cover_image":"","cover_image_id":"","duration":"","filesize":"","filesize_raw":"","date_recorded":"","explicit":"","block":"","footnotes":""},"categories":[],"tags":[],"class_list":["post-1839","page","type-page","status-publish","hentry"],"acf":[],"publishpress_future_action":{"enabled":false,"date":"2026-05-18 11:58:54","action":"change-status","newStatus":"draft","terms":[],"taxonomy":"category","extraData":[]},"publishpress_future_workflow_manual_trigger":{"enabledWorkflows":[]},"_links":{"self":[{"href":"https:\/\/www.oaxaca.gob.mx\/coesida\/wp-json\/wp\/v2\/pages\/1839","targetHints":{"allow":["GET"]}}],"collection":[{"href":"https:\/\/www.oaxaca.gob.mx\/coesida\/wp-json\/wp\/v2\/pages"}],"about":[{"href":"https:\/\/www.oaxaca.gob.mx\/coesida\/wp-json\/wp\/v2\/types\/page"}],"author":[{"embeddable":true,"href":"https:\/\/www.oaxaca.gob.mx\/coesida\/wp-json\/wp\/v2\/users\/1"}],"replies":[{"embeddable":true,"href":"https:\/\/www.oaxaca.gob.mx\/coesida\/wp-json\/wp\/v2\/comments?post=1839"}],"version-history":[{"count":2,"href":"https:\/\/www.oaxaca.gob.mx\/coesida\/wp-json\/wp\/v2\/pages\/1839\/revisions"}],"predecessor-version":[{"id":3004,"href":"https:\/\/www.oaxaca.gob.mx\/coesida\/wp-json\/wp\/v2\/pages\/1839\/revisions\/3004"}],"wp:attachment":[{"href":"https:\/\/www.oaxaca.gob.mx\/coesida\/wp-json\/wp\/v2\/media?parent=1839"}],"wp:term":[{"taxonomy":"category","embeddable":true,"href":"https:\/\/www.oaxaca.gob.mx\/coesida\/wp-json\/wp\/v2\/categories?post=1839"},{"taxonomy":"post_tag","embeddable":true,"href":"https:\/\/www.oaxaca.gob.mx\/coesida\/wp-json\/wp\/v2\/tags?post=1839"}],"curies":[{"name":"wp","href":"https:\/\/api.w.org\/{rel}","templated":true}]}}