{"id":105,"date":"2015-09-09T14:08:42","date_gmt":"2015-09-09T20:08:42","guid":{"rendered":"https:\/\/www.oaxaca.gob.mx\/coesida\/?page_id=105"},"modified":"2015-09-09T14:08:42","modified_gmt":"2015-09-09T20:08:42","slug":"objetivo-general","status":"publish","type":"page","link":"https:\/\/www.oaxaca.gob.mx\/coesida\/objetivo-general\/","title":{"rendered":"Objetivo General"},"content":{"rendered":"<p>\t\t\t\t<strong>El COESIDA tiene como objetivos<\/strong> el promover y apoyar las acciones del Sector Salud y de los Sectores P\u00fablico, Social y Privado tendientes a prevenir el S\u00edndrome de Inmunodeficiencia Adquirida y otras Infecciones de Transmisi\u00f3n Sexual, as\u00ed como brindar atenci\u00f3n m\u00e9dica integral a la poblaci\u00f3n sin seguridad social con VIH\/Sida.<\/p>\n<p><strong>El CAPASITS tiene como objetivo<\/strong> coordinar, supervisar y vigilar que las acciones para la atenci\u00f3n integral de las personas con VIH y otras ITS, se ofrezcan a la poblaci\u00f3n usuaria de los CAPASITS bajo est\u00e1ndares de calidad y con un trato caracterizado por la no estigmatizaci\u00f3n ni discriminaci\u00f3n.\t\t\t\t<\/p>\n","protected":false},"excerpt":{"rendered":"<p>El COESIDA tiene como objetivos el promover y apoyar las acciones del Sector Salud y de los Sectores P\u00fablico, Social y Privado tendientes a prevenir el S\u00edndrome de Inmunodeficiencia Adquirida y otras Infecciones de Transmisi\u00f3n Sexual, as\u00ed como brindar atenci\u00f3n m\u00e9dica integral a la poblaci\u00f3n sin seguridad social con VIH\/Sida. El CAPASITS tiene como objetivo [&hellip;]<\/p>\n","protected":false},"author":1,"featured_media":0,"parent":0,"menu_order":0,"comment_status":"closed","ping_status":"closed","template":"","meta":{"episode_type":"","audio_file":"","podmotor_file_id":"","podmotor_episode_id":"","cover_image":"","cover_image_id":"","duration":"","filesize":"","filesize_raw":"","date_recorded":"","explicit":"","block":"","footnotes":""},"categories":[],"tags":[],"class_list":["post-105","page","type-page","status-publish","hentry"],"acf":[],"publishpress_future_action":{"enabled":false,"date":"2026-05-12 12:08:39","action":"change-status","newStatus":"draft","terms":[],"taxonomy":"category","extraData":[]},"publishpress_future_workflow_manual_trigger":{"enabledWorkflows":[]},"_links":{"self":[{"href":"https:\/\/www.oaxaca.gob.mx\/coesida\/wp-json\/wp\/v2\/pages\/105","targetHints":{"allow":["GET"]}}],"collection":[{"href":"https:\/\/www.oaxaca.gob.mx\/coesida\/wp-json\/wp\/v2\/pages"}],"about":[{"href":"https:\/\/www.oaxaca.gob.mx\/coesida\/wp-json\/wp\/v2\/types\/page"}],"author":[{"embeddable":true,"href":"https:\/\/www.oaxaca.gob.mx\/coesida\/wp-json\/wp\/v2\/users\/1"}],"replies":[{"embeddable":true,"href":"https:\/\/www.oaxaca.gob.mx\/coesida\/wp-json\/wp\/v2\/comments?post=105"}],"version-history":[{"count":0,"href":"https:\/\/www.oaxaca.gob.mx\/coesida\/wp-json\/wp\/v2\/pages\/105\/revisions"}],"wp:attachment":[{"href":"https:\/\/www.oaxaca.gob.mx\/coesida\/wp-json\/wp\/v2\/media?parent=105"}],"wp:term":[{"taxonomy":"category","embeddable":true,"href":"https:\/\/www.oaxaca.gob.mx\/coesida\/wp-json\/wp\/v2\/categories?post=105"},{"taxonomy":"post_tag","embeddable":true,"href":"https:\/\/www.oaxaca.gob.mx\/coesida\/wp-json\/wp\/v2\/tags?post=105"}],"curies":[{"name":"wp","href":"https:\/\/api.w.org\/{rel}","templated":true}]}}