{"id":100,"date":"2015-09-09T11:58:20","date_gmt":"2015-09-09T17:58:20","guid":{"rendered":"https:\/\/www.oaxaca.gob.mx\/coesida\/?page_id=100"},"modified":"2015-09-09T11:58:20","modified_gmt":"2015-09-09T17:58:20","slug":"contacto","status":"publish","type":"page","link":"https:\/\/www.oaxaca.gob.mx\/coesida\/contacto\/","title":{"rendered":"Contacto"},"content":{"rendered":"<p>\t\t\t\t[template name=\u00bbtemplates\/contact_form\u00bb site=\u00bbcoesida\u00bb]\n<div class=\"row\" style=\"margin-top: 50px\">\n<div class=\"col-md-6\">\n<h2 class=\"enlaces-foot border-b-g-ginda\" style=\"text-align: center;width:100%\">Ubicaci\u00f3n<\/h2>\n[gmap address=\u00bb7a Priv. de Aldama Sur S\/N, Centro, San Bartolo Coyotepec, Oax. C.P. 71256&#8243;]\n<\/p><\/div>\n<div class=\"col-md-6\">\n<h2 class=\"enlaces-foot border-b-g-ginda\" style=\"text-align: center;width:100%\">Tel\u00e9fonos<\/h2>\n<p>H\u00e1blanos al tel.: 01 (951) 502 22 00 \u00f3 a la L\u00ednea Telsida: 01 (800) 713 47 41.<\/p>\n<\/div>\n<\/div>\n","protected":false},"excerpt":{"rendered":"<p>[template name=\u00bbtemplates\/contact_form\u00bb site=\u00bbcoesida\u00bb] Ubicaci\u00f3n [gmap address=\u00bb7a Priv. de Aldama Sur S\/N, Centro, San Bartolo Coyotepec, Oax. C.P. 71256&#8243;] Tel\u00e9fonos H\u00e1blanos al tel.: 01 (951) 502 22 00 \u00f3 a la L\u00ednea Telsida: 01 (800) 713 47 41.<\/p>\n","protected":false},"author":1,"featured_media":0,"parent":0,"menu_order":0,"comment_status":"closed","ping_status":"closed","template":"plantillas\/template-contacto.php","meta":{"episode_type":"","audio_file":"","podmotor_file_id":"","podmotor_episode_id":"","cover_image":"","cover_image_id":"","duration":"","filesize":"","filesize_raw":"","date_recorded":"","explicit":"","block":"","footnotes":""},"categories":[],"tags":[],"class_list":["post-100","page","type-page","status-publish","hentry"],"acf":[],"publishpress_future_action":{"enabled":false,"date":"2026-04-21 02:07:08","action":"change-status","newStatus":"draft","terms":[],"taxonomy":"category","extraData":[]},"publishpress_future_workflow_manual_trigger":{"enabledWorkflows":[]},"_links":{"self":[{"href":"https:\/\/www.oaxaca.gob.mx\/coesida\/wp-json\/wp\/v2\/pages\/100","targetHints":{"allow":["GET"]}}],"collection":[{"href":"https:\/\/www.oaxaca.gob.mx\/coesida\/wp-json\/wp\/v2\/pages"}],"about":[{"href":"https:\/\/www.oaxaca.gob.mx\/coesida\/wp-json\/wp\/v2\/types\/page"}],"author":[{"embeddable":true,"href":"https:\/\/www.oaxaca.gob.mx\/coesida\/wp-json\/wp\/v2\/users\/1"}],"replies":[{"embeddable":true,"href":"https:\/\/www.oaxaca.gob.mx\/coesida\/wp-json\/wp\/v2\/comments?post=100"}],"version-history":[{"count":0,"href":"https:\/\/www.oaxaca.gob.mx\/coesida\/wp-json\/wp\/v2\/pages\/100\/revisions"}],"wp:attachment":[{"href":"https:\/\/www.oaxaca.gob.mx\/coesida\/wp-json\/wp\/v2\/media?parent=100"}],"wp:term":[{"taxonomy":"category","embeddable":true,"href":"https:\/\/www.oaxaca.gob.mx\/coesida\/wp-json\/wp\/v2\/categories?post=100"},{"taxonomy":"post_tag","embeddable":true,"href":"https:\/\/www.oaxaca.gob.mx\/coesida\/wp-json\/wp\/v2\/tags?post=100"}],"curies":[{"name":"wp","href":"https:\/\/api.w.org\/{rel}","templated":true}]}}