{"id":14,"date":"2016-02-05T17:32:02","date_gmt":"2016-02-05T17:32:02","guid":{"rendered":"http:\/\/www.comisionestatalforestal.oaxaca.gob.mx\/?page_id=14"},"modified":"2016-02-05T17:32:02","modified_gmt":"2016-02-05T17:32:02","slug":"mision-y-vision","status":"publish","type":"page","link":"https:\/\/www.oaxaca.gob.mx\/coesfo\/mision-y-vision\/","title":{"rendered":"Misi\u00f3n,  Visi\u00f3n y Objetivos"},"content":{"rendered":"<h3><strong>Misi\u00f3n<\/strong><\/h3>\n<p style=\"text-align: justify\">Contribuir el bienestar de los oaxaque\u00f1os, mediante los beneficios ambientales econ\u00f3micos y sociales que se generen con el manejo ordenado y sustentable de los ecosistemas forestales, con el impulso de la organizaci\u00f3n de los due\u00f1os de los recursos forestales, el apoyo a la planeaci\u00f3n del desarrollo del sector, el fortalecimiento de las instituciones comunitarias y el fomento y consolidaci\u00f3n de la cadena productiva forestal, bajo criterios de conservaci\u00f3n, protecci\u00f3n y restauraci\u00f3n de la biodiversidad y los recursos forestales.<\/p>\n<h3><strong>Visi\u00f3n<\/strong><\/h3>\n<p style=\"text-align: justify\">Ser la instituci\u00f3n l\u00edder que dirija, coordine y apoye el desarrollo del sector forestal mediante acciones de organizaci\u00f3n, planeaci\u00f3n, fomento y regulaci\u00f3n de la actividad forestal, as\u00ed como restauraci\u00f3n, conservaci\u00f3n y protecci\u00f3n de los recursos forestales del Estado.<\/p>\n<h3><strong>Objetivos<\/strong><\/h3>\n<p>Con fundamento al art\u00edculo 12 de la Ley de Desarrollo Sustentable del Estado de Oaxaca, son objetivos de la Comisi\u00f3n Estatal Forestal, los siguientes:<br \/>\nObjetivos Generales<br \/>\nl.  Implementar y normar la pol\u00edtica forestal del estado, promoviendo la coordinaci\u00f3n entre los distintos \u00f3rdenes de gobierno y la concertaci\u00f3n con los sectores social y privado, para lograr el desarrollo sustentable de los ecosistemas, recursos forestales y sus servicios ambientales;<br \/>\nI. Brindar y garantizar certeza jur\u00eddica sobre el derecho al uso y disfrute preferente de los recursos forestales, de los lugares que ocupan y habitan las comunidades ind\u00edgenas del Estado de Oaxaca;<br \/>\nIII. Contribuir al desarrollo social, econ\u00f3mico, ecol\u00f3gico y ambiental del Estado, mediante el manejo integral sustentable de los ecosistemas y recursos forestales, as\u00ed como de las cuencas hidrol\u00f3gico-forestales, sin perjuicio de lo previsto en otros ordenamientos;<br \/>\nIV. Instrumentar el manejo integral sustentable de ecosistemas hidrol\u00f3gicos-forestales, sin perjuicio de lo previsto en otros ordenamientos;<br \/>\nV.  Promover la silvicultura, silvicultura comunitaria y el aprovechamiento sustentable de los recursos forestales, as\u00ed como la agro silvicultura, para que contribuyan con bienes y servicios que aseguren el mejoramiento del nivel de vida de los propietarios y poseedores de los recursos forestales;<br \/>\nVI. Propiciar la generaci\u00f3n de bienes y servicios ambientales, con el fin de proteger y conservar la biodiversidad de los ecosistemas forestales;<br \/>\nVIl.  Recuperar, fomentar y aprovechar el potencial productivo de los ecosistemas forestales mediante labores de protecci\u00f3n, restauraci\u00f3n, forestaci\u00f3n, conservaci\u00f3n y manejo integral sustentable de los recursos forestales;<br \/>\nVIII. Fortalecer la estructura operativa del Gobierno del Estado;<br \/>\nIX.  Implementar un programa de desarrollo forestal, como estrategia para impulsar la silvicultura comunitaria para lograr el manejo forestal sustentable;<br \/>\nX. Fomentar instrumentos financieros para el desarrollo forestal sustentable;<\/p>\n<p>XI.  Mejorar las condiciones de bienestar de los propietarios y poseedores de los recursos forestales;<br \/>\nXII. Promover el desarrollo y mejoramiento de infraestructura de los territorios forestales para el desarrollo de actividades econ\u00f3micas y de empresas forestales;<br \/>\nXIII. Promover la conservaci\u00f3n del patrimonio natural de la sociedad oaxaque\u00f1a, dando prioridad al manejo sustentable;<br \/>\nXIV. Fomentar la planeaci\u00f3n comunitaria con enfoque territorial; y<br \/>\nXV.  Fomentar las actividades econ\u00f3micas secundarias y terciarias en   los territorios forestales, de manera   tal   que   produzcan   competitividad   y    empleo en las localidades, adem\u00e1s de la integraci\u00f3n econ\u00f3mica regional.<\/p>\n<p>Objetivos Espec\u00edficos<br \/>\n1.- Definir los criterios de la pol\u00edtica forestal, describiendo sus instrumentos de aplicaci\u00f3n y evaluaci\u00f3n;<br \/>\nII- Regular la protecci\u00f3n, conservaci\u00f3n y restauraci\u00f3n de los ecosistemas, recursos forestales y sus servicios ambientales; as\u00ed como de la ordenaci\u00f3n y el manejo forestal;<br \/>\nIII.- Impulsar la integraci\u00f3n de la agricultura y la silvicultura para aumentar la productividad o la sostenibilidad del sistema agro silv\u00edcola;<br \/>\nIV.- Estimular las certificaciones forestales de bienes y servicios ambientales;<br \/>\nV.- Regular el fomento de actividades que protejan la biodiversidad de bosques y selvas mediante pr\u00e1cticas silv\u00edcolas sustentables;<br \/>\nVI.- Propiciar la reconversi\u00f3n productiva de terrenos agr\u00edcolas y ganaderos en desuso, cuando se trate de terrenos preferentemente forestales;<br \/>\nVIl.- Promover y regular las forestaciones con prop\u00f3sito comercial;<br \/>\nVIII.- Instrumentar y   promover   el   ordenamiento  y   manejo   integral  de   las  cuencas hidrol\u00f3gicos-forestales, con el fin de garantizar  la provisi\u00f3n y compensaci\u00f3n de los bienes y servicios ambientales;<\/p>\n<p>IX.- Fortalecer con el principio de concurrencia con las instituciones federales el programa de control y vigilancia forestal, para el transporte, almacenamiento y<br \/>\ntransformaci\u00f3n de las materias primas forestales, as\u00ed como de la industria y comercializaci\u00f3n;<br \/>\nX.- Promover y fortalecer la organizaci\u00f3n y capacitaci\u00f3n de propietarios y poseedores de recursos forestales, as\u00ed como de los prestadores de servicios t\u00e9cnicos para el manejo sustentable de los recursos forestales;<br \/>\nXI.- Instrumentar mecanismos de  coordinaci\u00f3n,  concertaci\u00f3n  y  cooperaci\u00f3n  con  las instituciones federales del sector forestal en materia de regulaci\u00f3n, fomento del desarrollo forestal sustentable y de auditor\u00edas t\u00e9cnicas preventivas forestales;<br \/>\nXII.- Promover instrumentos econ\u00f3micos para fomentar el desarrollo forestal sustentable;<br \/>\nXIII.- Promover una efectiva incorporaci\u00f3n de la actividad forestal en el desarrollo rural;<br \/>\nXIV.- Identificar nuevos enfoques de atenci\u00f3n sectorial, para apoyar a grupos de poblaci\u00f3n ind\u00edgenas espec\u00edficos;<br \/>\nXV.- Generar sinergias institucionales de desarrollo sectorial;<br \/>\nXVI.- Garantizar la participaci\u00f3n de la sociedad, incluyendo a los pueblos y comunidades ind\u00edgenas, en la aplicaci\u00f3n, evaluaci\u00f3n y seguimiento de la pol\u00edtica forestal;<br \/>\nXVII.- Fomentar y promover la cultura, educaci\u00f3n, capacitaci\u00f3n, investigaci\u00f3n y desarrollo tecnol\u00f3gico forestal;<br \/>\nXVIII.- Elaborar, coordinar y aplicar los programas relativos al sector forestal del Estado, con proyecci\u00f3n sexenal y con visi\u00f3n de largo plazo, vincul\u00e1ndolos con el Programa Estatal de Desarrollo;<br \/>\nXIX.- Regular elaprovechamiento y  uso  de  los  recursos  forestales  maderables  y  no maderables;<br \/>\nXX.- Promover y consolidar las \u00e1reas forestales permanentes, impulsando su delimitaci\u00f3n y manejo sostenible, evitando el cambio de uso del suelo con fines agropecuarios o de cualquier otra \u00edndole que afecte su permanencia y potencialidad;<\/p>\n<p>XXI.- Instrumentar mecanismos  de  coordinaci\u00f3n,  concertaci\u00f3n  y  cooperaci\u00f3n  con  las instituciones federales del sector forestal para regular la prevenci\u00f3n, combate y control de incendios forestales, as\u00ed como de las plagas y enfermedades forestales;<br \/>\nXXII.- Impulsar  el  desarrollo  de  la  empresa  social  forestal  y  comunal  en  los  pueblos  y comunidades ind\u00edgenas;<br \/>\nXXIII.- Promover  acciones  con  fines  de  conservaci\u00f3n  y  restauraci\u00f3n  de  suelos  con  las instituciones federales del sector forestal;<br \/>\nXXIV.- Promover y fomentar la regeneraci\u00f3n natural asistida para aumentar la capacidad de regeneraci\u00f3n natural de las especies deseadas, as\u00ed como de plantaciones destinadas a la producci\u00f3n como de protecci\u00f3n; y<br \/>\nXXV.- Las  dem\u00e1s  que  sean  de  inter\u00e9s  para  la  conservaci\u00f3n,  protecci\u00f3n,  restauraci\u00f3n, ordenamiento, cultivo,    producci\u00f3n,   manejo,    aprovechamiento,   transformaci\u00f3n, industrializaci\u00f3n y comercializaci\u00f3n de los recursos y productos forestales, as\u00ed como de los servicios ambientales que se generen en el estado.<\/p>\n","protected":false},"excerpt":{"rendered":"<p>Misi\u00f3n Contribuir el bienestar de los oaxaque\u00f1os, mediante los beneficios ambientales econ\u00f3micos y sociales que se generen con el manejo ordenado y sustentable de los ecosistemas forestales, con el impulso de la organizaci\u00f3n de los due\u00f1os de los recursos forestales, el apoyo a la planeaci\u00f3n del desarrollo del sector, el fortalecimiento de las instituciones comunitarias [&hellip;]<\/p>\n","protected":false},"author":1,"featured_media":0,"parent":0,"menu_order":0,"comment_status":"closed","ping_status":"closed","template":"","meta":{"episode_type":"","audio_file":"","podmotor_file_id":"","podmotor_episode_id":"","cover_image":"","cover_image_id":"","duration":"","filesize":"","filesize_raw":"","date_recorded":"","explicit":"","block":"","itunes_episode_number":"","itunes_title":"","itunes_season_number":"","itunes_episode_type":"","footnotes":""},"categories":[],"tags":[],"class_list":["post-14","page","type-page","status-publish","hentry"],"acf":[],"publishpress_future_action":{"enabled":false,"date":"2026-04-27 03:26:35","action":"change-status","newStatus":"draft","terms":[],"taxonomy":"category","extraData":[]},"publishpress_future_workflow_manual_trigger":{"enabledWorkflows":[]},"_links":{"self":[{"href":"https:\/\/www.oaxaca.gob.mx\/coesfo\/wp-json\/wp\/v2\/pages\/14","targetHints":{"allow":["GET"]}}],"collection":[{"href":"https:\/\/www.oaxaca.gob.mx\/coesfo\/wp-json\/wp\/v2\/pages"}],"about":[{"href":"https:\/\/www.oaxaca.gob.mx\/coesfo\/wp-json\/wp\/v2\/types\/page"}],"author":[{"embeddable":true,"href":"https:\/\/www.oaxaca.gob.mx\/coesfo\/wp-json\/wp\/v2\/users\/1"}],"replies":[{"embeddable":true,"href":"https:\/\/www.oaxaca.gob.mx\/coesfo\/wp-json\/wp\/v2\/comments?post=14"}],"version-history":[{"count":0,"href":"https:\/\/www.oaxaca.gob.mx\/coesfo\/wp-json\/wp\/v2\/pages\/14\/revisions"}],"wp:attachment":[{"href":"https:\/\/www.oaxaca.gob.mx\/coesfo\/wp-json\/wp\/v2\/media?parent=14"}],"wp:term":[{"taxonomy":"category","embeddable":true,"href":"https:\/\/www.oaxaca.gob.mx\/coesfo\/wp-json\/wp\/v2\/categories?post=14"},{"taxonomy":"post_tag","embeddable":true,"href":"https:\/\/www.oaxaca.gob.mx\/coesfo\/wp-json\/wp\/v2\/tags?post=14"}],"curies":[{"name":"wp","href":"https:\/\/api.w.org\/{rel}","templated":true}]}}