{"id":116,"date":"2017-04-24T13:21:38","date_gmt":"2017-04-24T19:21:38","guid":{"rendered":"https:\/\/www.oaxaca.gob.mx\/cleo\/?page_id=116"},"modified":"2017-04-24T13:21:38","modified_gmt":"2017-04-24T19:21:38","slug":"art-70-fracc-1","status":"publish","type":"page","link":"https:\/\/www.oaxaca.gob.mx\/cleo\/art-70-fracc-1\/","title":{"rendered":"Fracciones (archivos) 2015-2017 &#8212;LINKs&#8212;"},"content":{"rendered":"<p style=\"text-align: left\"><span style=\"color: #ff0000\"><strong>1<\/strong><\/span><\/p>\n<p style=\"text-align: center\"><a href=\"\/cleo\/wp-content\/uploads\/sites\/22\/2017\/04\/Acuerdo-de-creaci\u00f3n-de-la-Comisi\u00f3n-de-L\u00edmites.pdf\">Acuerdo de creaci\u00f3n de la Comisi\u00f3n de L\u00edmites<\/a><\/p>\n<hr \/>\n<p><span style=\"color: #ff0000\"><strong>2<\/strong><\/span><\/p>\n<p style=\"text-align: center\"><a href=\"\/cleo\/wp-content\/uploads\/sites\/22\/2017\/04\/Estructura-Organica-CLEO.pdf\">Estructura Organica CLEO<\/a><\/p>\n<hr \/>\n<p style=\"text-align: left\"><span style=\"color: #ff0000\"><strong>3<\/strong><\/span><\/p>\n<hr \/>\n<p><span style=\"color: #ff0000\"><strong>4\u00a0 \u00a0 \u00a0 \u00a0 \u00a0 \u00a0 \u00a0 \u00a0 \u00a0 \u00a0 \u00a0 \u00a0 \u00a0 \u00a0 \u00a0 \u00a0 \u00a0 \u00a0 \u00a0 \u00a0 \u00a0 \u00a0 \u00a0 \u00a0 \u00a0 \u00a0 \u00a0 \u00a0 \u00a0 \u00a0 \u00a0 \u00a0 \u00a0 \u00a0 \u00a0 \u00a0 \u00a0 \u00a0 \u00a0 \u00a0 \u00a0 \u00a0 \u00a0 \u00a0 \u00a0<\/strong><\/span><\/p>\n<p style=\"text-align: center\"><a href=\"\/cleo\/wp-content\/uploads\/sites\/22\/2017\/04\/Avance_Gestion_2015.pdf\">Avance_Gestion_2015<\/a><\/p>\n<p style=\"text-align: center\"><a href=\"\/cleo\/wp-content\/uploads\/sites\/22\/2017\/04\/Avance_Gestion_2016.pdf\">Avance_Gestion_2016<\/a><\/p>\n<p style=\"text-align: center\"><a href=\"\/cleo\/wp-content\/uploads\/sites\/22\/2017\/04\/Avance_Gestion_2017.pdf\">Avance_Gestion_2017<\/a><\/p>\n<hr \/>\n<p><span style=\"color: #ff0000\"><strong>5<\/strong><\/span><\/p>\n<p>&nbsp;<\/p>\n<hr \/>\n<p style=\"text-align: left\"><span style=\"color: #ff0000\"><strong>6<\/strong><\/span><\/p>\n<p>&nbsp;<\/p>\n<hr \/>\n<p style=\"text-align: left\"><span style=\"color: #ff0000\"><strong>7<\/strong><\/span><\/p>\n<hr \/>\n<p style=\"text-align: left\"><span style=\"color: #ff0000\"><strong>8<\/strong><\/span><\/p>\n<hr \/>\n<p style=\"text-align: left\"><span style=\"color: #ff0000\"><strong>9<\/strong><\/span><\/p>\n<p style=\"text-align: center\"><a href=\"\/cleo\/wp-content\/uploads\/sites\/22\/2017\/04\/INFORME-7-8-ABRIL-JUVENAL-2016.pdf\">INFORME 7-8 ABRIL JUVENAL 2016<\/a><\/p>\n<p style=\"text-align: center\"><a href=\"\/cleo\/wp-content\/uploads\/sites\/22\/2017\/04\/INFORME-7-8-ABRIL-2016-FAUSTO.pdf\">INFORME 7-8 ABRIL 2016 FAUSTO<\/a><\/p>\n<p style=\"text-align: center\"><a href=\"\/cleo\/wp-content\/uploads\/sites\/22\/2017\/04\/INFORME-7-8-abril-2016-OMAR.pdf\">INFORME 7 -8 abril 2016 OMAR<\/a><\/p>\n<p style=\"text-align: center\"><a href=\"\/cleo\/wp-content\/uploads\/sites\/22\/2017\/04\/INFORME-7-8-abril-2016.pdf\">INFORME 7 -8 abril 2016<\/a><\/p>\n<p style=\"text-align: center\"><a href=\"\/cleo\/wp-content\/uploads\/sites\/22\/2017\/04\/INFORME-5-7-AGOSTO-2016-JUVENAL.pdf\">INFORME 5-7 AGOSTO 2016 JUVENAL<\/a><\/p>\n<p style=\"text-align: center\"><a href=\"\/cleo\/wp-content\/uploads\/sites\/22\/2017\/04\/INFORME-5-7-AGOSTO-2016-ADRIAN.pdf\">INFORME 5-7 AGOSTO 2016 ADRIAN<\/a><\/p>\n<p style=\"text-align: center\"><a href=\"\/cleo\/wp-content\/uploads\/sites\/22\/2017\/04\/INFORME-5-7-AGOSTO-2016-HUMBERTO.pdf\">INFORME 5-7 AGOSTO 2016 HUMBERTO<\/a><\/p>\n<p style=\"text-align: center\"><a href=\"\/cleo\/wp-content\/uploads\/sites\/22\/2017\/04\/INFORME-4-6-MAYO-2016-FAUSTO.pdf\">INFORME 4-6 MAYO 2016 FAUSTO<\/a><\/p>\n<p style=\"text-align: center\"><a href=\"\/cleo\/wp-content\/uploads\/sites\/22\/2017\/04\/INFORME-16-MARZO-2017-JUVENAL.pdf\">INFORME 16 MARZO 2017 JUVENAL<\/a><\/p>\n<p style=\"text-align: center\"><a href=\"\/cleo\/wp-content\/uploads\/sites\/22\/2017\/04\/INFORME-16-MARZO-2017-EDSON.pdf\">INFORME 16 MARZO 2017 EDSON<\/a><\/p>\n<p style=\"text-align: center\"><a href=\"\/cleo\/wp-content\/uploads\/sites\/22\/2017\/04\/COMISION-7-8-ABRIL-2016-JUVENAL.pdf\">COMISION 7-8 ABRIL 2016 JUVENAL<\/a><\/p>\n<p style=\"text-align: center\"><a href=\"\/cleo\/wp-content\/uploads\/sites\/22\/2017\/04\/COMISION-7-8-ABRIL-2016-FAUSTO.pdf\">COMISION 7-8 ABRIL 2016 FAUSTO<\/a><\/p>\n<p style=\"text-align: center\"><a href=\"\/cleo\/wp-content\/uploads\/sites\/22\/2017\/04\/COMISION-7-8-abril-2016-OMAR.pdf\">COMISION 7 -8 abril 2016 OMAR<\/a><\/p>\n<p style=\"text-align: center\"><a href=\"\/cleo\/wp-content\/uploads\/sites\/22\/2017\/04\/COMISION-7-8-abril-2016-ADRIAN.pdf\">COMISION 7 -8 abril 2016 ADRIAN<\/a><\/p>\n<p style=\"text-align: center\"><a href=\"\/cleo\/wp-content\/uploads\/sites\/22\/2017\/04\/COMISION-5-7-AGOSTO-2016-JUVENAL.pdf\">COMISION 5-7 AGOSTO 2016 JUVENAL<\/a><\/p>\n<p style=\"text-align: center\"><a href=\"\/cleo\/wp-content\/uploads\/sites\/22\/2017\/04\/COMISION-5-7-AGOSTO-2016-ADRIAN.pdf\">COMISION 5-7 AGOSTO 2016 ADRIAN<\/a><\/p>\n<p style=\"text-align: center\"><a href=\"\/cleo\/wp-content\/uploads\/sites\/22\/2017\/04\/COMISION-5-7-AGOSTO-2016-HUMBERTO.pdf\">COMISION 5-7 AGOSTO 2016 HUMBERTO<\/a><\/p>\n<p style=\"text-align: center\"><a href=\"\/cleo\/wp-content\/uploads\/sites\/22\/2017\/04\/COMISION-4-6-MAYO-2016-FAUSTO.pdf\">COMISION 4-6 MAYO 2016 FAUSTO<\/a><\/p>\n<p style=\"text-align: center\"><a href=\"\/cleo\/wp-content\/uploads\/sites\/22\/2017\/04\/BOLETO-IDA-4-6-MAYO-2016-FAUSTO.pdf\">BOLETO IDA 4-6 MAYO 2016 FAUSTO<\/a><\/p>\n<p style=\"text-align: center\"><a href=\"\/cleo\/wp-content\/uploads\/sites\/22\/2017\/04\/BOLETO-REGRESO-4-6-MAYO-2016-FAUSTO.pdf\">BOLETO REGRESO 4-6 MAYO 2016 FAUSTO<\/a><\/p>\n<p style=\"text-align: center\"><a href=\"\/cleo\/wp-content\/uploads\/sites\/22\/2017\/04\/COMISION-16-MARZO-2017-JUVENAL.pdf\">COMISION 16 MARZO 2017 JUVENAL<\/a><\/p>\n<p style=\"text-align: center\"><a href=\"\/cleo\/wp-content\/uploads\/sites\/22\/2017\/04\/COMISION-16-MARZO-2017-EDSON.pdf\">COMISION 16 MARZO 2017 EDSON<\/a><\/p>\n<p style=\"text-align: center\"><a href=\"\/cleo\/wp-content\/uploads\/sites\/22\/2017\/04\/informe-abel.pdf\">informe abel<\/a><\/p>\n<p style=\"text-align: center\"><a href=\"\/cleo\/wp-content\/uploads\/sites\/22\/2017\/04\/informe-adrian.pdf\">informe adrian<\/a><\/p>\n<p style=\"text-align: center\"><a href=\"\/cleo\/wp-content\/uploads\/sites\/22\/2017\/04\/informe-edson-ivan.pdf\">informe edson ivan<\/a><\/p>\n<p style=\"text-align: center\"><a href=\"\/cleo\/wp-content\/uploads\/sites\/22\/2017\/04\/informe-lic-julia.pdf\">informe lic julia<\/a><\/p>\n<p style=\"text-align: center\"><a href=\"\/cleo\/wp-content\/uploads\/sites\/22\/2017\/04\/informe-Omar.pdf\">informe Omar<\/a><\/p>\n<p style=\"text-align: center\"><a href=\"\/cleo\/wp-content\/uploads\/sites\/22\/2017\/04\/orden-abel.pdf\">orden abel<\/a><\/p>\n<p style=\"text-align: center\"><a href=\"\/cleo\/wp-content\/uploads\/sites\/22\/2017\/04\/orden-adrian.pdf\">orden adrian<\/a><\/p>\n<p style=\"text-align: center\"><a href=\"\/cleo\/wp-content\/uploads\/sites\/22\/2017\/04\/orden-edson-ivan.pdf\">orden edson ivan<\/a><\/p>\n<p style=\"text-align: center\"><a href=\"\/cleo\/wp-content\/uploads\/sites\/22\/2017\/04\/orden-ing-martin.pdf\">orden ing martin<\/a><\/p>\n<p style=\"text-align: center\"><a href=\"\/cleo\/wp-content\/uploads\/sites\/22\/2017\/04\/orden-lic-julia.pdf\">orden lic julia<\/a><\/p>\n<p style=\"text-align: center\"><a href=\"\/cleo\/wp-content\/uploads\/sites\/22\/2017\/04\/orden-martin.pdf\">orden martin<\/a><\/p>\n<p style=\"text-align: center\"><a href=\"\/cleo\/wp-content\/uploads\/sites\/22\/2017\/04\/orden-omar.pdf\">orden omar<\/a><\/p>\n<p style=\"text-align: center\"><a href=\"\/cleo\/wp-content\/uploads\/sites\/22\/2017\/04\/Fabian-orden.pdf\">Fabian orden<\/a><\/p>\n<p style=\"text-align: center\"><a href=\"\/cleo\/wp-content\/uploads\/sites\/22\/2017\/04\/informe-fabian.pdf\">informe fabian<\/a><\/p>\n<p style=\"text-align: center\"><a href=\"\/cleo\/wp-content\/uploads\/sites\/22\/2017\/04\/informe-lic-julia-1.pdf\">informe lic julia<\/a><\/p>\n<p style=\"text-align: center\"><a href=\"\/cleo\/wp-content\/uploads\/sites\/22\/2017\/04\/informe-maritza_.pdf\">informe maritza<\/a><\/p>\n<p style=\"text-align: center\"><a href=\"\/cleo\/wp-content\/uploads\/sites\/22\/2017\/04\/informe-omar.pdf\">informe omar<\/a><\/p>\n<p style=\"text-align: center\"><a href=\"\/cleo\/wp-content\/uploads\/sites\/22\/2017\/04\/orden-lic-julia-1.pdf\">orden lic julia<\/a><\/p>\n<p style=\"text-align: center\"><a href=\"\/cleo\/wp-content\/uploads\/sites\/22\/2017\/04\/orden-maritza.pdf\">orden maritza<\/a><\/p>\n<p style=\"text-align: center\"><a href=\"\/cleo\/wp-content\/uploads\/sites\/22\/2017\/04\/orden-omar-1.pdf\">orden omar<\/a><\/p>\n<p style=\"text-align: center\"><a href=\"\/cleo\/wp-content\/uploads\/sites\/22\/2017\/04\/Comisi\u00f3n-7_2017.pdf\">Comisi\u00f3n 7_2017<\/a><\/p>\n<p style=\"text-align: center\"><a href=\"\/cleo\/wp-content\/uploads\/sites\/22\/2017\/04\/Comisi\u00f3n-9_2017.pdf\">Comisi\u00f3n 9_2017<\/a><\/p>\n<p style=\"text-align: center\"><a href=\"\/cleo\/wp-content\/uploads\/sites\/22\/2017\/04\/Comisi\u00f3n-10_2017.pdf\">Comisi\u00f3n 10_2017<\/a><\/p>\n<p style=\"text-align: center\"><a href=\"\/cleo\/wp-content\/uploads\/sites\/22\/2017\/04\/Comisi\u00f3n-11_2017.pdf\">Comisi\u00f3n 11_2017<\/a><\/p>\n<hr \/>\n<p style=\"text-align: left\"><span style=\"color: #ff0000\"><strong>10<\/strong><\/span><\/p>\n<hr \/>\n<p style=\"text-align: left\"><span style=\"color: #ff0000\"><strong>11<\/strong><\/span><\/p>\n<hr \/>\n<p style=\"text-align: left\"><span style=\"color: #ff0000\"><strong>12<\/strong><\/span><\/p>\n<hr \/>\n<p style=\"text-align: left\"><span style=\"color: #ff0000\"><strong>13<\/strong><\/span><\/p>\n<hr \/>\n<p style=\"text-align: left\"><span style=\"color: #ff0000\"><strong>14<\/strong><\/span><\/p>\n<hr \/>\n<p style=\"text-align: left\"><span style=\"color: #ff0000\"><strong>15<\/strong><\/span><\/p>\n<hr \/>\n<p style=\"text-align: left\"><span style=\"color: #ff0000\"><strong>16\u00a0 \u00a0 \u00a0 \u00a0 \u00a0 \u00a0 \u00a0 \u00a0 \u00a0 \u00a0 \u00a0 \u00a0 <\/strong><\/span><\/p>\n<hr \/>\n<p style=\"text-align: left\"><span style=\"color: #ff0000\"><strong>17\u00a0 \u00a0 \u00a0 \u00a0\u00a0<\/strong><\/span><\/p>\n<p style=\"text-align: center\"><a href=\"\/cleo\/wp-content\/uploads\/sites\/22\/2017\/04\/CURRICULUM-SECRETARIO.pdf\">CURRICULUM SECRETARIO<\/a><\/p>\n<p style=\"text-align: center\"><a href=\"\/cleo\/wp-content\/uploads\/sites\/22\/2017\/04\/CURRICULUM-JURIDICO.pdf\">CURRICULUM JURIDICO<\/a><\/p>\n<p style=\"text-align: center\"><a href=\"\/cleo\/wp-content\/uploads\/sites\/22\/2017\/04\/CURRICULUM-ADMINISTRATIVO_NOV.pdf\">CURRICULUM ADMINISTRATIVO<\/a><\/p>\n<p style=\"text-align: center\">\n<hr \/>\n<p style=\"text-align: left\"><strong><span style=\"color: #ff0000\">18<\/span><\/strong><\/p>\n<hr \/>\n<p style=\"text-align: left\"><span style=\"color: #ff0000\"><strong>19<\/strong><\/span><\/p>\n<hr \/>\n<p style=\"text-align: left\"><span style=\"color: #ff0000\"><strong>20<\/strong><\/span><\/p>\n<hr \/>\n<p style=\"text-align: left\"><span style=\"color: #ff0000\"><strong>21<\/strong><\/span><\/p>\n<hr \/>\n<p style=\"text-align: left\"><span style=\"color: #ff0000\"><strong>22 \u00a0 \u00a0 \u00a0 \u00a0 \u00a0 \u00a0 \u00a0 \u00a0 \u00a0 \u00a0 \u00a0 \u00a0 \u00a0 \u00a0 \u00a0 \u00a0 \u00a0 \u00a0 \u00a0 \u00a0 \u00a0 \u00a0 \u00a0 \u00a0 \u00a0 \u00a0 \u00a0 \u00a0 \u00a0 \u00a0 \u00a0 \u00a0 \u00a0 \u00a0 \u00a0 \u00a0 \u00a0 \u00a0 \u00a0 \u00a0 \u00a0 \u00a0 \u00a0 \u00a0 \u00a0 \u00a0 \u00a0 \u00a0 <span style=\"color: #339966\">\u00a0 \u00a0 \u00a0NO APLICA<\/span><\/strong><\/span><\/p>\n<hr \/>\n<p style=\"text-align: left\"><strong><span style=\"color: #ff0000\">23<\/span><\/strong><\/p>\n<hr \/>\n<p style=\"text-align: left\"><strong><span style=\"color: #ff0000\">24<\/span><\/strong><\/p>\n<hr \/>\n<p style=\"text-align: left\"><strong><span style=\"color: #ff0000\">25 \u00a0 \u00a0 \u00a0 \u00a0 \u00a0 \u00a0 \u00a0 \u00a0 \u00a0 \u00a0 \u00a0 \u00a0 \u00a0 \u00a0 \u00a0 \u00a0 \u00a0 \u00a0 \u00a0 \u00a0 \u00a0 \u00a0 \u00a0 \u00a0 \u00a0 \u00a0 \u00a0 \u00a0 \u00a0 \u00a0 \u00a0 \u00a0 \u00a0 \u00a0 \u00a0 \u00a0 \u00a0 \u00a0 \u00a0 \u00a0 \u00a0 \u00a0 \u00a0 \u00a0 \u00a0 \u00a0 \u00a0 \u00a0 <span style=\"color: #339966\">\u00a0 \u00a0 \u00a0NO APLICA<\/span><\/span><\/strong><\/p>\n<hr \/>\n<p style=\"text-align: left\"><strong><span style=\"color: #ff0000\">26 \u00a0 \u00a0 \u00a0 \u00a0 \u00a0 \u00a0 \u00a0 \u00a0 \u00a0 \u00a0 \u00a0 \u00a0 \u00a0 \u00a0 \u00a0 \u00a0 \u00a0 \u00a0 \u00a0 \u00a0 \u00a0 \u00a0 \u00a0 \u00a0 \u00a0 \u00a0 \u00a0 \u00a0 \u00a0 \u00a0 \u00a0 \u00a0 \u00a0 \u00a0 \u00a0 \u00a0 \u00a0 \u00a0 \u00a0 \u00a0 \u00a0 \u00a0 \u00a0 \u00a0 \u00a0 \u00a0 \u00a0 \u00a0 <span style=\"color: #339966\">\u00a0 \u00a0 \u00a0NO APLICA<\/span><\/span><\/strong><\/p>\n<hr \/>\n<p style=\"text-align: left\"><strong><span style=\"color: #ff0000\">27<\/span><\/strong><\/p>\n<hr \/>\n<p style=\"text-align: left\"><strong><span style=\"color: #ff0000\">28<\/span><\/strong><\/p>\n<hr \/>\n<p style=\"text-align: left\"><strong><span style=\"color: #ff0000\">29<\/span><\/strong><\/p>\n<hr \/>\n<p style=\"text-align: left\"><strong><span style=\"color: #ff0000\">30<\/span><\/strong><\/p>\n<hr \/>\n<p style=\"text-align: left\"><strong><span style=\"color: #ff0000\">31<\/span><\/strong><\/p>\n<p style=\"text-align: center\"><a href=\"\/cleo\/wp-content\/uploads\/sites\/22\/2017\/04\/Informe-trimestral-program\u00e1tico.pdf\">Informe trimestral program\u00e1tico<\/a><\/p>\n<hr \/>\n<p style=\"text-align: left\"><strong><span style=\"color: #ff0000\">32<\/span><\/strong><\/p>\n<hr \/>\n<p style=\"text-align: left\"><strong><span style=\"color: #ff0000\">33<\/span><\/strong><\/p>\n<hr \/>\n<p style=\"text-align: left\"><strong><span style=\"color: #ff0000\">34<\/span><\/strong><\/p>\n<hr \/>\n<p style=\"text-align: left\"><strong><span style=\"color: #ff0000\">35<\/span><\/strong><\/p>\n<hr \/>\n<p style=\"text-align: left\"><strong><span style=\"color: #ff0000\">36<\/span><\/strong><\/p>\n<hr \/>\n<p style=\"text-align: left\"><strong><span style=\"color: #ff0000\">37<\/span><\/strong><\/p>\n<hr \/>\n<p style=\"text-align: left\"><strong><span style=\"color: #ff0000\">38 \u00a0 \u00a0 \u00a0 \u00a0 \u00a0 \u00a0 \u00a0 \u00a0 \u00a0 \u00a0 \u00a0 \u00a0 \u00a0 \u00a0 \u00a0 \u00a0 \u00a0 \u00a0 \u00a0 \u00a0 \u00a0 \u00a0 \u00a0 \u00a0 \u00a0 \u00a0 \u00a0 \u00a0 \u00a0 \u00a0 \u00a0 \u00a0 \u00a0 \u00a0 \u00a0 \u00a0 \u00a0 \u00a0 \u00a0 \u00a0 \u00a0 \u00a0 \u00a0 \u00a0 \u00a0 \u00a0 \u00a0 \u00a0 <span style=\"color: #339966\">\u00a0 \u00a0 \u00a0NO APLICA<\/span><\/span><\/strong><\/p>\n<hr \/>\n<p style=\"text-align: left\"><span style=\"color: #ff0000\"><strong>39<\/strong><\/span><\/p>\n<p style=\"text-align: center\"><a href=\"\/cleo\/wp-content\/uploads\/sites\/22\/2017\/04\/Acta-de-instalaci\u00f3n-transparencia_-D.pdf\">Acta de instalaci\u00f3n transparencia_ D<\/a><\/p>\n<p style=\"text-align: center\"><a href=\"\/cleo\/wp-content\/uploads\/sites\/22\/2017\/04\/Acta-de-la-Primera-Sesi\u00f3n-Ordinaria-del-Comit\u00e9-de-Transparencia-de-la-Comisi\u00f3n-de-L\u00edmites-del-Estado-de-Oaxaca_20_de_Junio_2017.pdf\">Acta de la Primera Sesi\u00f3n Ordinaria del Comit\u00e9 de Transparencia de la CLEO_20_de_Junio_2017<\/a><\/p>\n<p style=\"text-align: center\"><a href=\"\/cleo\/wp-content\/uploads\/sites\/22\/2017\/04\/Acta-de-la-Primera-Sesi\u00f3n-Extraordinaria-del-Comit\u00e9-de-Transparencia-de-la-Comisi\u00f3n-de-L\u00edmites-del-Estado-de-Oaxaca_28_de_Abril_2017.pdf\">Acta de la Primera Sesi\u00f3n Extraordinaria del Comit\u00e9 de Transparencia de la CLEO_28_de_Abril_2017<\/a><\/p>\n<p style=\"text-align: center\"><a href=\"\/cleo\/wp-content\/uploads\/sites\/22\/2017\/04\/Segunda-Sesi\u00f3n-Ordinaria.pdf\">Segunda Sesi\u00f3n Ordinaria<\/a><\/p>\n<p style=\"text-align: center\"><a href=\"\/cleo\/wp-content\/uploads\/sites\/22\/2017\/04\/Segunda-Sesi\u00f3n-Extraordinaria.pdf\">Segunda Sesi\u00f3n Extraordinaria<\/a><\/p>\n<p style=\"text-align: center\"><a href=\"\/cleo\/wp-content\/uploads\/sites\/22\/2017\/04\/Tercera-Sesi\u00f3n-Extraordinaria.pdf\">Tercera Sesi\u00f3n Extraordinaria<\/a><\/p>\n<p style=\"text-align: center\"><a href=\"\/cleo\/wp-content\/uploads\/sites\/22\/2017\/04\/Cuarta-Sesi\u00f3n-Extraordinaria.pdf\">Cuarta Sesi\u00f3n Extraordinaria<\/a><\/p>\n<p style=\"text-align: center\"><a href=\"\/cleo\/wp-content\/uploads\/sites\/22\/2017\/04\/Quinta-Sesi\u00f3n-Extraordinaria.pdf\">Quinta Sesi\u00f3n Extraordinaria<\/a><\/p>\n<hr \/>\n<p style=\"text-align: left\"><strong><span style=\"color: #ff0000\">40 \u00a0 \u00a0 \u00a0 \u00a0 \u00a0 \u00a0 \u00a0 \u00a0 \u00a0 \u00a0 \u00a0 \u00a0 \u00a0 \u00a0 \u00a0 \u00a0 \u00a0 \u00a0 \u00a0 \u00a0 \u00a0 \u00a0 \u00a0 \u00a0 \u00a0 \u00a0 \u00a0 \u00a0 \u00a0 \u00a0 \u00a0 \u00a0 \u00a0 \u00a0 \u00a0 \u00a0 \u00a0 \u00a0 \u00a0 \u00a0 \u00a0 \u00a0 \u00a0 \u00a0 \u00a0 \u00a0 \u00a0 \u00a0 <span style=\"color: #339966\">\u00a0 \u00a0 \u00a0NO APLICA<\/span><\/span><\/strong><\/p>\n<hr \/>\n<p style=\"text-align: left\"><strong><span style=\"color: #ff0000\">41<\/span><\/strong><\/p>\n<hr \/>\n<p style=\"text-align: left\"><strong><span style=\"color: #ff0000\">42<\/span><\/strong><\/p>\n<hr \/>\n<p style=\"text-align: left\"><strong><span style=\"color: #ff0000\">43<\/span><\/strong><\/p>\n<hr \/>\n<p style=\"text-align: left\"><strong><span style=\"color: #ff0000\">44<\/span><\/strong><\/p>\n<hr \/>\n<p style=\"text-align: left\"><span style=\"color: #ff0000\"><strong>45<\/strong><\/span><\/p>\n<p style=\"text-align: center\"><a href=\"\/cleo\/wp-content\/uploads\/sites\/22\/2017\/04\/CADIDO.pdf\">CADIDO<\/a><\/p>\n<p style=\"text-align: center\"><a href=\"\/cleo\/wp-content\/uploads\/sites\/22\/2017\/04\/GU\u00cdA-DOCUMENTAL-DE-ARCHIVOS.pdf\">GU\u00cdA DOCUMENTAL DE ARCHIVOS<\/a><\/p>\n<hr \/>\n<p><strong><span style=\"color: #ff0000\">46<\/span><\/strong><\/p>\n<hr \/>\n<p style=\"text-align: left\"><strong><span style=\"color: #ff0000\">47 \u00a0 \u00a0 \u00a0 \u00a0 \u00a0 \u00a0 \u00a0 \u00a0 \u00a0 \u00a0 \u00a0 \u00a0 \u00a0 \u00a0 \u00a0 \u00a0 \u00a0 \u00a0 \u00a0 \u00a0 \u00a0 \u00a0 \u00a0 \u00a0 \u00a0 \u00a0 \u00a0 \u00a0 \u00a0 \u00a0 \u00a0 \u00a0 \u00a0 \u00a0 \u00a0 \u00a0 \u00a0 \u00a0 \u00a0 \u00a0 \u00a0 \u00a0 \u00a0 \u00a0 \u00a0 \u00a0 \u00a0 \u00a0 <span style=\"color: #339966\">\u00a0 \u00a0 \u00a0NO APLICA<\/span><\/span><\/strong><\/p>\n<hr \/>\n<p><strong><span style=\"color: #ff0000\">48<\/span><\/strong><\/p>\n<hr \/>\n<p><strong><span style=\"color: #ff0000\">ULTIMO P\u00c1RRAFO<\/span><\/strong><\/p>\n<p style=\"text-align: center\"><a href=\"\/cleo\/wp-content\/uploads\/sites\/22\/2017\/04\/Tabla-de-aplicabilidad-de-la-Comision-de-Limites-del-Estado-de-Oaxaca.pdf\">Tabla de aplicabilidad de la Comision de Limites del Estado de Oaxaca<\/a><\/p>\n<p style=\"text-align: center\"><a href=\"\/cleo\/wp-content\/uploads\/sites\/22\/2017\/04\/Anexo-2-Articulo-70-_1_-tabla-conservacion.pdf\">Anexo 2 Articulo 70 _1_ tabla conservacion<\/a><\/p>\n<hr \/>\n<p>&nbsp;\t\t<\/p>\n","protected":false},"excerpt":{"rendered":"<p>1 Acuerdo de creaci\u00f3n de la Comisi\u00f3n de L\u00edmites 2 Estructura Organica CLEO 3 4\u00a0 \u00a0 \u00a0 \u00a0 \u00a0 \u00a0 \u00a0 \u00a0 \u00a0 \u00a0 \u00a0 \u00a0 \u00a0 \u00a0 \u00a0 \u00a0 \u00a0 \u00a0 \u00a0 \u00a0 \u00a0 \u00a0 \u00a0 \u00a0 \u00a0 \u00a0 \u00a0 \u00a0 \u00a0 \u00a0 \u00a0 \u00a0 \u00a0 \u00a0 \u00a0 \u00a0 \u00a0 \u00a0 \u00a0 \u00a0 \u00a0 [&hellip;]<\/p>\n","protected":false},"author":1,"featured_media":0,"parent":0,"menu_order":0,"comment_status":"closed","ping_status":"closed","template":"","meta":{"episode_type":"","audio_file":"","podmotor_file_id":"","podmotor_episode_id":"","cover_image":"","cover_image_id":"","duration":"","filesize":"","filesize_raw":"","date_recorded":"","explicit":"","block":"","itunes_episode_number":"","itunes_title":"","itunes_season_number":"","itunes_episode_type":"","footnotes":""},"categories":[],"tags":[],"class_list":["post-116","page","type-page","status-publish","hentry"],"acf":[],"publishpress_future_action":{"enabled":false,"date":"2026-05-18 14:16:19","action":"change-status","newStatus":"draft","terms":[],"taxonomy":"category","extraData":[]},"publishpress_future_workflow_manual_trigger":{"enabledWorkflows":[]},"_links":{"self":[{"href":"https:\/\/www.oaxaca.gob.mx\/cleo\/wp-json\/wp\/v2\/pages\/116","targetHints":{"allow":["GET"]}}],"collection":[{"href":"https:\/\/www.oaxaca.gob.mx\/cleo\/wp-json\/wp\/v2\/pages"}],"about":[{"href":"https:\/\/www.oaxaca.gob.mx\/cleo\/wp-json\/wp\/v2\/types\/page"}],"author":[{"embeddable":true,"href":"https:\/\/www.oaxaca.gob.mx\/cleo\/wp-json\/wp\/v2\/users\/1"}],"replies":[{"embeddable":true,"href":"https:\/\/www.oaxaca.gob.mx\/cleo\/wp-json\/wp\/v2\/comments?post=116"}],"version-history":[{"count":0,"href":"https:\/\/www.oaxaca.gob.mx\/cleo\/wp-json\/wp\/v2\/pages\/116\/revisions"}],"wp:attachment":[{"href":"https:\/\/www.oaxaca.gob.mx\/cleo\/wp-json\/wp\/v2\/media?parent=116"}],"wp:term":[{"taxonomy":"category","embeddable":true,"href":"https:\/\/www.oaxaca.gob.mx\/cleo\/wp-json\/wp\/v2\/categories?post=116"},{"taxonomy":"post_tag","embeddable":true,"href":"https:\/\/www.oaxaca.gob.mx\/cleo\/wp-json\/wp\/v2\/tags?post=116"}],"curies":[{"name":"wp","href":"https:\/\/api.w.org\/{rel}","templated":true}]}}