{"id":431,"date":"2024-04-01T17:57:08","date_gmt":"2024-04-01T15:57:08","guid":{"rendered":"https:\/\/www.oaxaca.gob.mx\/citybus\/?page_id=431"},"modified":"2026-01-23T19:41:23","modified_gmt":"2026-01-23T18:41:23","slug":"horarios-citybus","status":"publish","type":"page","link":"https:\/\/www.oaxaca.gob.mx\/citybus\/horarios-citybus\/","title":{"rendered":"Horarios BinniBus"},"content":{"rendered":"<h1 style=\"text-align: center\">HORARIOS POR RUTAS BINNIBUS<\/h1>\n<h4><span style=\"color: #993366\">Estamos en proceso de ajuste de los horarios, por lo que \u00e9stos pueden variar en cualquier momento. Por tu comprensi\u00f3n, gracias.<\/span><\/h4>\n<h2>RT-01: Yuroo Viguera &#8211; Yuroo Xoxocotl\u00e1n<\/h2>\n<p><iframe loading=\"lazy\" title=\"Horarios Ruta Troncal RT-01 Yuroo Viguera - Xoxocotl\u00e1n\" width=\"1140\" height=\"641\" src=\"https:\/\/www.youtube.com\/embed\/t0vHT8vhxr0?feature=oembed\" frameborder=\"0\" allow=\"accelerometer; autoplay; clipboard-write; encrypted-media; gyroscope; picture-in-picture; web-share\" referrerpolicy=\"strict-origin-when-cross-origin\" allowfullscreen><\/iframe><\/p>\n<h2><\/h2>\n<h2>RA-03 Laxido&#8217;: Yuroo Parque del Amor &#8211; De Azucena Camino a Huay\u00e1pam<\/h2>\n<p><iframe loading=\"lazy\" title=\"RA-03 Laxido&#039;: Yuroo Parque del Amor - De Azucena Camino a Huay\u00e1pam\" width=\"1140\" height=\"641\" src=\"https:\/\/www.youtube.com\/embed\/C4h0Cvuuq48?feature=oembed\" frameborder=\"0\" allow=\"accelerometer; autoplay; clipboard-write; encrypted-media; gyroscope; picture-in-picture; web-share\" referrerpolicy=\"strict-origin-when-cross-origin\" allowfullscreen><\/iframe><\/p>\n<h2>Ruta RC-05 Xuujx: Viguera Los \u00c1ngeles &#8211; Parque Francisco I. Madero<\/h2>\n<p><iframe loading=\"lazy\" title=\"Ruta RC-05 Xuujx: Viguera Los \u00c1ngeles - Parque Francisco I. Madero\" width=\"1140\" height=\"641\" src=\"https:\/\/www.youtube.com\/embed\/cJKXBxfLr7M?feature=oembed\" frameborder=\"0\" allow=\"accelerometer; autoplay; clipboard-write; encrypted-media; gyroscope; picture-in-picture; web-share\" referrerpolicy=\"strict-origin-when-cross-origin\" allowfullscreen><\/iframe><\/p>\n<h2>Ruta RC-06 Mondok: San Jacinto Amilpas &#8211; Camino a Huay\u00e1pam<\/h2>\n<p><iframe loading=\"lazy\" title=\"Ruta RC-06 Mondok: San Jacinto Amilpas - Camino a Huay\u00e1pam\" width=\"1140\" height=\"641\" src=\"https:\/\/www.youtube.com\/embed\/j8CTd5zZdTQ?feature=oembed\" frameborder=\"0\" allow=\"accelerometer; autoplay; clipboard-write; encrypted-media; gyroscope; picture-in-picture; web-share\" referrerpolicy=\"strict-origin-when-cross-origin\" allowfullscreen><\/iframe><\/p>\n<h2>Ruta RC-09 K\u00edtsian Jan: Col\u00f3nia Bugambilias &#8211; Fracc. El Rosario<\/h2>\n<p><iframe loading=\"lazy\" title=\"Ruta RC-09 K\u00edtsian Jan: Col\u00f3nia Bugambilias - Fracc. El Rosario\" width=\"1140\" height=\"641\" src=\"https:\/\/www.youtube.com\/embed\/N8jWXL0DkOg?feature=oembed\" frameborder=\"0\" allow=\"accelerometer; autoplay; clipboard-write; encrypted-media; gyroscope; picture-in-picture; web-share\" referrerpolicy=\"strict-origin-when-cross-origin\" allowfullscreen><\/iframe><\/p>\n<h2>Ruta RC-11 M\u00e1\u253c\u00b2: La Raya\/Aeropuerto &#8211; M\u00f3dulo Azul<\/h2>\n<p><iframe loading=\"lazy\" title=\"Ruta RC-11 M\u00e1\u253c\u00b2: La Raya\/Aeropuerto - M\u00f3dulo Azul\" width=\"1140\" height=\"641\" src=\"https:\/\/www.youtube.com\/embed\/LQJo1dI_Gnk?feature=oembed\" frameborder=\"0\" allow=\"accelerometer; autoplay; clipboard-write; encrypted-media; gyroscope; picture-in-picture; web-share\" referrerpolicy=\"strict-origin-when-cross-origin\" allowfullscreen><\/iframe><\/p>\n<h2>Ruta RC-12 \u00d1unda: Tlalixtac de Cabrera \u2013 Yuroo Parque del Amor \u2018Ladxido\u2019<\/h2>\n<p><iframe loading=\"lazy\" title=\"RC-12 \u00d1unda: Tlalixtac de Cabrera \u2013 Yuroo Parque del Amor \u2018Ladxido\u2019\" width=\"1140\" height=\"641\" src=\"https:\/\/www.youtube.com\/embed\/Ut1J1Ip55zs?feature=oembed\" frameborder=\"0\" allow=\"accelerometer; autoplay; clipboard-write; encrypted-media; gyroscope; picture-in-picture; web-share\" referrerpolicy=\"strict-origin-when-cross-origin\" allowfullscreen><\/iframe><\/p>\n<h2>Ruta RC-14 Laba\u2019: Yuroo Viguera \u2013 San Sebasti\u00e1n Tutla<\/h2>\n<p><iframe loading=\"lazy\" title=\"Ruta RC-14 Laba\u2019: Yuroo Viguera \u2013 San Sebasti\u00e1n Tutla\" width=\"1140\" height=\"641\" src=\"https:\/\/www.youtube.com\/embed\/9xIHeyVj9Xg?feature=oembed\" frameborder=\"0\" allow=\"accelerometer; autoplay; clipboard-write; encrypted-media; gyroscope; picture-in-picture; web-share\" referrerpolicy=\"strict-origin-when-cross-origin\" allowfullscreen><\/iframe><\/p>\n<h2>Ruta RA-15 XRA\u2019: Colonia Monte Alb\u00e1n \u2013 Cd. Administrativa<\/h2>\n<p><iframe loading=\"lazy\" title=\"Ruta RA-15 XRA\u2019: Colonia Monte Alb\u00e1n \u2013 Cd. Administrativa\" width=\"1140\" height=\"641\" src=\"https:\/\/www.youtube.com\/embed\/GGIodUP65-k?feature=oembed\" frameborder=\"0\" allow=\"accelerometer; autoplay; clipboard-write; encrypted-media; gyroscope; picture-in-picture; web-share\" referrerpolicy=\"strict-origin-when-cross-origin\" allowfullscreen><\/iframe><\/p>\n<h2>Ruta RC-15 Yu Ngta\u2019: Hospital de la Mujer y la Ni\u00f1ez Oaxaque\u00f1a \u2013 Base S\u00edmbolos Patrios \u2013 M\u00f3dulo Azul<\/h2>\n<p><iframe loading=\"lazy\" title=\"Ruta RC-15 Yu Ngta\u2019: Hospital de la Mujer y la Ni\u00f1ez Oaxaque\u00f1a \u2013 Base S\u00edmbolos Patrios \u2013 M\u00f3dulo Azul\" width=\"1140\" height=\"641\" src=\"https:\/\/www.youtube.com\/embed\/UnjCG5lKHpw?feature=oembed\" frameborder=\"0\" allow=\"accelerometer; autoplay; clipboard-write; encrypted-media; gyroscope; picture-in-picture; web-share\" referrerpolicy=\"strict-origin-when-cross-origin\" allowfullscreen><\/iframe><\/p>\n<h2>Ruta RA-17 Bakku Nunni: Monte Alb\u00e1n \u2013 S\u00edmbolos Patrios<\/h2>\n<p><iframe loading=\"lazy\" title=\"Ruta RA-17 Bakku Nunni: Monte Alb\u00e1n \u2013  S\u00edmbolos Patrios\" width=\"1140\" height=\"641\" src=\"https:\/\/www.youtube.com\/embed\/ginyee_jlqE?feature=oembed\" frameborder=\"0\" allow=\"accelerometer; autoplay; clipboard-write; encrypted-media; gyroscope; picture-in-picture; web-share\" referrerpolicy=\"strict-origin-when-cross-origin\" allowfullscreen><\/iframe><\/p>\n<h2>RA-18 Nave&#8217;e: Yuroo Viguera \u2013 Centro de Rehabilitaci\u00f3n DIF<\/h2>\n<p><iframe loading=\"lazy\" title=\"RA-18 Nave&#039;e: Yuroo Viguera \u2013 Centro de Rehabilitaci\u00f3n DIF\" width=\"1140\" height=\"641\" src=\"https:\/\/www.youtube.com\/embed\/02YrGkQxcxk?feature=oembed\" frameborder=\"0\" allow=\"accelerometer; autoplay; clipboard-write; encrypted-media; gyroscope; picture-in-picture; web-share\" referrerpolicy=\"strict-origin-when-cross-origin\" allowfullscreen><\/iframe><\/p>\n","protected":false},"excerpt":{"rendered":"<p>HORARIOS POR RUTAS BINNIBUS Estamos en proceso de ajuste de los horarios, por lo que \u00e9stos pueden variar en cualquier momento. Por tu comprensi\u00f3n, gracias. RT-01: Yuroo Viguera &#8211; Yuroo Xoxocotl\u00e1n RA-03 Laxido&#8217;: Yuroo Parque del Amor &#8211; De Azucena Camino a Huay\u00e1pam Ruta RC-05 Xuujx: Viguera Los \u00c1ngeles &#8211; Parque Francisco I. Madero Ruta [&hellip;]<\/p>\n","protected":false},"author":115,"featured_media":0,"parent":0,"menu_order":0,"comment_status":"closed","ping_status":"closed","template":"","meta":{"episode_type":"","audio_file":"","podmotor_file_id":"","podmotor_episode_id":"","cover_image":"","cover_image_id":"","duration":"","filesize":"","filesize_raw":"","date_recorded":"","explicit":"","block":"","itunes_episode_number":"","itunes_title":"","itunes_season_number":"","itunes_episode_type":"","footnotes":""},"categories":[20],"tags":[],"class_list":["post-431","page","type-page","status-publish","hentry","category-servicios"],"acf":[],"publishpress_future_action":{"enabled":false,"date":"2026-05-08 11:05:18","action":"change-status","newStatus":"draft","terms":[],"taxonomy":"category","extraData":[]},"publishpress_future_workflow_manual_trigger":{"enabledWorkflows":[]},"_links":{"self":[{"href":"https:\/\/www.oaxaca.gob.mx\/citybus\/wp-json\/wp\/v2\/pages\/431","targetHints":{"allow":["GET"]}}],"collection":[{"href":"https:\/\/www.oaxaca.gob.mx\/citybus\/wp-json\/wp\/v2\/pages"}],"about":[{"href":"https:\/\/www.oaxaca.gob.mx\/citybus\/wp-json\/wp\/v2\/types\/page"}],"author":[{"embeddable":true,"href":"https:\/\/www.oaxaca.gob.mx\/citybus\/wp-json\/wp\/v2\/users\/115"}],"replies":[{"embeddable":true,"href":"https:\/\/www.oaxaca.gob.mx\/citybus\/wp-json\/wp\/v2\/comments?post=431"}],"version-history":[{"count":3,"href":"https:\/\/www.oaxaca.gob.mx\/citybus\/wp-json\/wp\/v2\/pages\/431\/revisions"}],"predecessor-version":[{"id":1879,"href":"https:\/\/www.oaxaca.gob.mx\/citybus\/wp-json\/wp\/v2\/pages\/431\/revisions\/1879"}],"wp:attachment":[{"href":"https:\/\/www.oaxaca.gob.mx\/citybus\/wp-json\/wp\/v2\/media?parent=431"}],"wp:term":[{"taxonomy":"category","embeddable":true,"href":"https:\/\/www.oaxaca.gob.mx\/citybus\/wp-json\/wp\/v2\/categories?post=431"},{"taxonomy":"post_tag","embeddable":true,"href":"https:\/\/www.oaxaca.gob.mx\/citybus\/wp-json\/wp\/v2\/tags?post=431"}],"curies":[{"name":"wp","href":"https:\/\/api.w.org\/{rel}","templated":true}]}}