{"id":15,"date":"2023-08-10T22:57:50","date_gmt":"2023-08-10T20:57:50","guid":{"rendered":"https:\/\/www.oaxaca.gob.mx\/citybus\/?page_id=15"},"modified":"2023-11-09T01:30:27","modified_gmt":"2023-11-09T00:30:27","slug":"funciones","status":"publish","type":"page","link":"https:\/\/www.oaxaca.gob.mx\/citybus\/funciones\/","title":{"rendered":"Funciones"},"content":{"rendered":"<p class=\"western\" lang=\"en-US\"><span style=\"font-family: Montserrat, serif\"><span style=\"font-size: medium\"><span lang=\"es-419\"><b>DECRETO. POR EL QUE CREA EL ENTE GESTOR ENCARGADO DE LA PLANEACI\u00d3N, ADMINISTRACI\u00d3N, SUPERVISI\u00d3N, OPERACI\u00d3N Y CONTROL DENOMINADO \u00abSISTEMA DE TRANSPORTE COLECTIVO METROPOLITANO CITYBUS OAXACA\u00bb<\/b><\/span><\/span><\/span><\/p>\n<p><span style=\"font-family: Montserrat, serif\"><span style=\"font-size: medium\"><span lang=\"es-419\">ART\u00cdCULO 4.-El Sistema, tiene por objeto:<\/span><\/span><\/span><\/p>\n<p><span style=\"font-family: Montserrat, serif\"><span style=\"font-size: medium\"><span lang=\"es-419\">I. Satisfacer la necesidad de un Transporte Colectivo en las Zonas Metropolitanas o Conurbadas del Estado de Oaxaca, con los est\u00e1ndares m\u00e1s altos en calidad, eficiencia, seguridad, sustentabilidad y las medidas de salubridad respectivas para proteger la salud;<\/span><\/span><\/span><\/p>\n<p><span style=\"font-family: Montserrat, serif\"><span style=\"font-size: medium\"><span lang=\"es-419\">II. Coordinar la planeaci\u00f3n, programaci\u00f3n, organizaci\u00f3n y ejecuci\u00f3n del Sistema;<\/span><\/span><\/span><\/p>\n<p><span style=\"font-family: Montserrat, serif\"><span style=\"font-size: medium\"><span lang=\"es-419\">III. Vigilar y controlar la operaci\u00f3n del Sistema;<\/span><\/span><\/span><\/p>\n<p><span style=\"font-family: Montserrat, serif\"><span style=\"font-size: medium\"><span lang=\"es-419\">IV. Elaborar estudios de factibilidad y proyectos ejecutivos para la mejora del Sistema, garantizando una movilidad segura y eficiente;<\/span><\/span><\/span><\/p>\n<p><span style=\"font-family: Montserrat, serif\"><span style=\"font-size: medium\"><span lang=\"es-419\">V. Establecer de acuerdo a su competencia las normas, pol\u00edticas, criterios y procedimientos de car\u00e1cter t\u00e9cnico que deban regir la operaci\u00f3n del Sistema y del Sistema de Control de Flota y de Recaudo;<\/span><\/span><\/span><\/p>\n<p><span style=\"font-family: Montserrat, serif\"><span style=\"font-size: medium\"><span lang=\"es-419\">VI. Dise\u00f1ar, planear y ejecutar la infraestructura especializada y el equipamiento necesario para el mejoramiento del Sistema, as\u00ed como, las adecuaciones que resulten para su \u00f3ptimo funcionamiento;<\/span><\/span><\/span><\/p>\n<p><span style=\"font-family: Montserrat, serif\"><span style=\"font-size: medium\"><span lang=\"es-419\">VII. Celebrar Contratos y Convenios necesarios para el cumplimiento de su objeto con autoridades federales, estatales y municipales, as\u00ed como, con terceros o entidades financieras;<\/span><\/span><\/span><\/p>\n<p>VIII. Establecer acuerdos con instancias de Gobierno Federal, Estatal, Municipal y\/o particulares que requieran del servicio, equipo e infraestructura del sistema; y<\/p>\n<p>X. Implementar un modelo de negocios que permita al Sistema otorgar el uso, goce y aprovechamiento de sus veh\u00edculos de transporte p\u00fablico, espacios para publicidad, cajeros dispensadores, tecnolog\u00eda y equipo disponible.<\/p>\n","protected":false},"excerpt":{"rendered":"<p>DECRETO. POR EL QUE CREA EL ENTE GESTOR ENCARGADO DE LA PLANEACI\u00d3N, ADMINISTRACI\u00d3N, SUPERVISI\u00d3N, OPERACI\u00d3N Y CONTROL DENOMINADO \u00abSISTEMA DE TRANSPORTE COLECTIVO METROPOLITANO CITYBUS OAXACA\u00bb ART\u00cdCULO 4.-El Sistema, tiene por objeto: I. Satisfacer la necesidad de un Transporte Colectivo en las Zonas Metropolitanas o Conurbadas del Estado de Oaxaca, con los est\u00e1ndares m\u00e1s altos en [&hellip;]<\/p>\n","protected":false},"author":1,"featured_media":0,"parent":0,"menu_order":0,"comment_status":"closed","ping_status":"closed","template":"","meta":{"episode_type":"","audio_file":"","podmotor_file_id":"","podmotor_episode_id":"","cover_image":"","cover_image_id":"","duration":"","filesize":"","filesize_raw":"","date_recorded":"","explicit":"","block":"","itunes_episode_number":"","itunes_title":"","itunes_season_number":"","itunes_episode_type":"","footnotes":""},"categories":[],"tags":[],"class_list":["post-15","page","type-page","status-publish","hentry"],"acf":[],"publishpress_future_action":{"enabled":false,"date":"2026-05-16 01:33:38","action":"change-status","newStatus":"draft","terms":[],"taxonomy":"category","extraData":[]},"publishpress_future_workflow_manual_trigger":{"enabledWorkflows":[]},"_links":{"self":[{"href":"https:\/\/www.oaxaca.gob.mx\/citybus\/wp-json\/wp\/v2\/pages\/15","targetHints":{"allow":["GET"]}}],"collection":[{"href":"https:\/\/www.oaxaca.gob.mx\/citybus\/wp-json\/wp\/v2\/pages"}],"about":[{"href":"https:\/\/www.oaxaca.gob.mx\/citybus\/wp-json\/wp\/v2\/types\/page"}],"author":[{"embeddable":true,"href":"https:\/\/www.oaxaca.gob.mx\/citybus\/wp-json\/wp\/v2\/users\/1"}],"replies":[{"embeddable":true,"href":"https:\/\/www.oaxaca.gob.mx\/citybus\/wp-json\/wp\/v2\/comments?post=15"}],"version-history":[{"count":2,"href":"https:\/\/www.oaxaca.gob.mx\/citybus\/wp-json\/wp\/v2\/pages\/15\/revisions"}],"predecessor-version":[{"id":224,"href":"https:\/\/www.oaxaca.gob.mx\/citybus\/wp-json\/wp\/v2\/pages\/15\/revisions\/224"}],"wp:attachment":[{"href":"https:\/\/www.oaxaca.gob.mx\/citybus\/wp-json\/wp\/v2\/media?parent=15"}],"wp:term":[{"taxonomy":"category","embeddable":true,"href":"https:\/\/www.oaxaca.gob.mx\/citybus\/wp-json\/wp\/v2\/categories?post=15"},{"taxonomy":"post_tag","embeddable":true,"href":"https:\/\/www.oaxaca.gob.mx\/citybus\/wp-json\/wp\/v2\/tags?post=15"}],"curies":[{"name":"wp","href":"https:\/\/api.w.org\/{rel}","templated":true}]}}