{"id":13,"date":"2019-05-02T21:59:02","date_gmt":"2019-05-02T19:59:02","guid":{"rendered":"https:\/\/www.oaxaca.gob.mx\/cendissp\/?page_id=13"},"modified":"2019-05-02T21:59:02","modified_gmt":"2019-05-02T19:59:02","slug":"mision-vision-y-objetivos","status":"publish","type":"page","link":"https:\/\/www.oaxaca.gob.mx\/cendissp\/mision-vision-y-objetivos\/","title":{"rendered":"Misi\u00f3n, Visi\u00f3n y Objetivos"},"content":{"rendered":"<h3>Misi\u00f3n<\/h3>\n<p align=\"justify\">Brindar servicios de calidad en educaci\u00f3n inicial y preescolar, a los hijos e hijas de los trabajadores de la Secretar\u00eda de Seguridad P\u00fablica, a trav\u00e9s de pr\u00e1cticas educativas innovadoras que propicien el desarrollo pleno de las potencialidades biopsicosociales de los ni\u00f1os y las ni\u00f1as, necesarias para la construcci\u00f3n de una mejor sociedad.<\/p>\n<h3>Visi\u00f3n<\/h3>\n<p align=\"justify\">Ser una instituci\u00f3n de educaci\u00f3n inicial y preescolar reconocida por la formaci\u00f3n de ni\u00f1os y ni\u00f1as libres, reflexivas, anal\u00edticas y capaces de contribuir en el desarrollo de nuestra sociedad.<\/p>\n<h3>Objetivo<\/h3>\n<p>Brindar educaci\u00f3n integral a los hijos de los Servidores P\u00fablicos de la Secretar\u00eda de Seguridad P\u00fablica, a trav\u00e9s de los diversos servicios que garanticen un desarrollo integral, aprendizaje y formaci\u00f3n de valores.\t\t<\/p>\n","protected":false},"excerpt":{"rendered":"<p>Misi\u00f3n Brindar servicios de calidad en educaci\u00f3n inicial y preescolar, a los hijos e hijas de los trabajadores de la Secretar\u00eda de Seguridad P\u00fablica, a trav\u00e9s de pr\u00e1cticas educativas innovadoras que propicien el desarrollo pleno de las potencialidades biopsicosociales de los ni\u00f1os y las ni\u00f1as, necesarias para la construcci\u00f3n de una mejor sociedad. Visi\u00f3n Ser [&hellip;]<\/p>\n","protected":false},"author":1,"featured_media":0,"parent":0,"menu_order":0,"comment_status":"closed","ping_status":"closed","template":"","meta":{"episode_type":"","audio_file":"","podmotor_file_id":"","podmotor_episode_id":"","cover_image":"","cover_image_id":"","duration":"","filesize":"","filesize_raw":"","date_recorded":"","explicit":"","block":"","itunes_episode_number":"","itunes_title":"","itunes_season_number":"","itunes_episode_type":"","footnotes":""},"categories":[],"tags":[],"class_list":["post-13","page","type-page","status-publish","hentry"],"acf":[],"publishpress_future_action":{"enabled":false,"date":"2026-04-28 14:51:44","action":"change-status","newStatus":"draft","terms":[],"taxonomy":"category","extraData":[]},"publishpress_future_workflow_manual_trigger":{"enabledWorkflows":[]},"_links":{"self":[{"href":"https:\/\/www.oaxaca.gob.mx\/cendissp\/wp-json\/wp\/v2\/pages\/13","targetHints":{"allow":["GET"]}}],"collection":[{"href":"https:\/\/www.oaxaca.gob.mx\/cendissp\/wp-json\/wp\/v2\/pages"}],"about":[{"href":"https:\/\/www.oaxaca.gob.mx\/cendissp\/wp-json\/wp\/v2\/types\/page"}],"author":[{"embeddable":true,"href":"https:\/\/www.oaxaca.gob.mx\/cendissp\/wp-json\/wp\/v2\/users\/1"}],"replies":[{"embeddable":true,"href":"https:\/\/www.oaxaca.gob.mx\/cendissp\/wp-json\/wp\/v2\/comments?post=13"}],"version-history":[{"count":0,"href":"https:\/\/www.oaxaca.gob.mx\/cendissp\/wp-json\/wp\/v2\/pages\/13\/revisions"}],"wp:attachment":[{"href":"https:\/\/www.oaxaca.gob.mx\/cendissp\/wp-json\/wp\/v2\/media?parent=13"}],"wp:term":[{"taxonomy":"category","embeddable":true,"href":"https:\/\/www.oaxaca.gob.mx\/cendissp\/wp-json\/wp\/v2\/categories?post=13"},{"taxonomy":"post_tag","embeddable":true,"href":"https:\/\/www.oaxaca.gob.mx\/cendissp\/wp-json\/wp\/v2\/tags?post=13"}],"curies":[{"name":"wp","href":"https:\/\/api.w.org\/{rel}","templated":true}]}}